[INFO] fetching crate basiliq 0.1.2...
[INFO] checking basiliq-0.1.2 against master#9610dfe5a9a731ced1ea4923ecbd0c57fe367898 for beta-170-4
[INFO] extracting crate basiliq 0.1.2 into /workspace/builds/worker-7-tc1/source
[INFO] validating manifest of crates.io crate basiliq 0.1.2 on toolchain 9610dfe5a9a731ced1ea4923ecbd0c57fe367898
[INFO] running `Command { std: CARGO_HOME="/workspace/cargo-home" RUSTUP_HOME="/workspace/rustup-home" "/workspace/cargo-home/bin/cargo" "+9610dfe5a9a731ced1ea4923ecbd0c57fe367898" "metadata" "--manifest-path" "Cargo.toml" "--no-deps", kill_on_drop: false }`
[INFO] started tweaking crates.io crate basiliq 0.1.2
[INFO] finished tweaking crates.io crate basiliq 0.1.2
[INFO] tweaked toml for crates.io crate basiliq 0.1.2 written to /workspace/builds/worker-7-tc1/source/Cargo.toml
[INFO] crate crates.io crate basiliq 0.1.2 already has a lockfile, it will not be regenerated
[INFO] running `Command { std: CARGO_HOME="/workspace/cargo-home" RUSTUP_HOME="/workspace/rustup-home" "/workspace/cargo-home/bin/cargo" "+9610dfe5a9a731ced1ea4923ecbd0c57fe367898" "fetch" "--manifest-path" "Cargo.toml", kill_on_drop: false }`
[INFO] [stderr]     Updating crates.io index
[INFO] [stderr]  Downloading crates ...
[INFO] [stderr]   Downloaded build_const v0.2.2
[INFO] [stderr]   Downloaded dirs-sys v0.3.6
[INFO] [stderr]   Downloaded subtle v2.4.0
[INFO] [stderr]   Downloaded crc v1.8.1
[INFO] [stderr]   Downloaded dirs v3.0.2
[INFO] [stderr]   Downloaded h2 v0.3.3
[INFO] [stderr]   Downloaded instant v0.1.9
[INFO] [stderr]   Downloaded parking_lot v0.11.1
[INFO] [stderr]   Downloaded ipnet v2.3.0
[INFO] [stderr]   Downloaded cc v1.0.67
[INFO] [stderr]   Downloaded funty v1.1.0
[INFO] [stderr]   Downloaded futures-core v0.3.15
[INFO] [stderr]   Downloaded serde v1.0.126
[INFO] [stderr]   Downloaded dotenv v0.15.0
[INFO] [stderr]   Downloaded enum-as-inner v0.3.3
[INFO] [stderr]   Downloaded thiserror v1.0.24
[INFO] [stderr]   Downloaded smallvec v1.6.1
[INFO] [stderr]   Downloaded hashbrown v0.9.1
[INFO] [stderr]   Downloaded futures v0.3.15
[INFO] [stderr]   Downloaded radium v0.5.3
[INFO] [stderr]   Downloaded paste v1.0.5
[INFO] [stderr]   Downloaded pest_meta v2.1.3
[INFO] [stderr]   Downloaded similar v1.3.0
[INFO] [stderr]   Downloaded yaml-rust v0.4.5
[INFO] [stderr]   Downloaded tracing-subscriber v0.2.18
[INFO] [stderr]   Downloaded term_size v0.3.2
[INFO] [stderr]   Downloaded byte-tools v0.3.1
[INFO] [stderr]   Downloaded nom v6.1.2
[INFO] [stderr]   Downloaded bitvec v0.19.5
[INFO] [stderr]   Downloaded generic-array v0.12.4
[INFO] [stderr]   Downloaded block-buffer v0.7.3
[INFO] [stderr]   Downloaded arcstr v1.0.0
[INFO] [stderr]   Downloaded webpki-roots v0.21.1
[INFO] [stderr]   Downloaded sqlx-core v0.5.2
[INFO] [stderr]   Downloaded yaml-rust v0.3.5
[INFO] [stderr]   Downloaded numtoa v0.2.3
[INFO] [stderr]   Downloaded web-sys v0.3.51
[INFO] [stderr]   Downloaded bimap v0.6.1
[INFO] [stderr]   Downloaded casey v0.3.3
[INFO] [stderr]   Downloaded socket2 v0.4.0
[INFO] [stderr]   Downloaded sharded-slab v0.1.1
[INFO] [stderr]   Downloaded ciboulette v0.1.4
[INFO] [stderr]   Downloaded slice-deque v0.2.4
[INFO] [stderr]   Downloaded ciboulette2pg v0.1.3
[INFO] [stderr]   Downloaded petgraph v0.5.1
[INFO] [stderr]   Downloaded hyper v0.14.7
[INFO] [stderr]   Downloaded insta v1.7.1
[INFO] [stderr]   Downloaded itertools v0.10.0
[INFO] [stderr]   Downloaded num-bigint v0.3.2
[INFO] [stderr]   Downloaded sqlx v0.5.2
[INFO] [stderr]   Downloaded messy_json v0.2.2
[INFO] [stderr]   Downloaded pin-project v1.0.7
[INFO] [stderr]   Downloaded encode_unicode v0.3.6
[INFO] [stderr]   Downloaded tokio-stream v0.1.5
[INFO] [stderr]   Downloaded tokio-util v0.6.6
[INFO] [stderr]   Downloaded mach v0.2.3
[INFO] [stderr]   Downloaded buf_redux v0.8.4
[INFO] [stderr]   Downloaded getset v0.1.1
[INFO] [stderr]   Downloaded httparse v1.4.1
[INFO] [stderr]   Downloaded try-lock v0.2.3
[INFO] [stderr]   Downloaded console v0.14.1
[INFO] [stderr]   Downloaded serde_yaml v0.8.17
[INFO] [stderr]   Downloaded ahash v0.7.2
[INFO] [stderr]   Downloaded hashlink v0.6.0
[INFO] [stderr]   Downloaded md-5 v0.9.1
[INFO] [stderr]   Downloaded pin-project-lite v0.2.6
[INFO] [stderr]   Downloaded fixedbitset v0.2.0
[INFO] [stderr]   Downloaded http-body v0.4.2
[INFO] [stderr]   Downloaded pin-project-internal v1.0.7
[INFO] [stderr]   Downloaded terminal_size v0.1.16
[INFO] [stderr]   Downloaded block-padding v0.1.5
[INFO] [stderr]   Downloaded sha-1 v0.8.2
[INFO] [stderr]   Downloaded bigdecimal v0.2.0
[INFO] [stderr]   Downloaded hmac v0.10.1
[INFO] [stderr]   Downloaded cpufeatures v0.1.1
[INFO] [stderr]   Downloaded sha2 v0.9.5
[INFO] [stderr]   Downloaded trust-dns-https v0.20.2
[INFO] [stderr]   Downloaded httpdate v1.0.0
[INFO] [stderr]   Downloaded tower-service v0.3.1
[INFO] [stderr]   Downloaded digest v0.8.1
[INFO] [stderr]   Downloaded fake-simd v0.1.2
[INFO] [stderr]   Downloaded opaque-debug v0.2.3
[INFO] [stderr]   Downloaded pest_generator v2.1.3
[INFO] [stderr]   Downloaded pest_derive v2.1.0
[INFO] [stderr]   Downloaded serde_urlencoded v0.7.0
[INFO] [stderr]   Downloaded crypto-mac v0.10.0
[INFO] [stderr]   Downloaded sqlx-rt v0.5.2
[INFO] [stderr]   Downloaded tokio v1.5.0
[INFO] [stderr]   Downloaded wyz v0.2.0
[INFO] [stderr]   Downloaded bumpalo v3.6.1
[INFO] [stderr]   Downloaded tracing v0.1.26
[INFO] [stderr]   Downloaded mio v0.7.11
[INFO] [stderr]   Downloaded regex-automata v0.1.9
[INFO] [stderr]   Downloaded http v0.2.4
[INFO] [stderr]   Downloaded ntapi v0.3.6
[INFO] [stderr]   Downloaded tinyvec v1.2.0
[INFO] [stderr]   Downloaded sha-1 v0.9.6
[INFO] [stderr]   Downloaded serde_json v1.0.64
[INFO] [stderr]   Downloaded unicode-segmentation v1.7.1
[INFO] [stderr]   Downloaded indexmap v1.6.2
[INFO] [stderr]   Downloaded js-sys v0.3.51
[INFO] [stderr]   Downloaded unicode_categories v0.1.1
[INFO] [stderr]   Downloaded heck v0.3.2
[INFO] [stderr]   Downloaded bytes v1.0.1
[INFO] [stderr]   Downloaded memchr v2.4.0
[INFO] [stderr]   Downloaded unicode-bidi v0.3.5
[INFO] [stderr]   Downloaded serde_derive v1.0.126
[INFO] [stderr]   Downloaded typenum v1.13.0
[INFO] [stderr]   Downloaded tracing-core v0.1.18
[INFO] [stderr]   Downloaded async-trait v0.1.50
[INFO] [stderr]   Downloaded data-encoding v2.3.2
[INFO] [stderr]   Downloaded futures-channel v0.3.15
[INFO] [stderr]   Downloaded parking_lot_core v0.8.3
[INFO] [stderr]   Downloaded futures-executor v0.3.15
[INFO] [stderr]   Downloaded crossbeam-queue v0.3.1
[INFO] [stderr]   Downloaded crossbeam-utils v0.8.4
[INFO] [stderr]   Downloaded sqlformat v0.1.6
[INFO] [stderr]   Downloaded sqlx-macros v0.5.2
[INFO] [stderr]   Downloaded tracing-log v0.1.2
[INFO] [stderr]   Downloaded winreg v0.6.2
[INFO] [stderr]   Downloaded match_cfg v0.1.0
[INFO] [stderr]   Downloaded resolv-conf v0.7.0
[INFO] [stderr]   Downloaded trust-dns-resolver v0.20.2
[INFO] [stderr]   Downloaded itoa v0.4.7
[INFO] [stderr]   Downloaded futures-io v0.3.15
[INFO] [stderr]   Downloaded socket2 v0.3.19
[INFO] [stderr]   Downloaded atoi v0.4.0
[INFO] [stderr]   Downloaded matchers v0.0.1
[INFO] [stderr]   Downloaded ipconfig v0.2.2
[INFO] [stderr]   Downloaded linked-hash-map v0.5.4
[INFO] [stderr]   Downloaded hostname v0.3.1
[INFO] [stderr]   Downloaded futures-sink v0.3.15
[INFO] [stderr]   Downloaded lock_api v0.4.4
[INFO] [stderr]   Downloaded redox_syscall v0.2.8
[INFO] [stderr]   Downloaded tokio-macros v1.1.0
[INFO] [stderr]   Downloaded trust-dns-rustls v0.20.2
[INFO] [stderr]   Downloaded once_cell v1.7.2
[INFO] [stderr]   Downloaded whoami v1.1.2
[INFO] [stderr]   Downloaded tracing-serde v0.1.2
[INFO] [stderr]   Downloaded lru-cache v0.1.2
[INFO] [stderr]   Downloaded tracing-attributes v0.1.15
[INFO] [stderr]   Downloaded futures-macro v0.3.15
[INFO] [stderr]   Downloaded futures-task v0.3.15
[INFO] [stderr]   Downloaded proc-macro2 v1.0.26
[INFO] [stderr]   Downloaded stringprep v0.1.2
[INFO] [stderr]   Downloaded ahash v0.4.7
[INFO] [stderr]   Downloaded wasm-bindgen-shared v0.2.74
[INFO] [stderr]   Downloaded wasm-bindgen-macro v0.2.74
[INFO] [stderr]   Downloaded wasm-bindgen v0.2.74
[INFO] [stderr]   Downloaded trust-dns-proto v0.20.2
[INFO] [stderr]   Downloaded libc v0.2.94
[INFO] [stderr]   Downloaded slab v0.4.3
[INFO] [stderr]   Downloaded futures-util v0.3.15
[INFO] [stderr]   Downloaded wasm-bindgen-backend v0.2.74
[INFO] [stderr]   Downloaded wasm-bindgen-macro-support v0.2.74
[INFO] [stderr]   Downloaded syn v1.0.72
[INFO] [stderr]   Downloaded thiserror-impl v1.0.24
[INFO] [stderr]   Downloaded miow v0.3.7
[INFO] [stderr]   Downloaded signal-hook-registry v1.3.0
[INFO] running `Command { std: "docker" "create" "-v" "/var/lib/crater-agent-workspace/builds/worker-7-tc1/target:/opt/rustwide/target:rw,Z" "-v" "/var/lib/crater-agent-workspace/builds/worker-7-tc1/source:/opt/rustwide/workdir:ro,Z" "-v" "/var/lib/crater-agent-workspace/cargo-home:/opt/rustwide/cargo-home:ro,Z" "-v" "/var/lib/crater-agent-workspace/rustup-home:/opt/rustwide/rustup-home:ro,Z" "-e" "SOURCE_DIR=/opt/rustwide/workdir" "-e" "CARGO_TARGET_DIR=/opt/rustwide/target" "-e" "CARGO_HOME=/opt/rustwide/cargo-home" "-e" "RUSTUP_HOME=/opt/rustwide/rustup-home" "-w" "/opt/rustwide/workdir" "-m" "1610612736" "--user" "0:0" "--network" "none" "ghcr.io/rust-lang/crates-build-env/linux@sha256:19e73879b68f455e41552ea35293514db52ea292d993f571636dbffedb77a1ee" "/opt/rustwide/cargo-home/bin/cargo" "+9610dfe5a9a731ced1ea4923ecbd0c57fe367898" "metadata" "--no-deps" "--format-version=1", kill_on_drop: false }`
[INFO] [stdout] 78088d5d5b80351ce15c65c29e5f1af037d06940b0986b93d47f9f52ff921a40
[INFO] running `Command { std: "docker" "start" "-a" "78088d5d5b80351ce15c65c29e5f1af037d06940b0986b93d47f9f52ff921a40", kill_on_drop: false }`
[INFO] running `Command { std: "docker" "inspect" "78088d5d5b80351ce15c65c29e5f1af037d06940b0986b93d47f9f52ff921a40", kill_on_drop: false }`
[INFO] running `Command { std: "docker" "rm" "-f" "78088d5d5b80351ce15c65c29e5f1af037d06940b0986b93d47f9f52ff921a40", kill_on_drop: false }`
[INFO] [stdout] 78088d5d5b80351ce15c65c29e5f1af037d06940b0986b93d47f9f52ff921a40
[INFO] running `Command { std: "docker" "create" "-v" "/var/lib/crater-agent-workspace/builds/worker-7-tc1/target:/opt/rustwide/target:rw,Z" "-v" "/var/lib/crater-agent-workspace/builds/worker-7-tc1/source:/opt/rustwide/workdir:ro,Z" "-v" "/var/lib/crater-agent-workspace/cargo-home:/opt/rustwide/cargo-home:ro,Z" "-v" "/var/lib/crater-agent-workspace/rustup-home:/opt/rustwide/rustup-home:ro,Z" "-e" "SOURCE_DIR=/opt/rustwide/workdir" "-e" "CARGO_TARGET_DIR=/opt/rustwide/target" "-e" "CARGO_INCREMENTAL=0" "-e" "RUST_BACKTRACE=full" "-e" "RUSTFLAGS=--cap-lints=forbid" "-e" "RUSTDOCFLAGS=--cap-lints=forbid" "-e" "CARGO_HOME=/opt/rustwide/cargo-home" "-e" "RUSTUP_HOME=/opt/rustwide/rustup-home" "-w" "/opt/rustwide/workdir" "-m" "1610612736" "--user" "0:0" "--network" "none" "ghcr.io/rust-lang/crates-build-env/linux@sha256:19e73879b68f455e41552ea35293514db52ea292d993f571636dbffedb77a1ee" "/opt/rustwide/cargo-home/bin/cargo" "+9610dfe5a9a731ced1ea4923ecbd0c57fe367898" "check" "--frozen" "--all" "--all-targets" "--message-format=json", kill_on_drop: false }`
[INFO] [stdout] 76800c9db4cb33ab8e4f4138eedcab582b60936464548b2054c2b3c36d009549
[INFO] running `Command { std: "docker" "start" "-a" "76800c9db4cb33ab8e4f4138eedcab582b60936464548b2054c2b3c36d009549", kill_on_drop: false }`
[INFO] [stderr]    Compiling libc v0.2.94
[INFO] [stderr]    Compiling proc-macro2 v1.0.26
[INFO] [stderr]    Compiling unicode-xid v0.2.2
[INFO] [stderr]    Compiling syn v1.0.72
[INFO] [stderr]    Compiling memchr v2.4.0
[INFO] [stderr]    Compiling version_check v0.9.3
[INFO] [stderr]    Compiling log v0.4.14
[INFO] [stderr]    Compiling cfg-if v1.0.0
[INFO] [stderr]    Compiling serde_derive v1.0.126
[INFO] [stderr]    Compiling serde v1.0.126
[INFO] [stderr]    Compiling futures-core v0.3.15
[INFO] [stderr]    Compiling cc v1.0.67
[INFO] [stderr]    Compiling typenum v1.13.0
[INFO] [stderr]     Checking once_cell v1.7.2
[INFO] [stderr]    Compiling tokio v1.5.0
[INFO] [stderr]    Compiling ryu v1.0.5
[INFO] [stderr]    Compiling proc-macro-nested v0.1.7
[INFO] [stderr]    Compiling futures-channel v0.3.15
[INFO] [stderr]    Compiling proc-macro-hack v0.5.19
[INFO] [stderr]     Checking pin-project-lite v0.2.6
[INFO] [stderr]    Compiling futures-task v0.3.15
[INFO] [stderr]    Compiling futures-macro v0.3.15
[INFO] [stderr]    Compiling num-traits v0.2.14
[INFO] [stderr]    Compiling indexmap v1.6.2
[INFO] [stderr]    Compiling futures-util v0.3.15
[INFO] [stderr]    Compiling generic-array v0.14.4
[INFO] [stderr]     Checking smallvec v1.6.1
[INFO] [stderr]     Checking instant v0.1.9
[INFO] [stderr]     Checking bytes v1.0.1
[INFO] [stderr]     Checking lock_api v0.4.4
[INFO] [stderr]    Compiling num-integer v0.1.44
[INFO] [stderr]     Checking ahash v0.4.7
[INFO] [stderr]     Checking itoa v0.4.7
[INFO] [stderr]     Checking futures-sink v0.3.15
[INFO] [stderr]    Compiling radium v0.5.3
[INFO] [stderr]     Checking untrusted v0.7.1
[INFO] [stderr]     Checking spin v0.5.2
[INFO] [stderr]     Checking hashbrown v0.9.1
[INFO] [stderr]    Compiling crossbeam-utils v0.8.4
[INFO] [stderr]    Compiling lexical-core v0.7.6
[INFO] [stderr]     Checking pin-utils v0.1.0
[INFO] [stderr]     Checking futures-io v0.3.15
[INFO] [stderr]     Checking slab v0.4.3
[INFO] [stderr]    Compiling quote v1.0.9
[INFO] [stderr]     Checking tinyvec v1.2.0
[INFO] [stderr]    Compiling serde_json v1.0.64
[INFO] [stderr]     Checking parking_lot_core v0.8.3
[INFO] [stderr]     Checking getrandom v0.2.2
[INFO] [stderr]     Checking signal-hook-registry v1.3.0
[INFO] [stderr]     Checking mio v0.7.11
[INFO] [stderr]     Checking num_cpus v1.13.0
[INFO] [stderr]     Checking unicode-bidi v0.3.5
[INFO] [stderr]     Checking parking_lot v0.11.1
[INFO] [stderr]    Compiling nom v6.1.2
[INFO] [stderr]    Compiling num-bigint v0.3.2
[INFO] [stderr]    Compiling scopeguard v1.1.0
[INFO] [stderr]     Checking regex-syntax v0.6.25
[INFO] [stderr]    Compiling ring v0.16.20
[INFO] [stderr]     Checking form_urlencoded v1.0.1
[INFO] [stderr]     Checking rand_core v0.6.2
[INFO] [stderr]     Checking base64 v0.13.0
[INFO] [stderr]    Compiling tinyvec_macros v0.1.0
[INFO] [stderr]    Compiling maplit v1.0.2
[INFO] [stderr]    Compiling unicode-segmentation v1.7.1
[INFO] [stderr]    Compiling build_const v0.2.2
[INFO] [stderr]    Compiling matches v0.1.8
[INFO] [stderr]     Checking rand_chacha v0.3.0
[INFO] [stderr]    Compiling crc v1.8.1
[INFO] [stderr]     Checking unicode-normalization v0.1.17
[INFO] [stderr]     Checking aho-corasick v0.7.18
[INFO] [stderr]    Compiling digest v0.9.0
[INFO] [stderr]    Compiling heck v0.3.2
[INFO] [stderr]    Compiling ahash v0.7.2
[INFO] [stderr]    Compiling lazy_static v1.4.0
[INFO] [stderr]    Compiling whoami v1.1.2
[INFO] [stderr]    Compiling block-buffer v0.9.0
[INFO] [stderr]     Checking rand v0.8.3
[INFO] [stderr]    Compiling bitflags v1.2.1
[INFO] [stderr]     Checking tracing-core v0.1.18
[INFO] [stderr]    Compiling tap v1.0.1
[INFO] [stderr]    Compiling static_assertions v1.1.0
[INFO] [stderr]    Compiling funty v1.1.0
[INFO] [stderr]    Compiling arrayvec v0.5.2
[INFO] [stderr]     Checking idna v0.2.3
[INFO] [stderr]    Compiling wyz v0.2.0
[INFO] [stderr]    Compiling opaque-debug v0.3.0
[INFO] [stderr]     Checking byteorder v1.4.3
[INFO] [stderr]    Compiling cpufeatures v0.1.1
[INFO] [stderr]    Compiling ppv-lite86 v0.2.10
[INFO] [stderr]    Compiling subtle v2.4.0
[INFO] [stderr]    Compiling percent-encoding v2.1.0
[INFO] [stderr]     Checking url v2.2.2
[INFO] [stderr]    Compiling bitvec v0.19.5
[INFO] [stderr]    Compiling crypto-mac v0.10.0
[INFO] [stderr]     Checking regex v1.5.4
[INFO] [stderr]    Compiling dirs-sys v0.3.6
[INFO] [stderr]    Compiling proc-macro-error-attr v1.0.4
[INFO] [stderr]    Compiling unicode_categories v0.1.1
[INFO] [stderr]     Checking either v1.6.1
[INFO] [stderr]     Checking quick-error v1.2.3
[INFO] [stderr]     Checking fnv v1.0.7
[INFO] [stderr]    Compiling async-trait v0.1.50
[INFO] [stderr]     Checking http v0.2.4
[INFO] [stderr]    Compiling dirs v3.0.2
[INFO] [stderr]    Compiling stringprep v0.1.2
[INFO] [stderr]    Compiling hmac v0.10.1
[INFO] [stderr]    Compiling crossbeam-channel v0.5.1
[INFO] [stderr]    Compiling crossbeam-queue v0.3.1
[INFO] [stderr]    Compiling sha-1 v0.9.6
[INFO] [stderr]    Compiling sha2 v0.9.5
[INFO] [stderr]    Compiling hashlink v0.6.0
[INFO] [stderr]    Compiling md-5 v0.9.1
[INFO] [stderr]    Compiling chrono v0.4.19
[INFO] [stderr]    Compiling bigdecimal v0.2.0
[INFO] [stderr]    Compiling atoi v0.4.0
[INFO] [stderr]    Compiling proc-macro-error v1.0.4
[INFO] [stderr]    Compiling hex v0.4.3
[INFO] [stderr]     Checking linked-hash-map v0.5.4
[INFO] [stderr]     Checking webpki v0.21.4
[INFO] [stderr]     Checking sct v0.6.1
[INFO] [stderr]     Checking rustls v0.19.1
[INFO] [stderr]     Checking webpki-roots v0.21.1
[INFO] [stderr]     Checking atty v0.2.14
[INFO] [stderr]     Checking socket2 v0.3.19
[INFO] [stderr]     Checking ipnet v2.3.0
[INFO] [stderr]     Checking data-encoding v2.3.2
[INFO] [stderr]    Compiling ucd-trie v0.1.3
[INFO] [stderr]    Compiling dotenv v0.15.0
[INFO] [stderr]     Checking itertools v0.10.0
[INFO] [stderr]     Checking humantime v1.3.0
[INFO] [stderr]    Compiling pest v2.1.3
[INFO] [stderr]     Checking fixedbitset v0.2.0
[INFO] [stderr]     Checking termcolor v1.1.2
[INFO] [stderr]     Checking match_cfg v0.1.0
[INFO] [stderr]    Compiling httparse v1.4.1
[INFO] [stderr]     Checking hostname v0.3.1
[INFO] [stderr]     Checking yaml-rust v0.4.5
[INFO] [stderr]     Checking regex-automata v0.1.9
[INFO] [stderr]     Checking slice-deque v0.2.4
[INFO] [stderr]     Checking env_logger v0.7.1
[INFO] [stderr]     Checking dtoa v0.4.8
[INFO] [stderr]     Checking try-lock v0.2.3
[INFO] [stderr]     Checking safemem v0.3.3
[INFO] [stderr]     Checking want v0.3.0
[INFO] [stderr]     Checking resolv-conf v0.7.0
[INFO] [stderr]     Checking http-body v0.4.2
[INFO] [stderr]     Checking lru-cache v0.1.2
[INFO] [stderr]     Checking terminal_size v0.1.16
[INFO] [stderr]     Checking tracing-log v0.1.2
[INFO] [stderr]     Checking socket2 v0.4.0
[INFO] [stderr]     Checking thread_local v1.1.3
[INFO] [stderr]     Checking sharded-slab v0.1.1
[INFO] [stderr]     Checking buf_redux v0.8.4
[INFO] [stderr]     Checking httpdate v1.0.0
[INFO] [stderr]     Checking tower-service v0.3.1
[INFO] [stderr]     Checking yaml-rust v0.3.5
[INFO] [stderr]     Checking numtoa v0.2.3
[INFO] [stderr]     Checking console v0.14.1
[INFO] [stderr]     Checking bimap v0.6.1
[INFO] [stderr]     Checking similar v1.3.0
[INFO] [stderr]    Compiling paste v1.0.5
[INFO] [stderr]    Compiling pest_meta v2.1.3
[INFO] [stderr]     Checking matchers v0.0.1
[INFO] [stderr]     Checking clap v2.33.3
[INFO] [stderr]     Checking sqlformat v0.1.6
[INFO] [stderr]    Compiling pest_generator v2.1.3
[INFO] [stderr]    Compiling tokio-macros v1.1.0
[INFO] [stderr]    Compiling thiserror-impl v1.0.24
[INFO] [stderr]    Compiling tracing-attributes v0.1.15
[INFO] [stderr]    Compiling enum-as-inner v0.3.3
[INFO] [stderr]    Compiling pin-project-internal v1.0.7
[INFO] [stderr]    Compiling getset v0.1.1
[INFO] [stderr]    Compiling casey v0.3.3
[INFO] [stderr]    Compiling pest_derive v2.1.0
[INFO] [stderr]     Checking thiserror v1.0.24
[INFO] [stderr]     Checking tracing v0.1.26
[INFO] [stderr]     Checking pin-project v1.0.7
[INFO] [stderr]     Checking futures-executor v0.3.15
[INFO] [stderr]     Checking futures v0.3.15
[INFO] [stderr]     Checking tokio-rustls v0.22.0
[INFO] [stderr]     Checking tokio-stream v0.1.5
[INFO] [stderr]     Checking tokio-util v0.6.6
[INFO] [stderr]     Checking trust-dns-proto v0.20.2
[INFO] [stderr]     Checking sqlx-rt v0.5.2
[INFO] [stderr]     Checking trust-dns-rustls v0.20.2
[INFO] [stderr]     Checking uuid v0.8.2
[INFO] [stderr]     Checking arcstr v1.0.0
[INFO] [stderr]     Checking serde_urlencoded v0.7.0
[INFO] [stderr]     Checking serde_yaml v0.8.17
[INFO] [stderr]     Checking tracing-serde v0.1.2
[INFO] [stderr]     Checking h2 v0.3.3
[INFO] [stderr]     Checking petgraph v0.5.1
[INFO] [stderr]     Checking sqlx-core v0.5.2
[INFO] [stderr]     Checking messy_json v0.2.2
[INFO] [stderr]     Checking tracing-subscriber v0.2.18
[INFO] [stderr]     Checking insta v1.7.1
[INFO] [stderr]     Checking trust-dns-https v0.20.2
[INFO] [stderr]     Checking hyper v0.14.7
[INFO] [stderr]     Checking trust-dns-resolver v0.20.2
[INFO] [stderr]    Compiling sqlx-macros v0.5.2
[INFO] [stderr]     Checking sqlx v0.5.2
[INFO] [stderr]     Checking ciboulette v0.1.4
[INFO] [stderr]     Checking ciboulette2pg v0.1.3
[INFO] [stderr]     Checking basiliq v0.1.2 (/opt/rustwide/workdir)
[INFO] [stdout] error[E0432]: unresolved import `basiliq_db_test_proc_macro`
[INFO] [stdout]  --> src/basiliq_store/tests/mod.rs:2:5
[INFO] [stdout]   |
[INFO] [stdout] 2 | use basiliq_db_test_proc_macro::basiliq_test;
[INFO] [stdout]   |     ^^^^^^^^^^^^^^^^^^^^^^^^^^ use of undeclared crate or module `basiliq_db_test_proc_macro`
[INFO] [stdout] 
[INFO] [stdout] 
[INFO] [stdout] error[E0432]: unresolved import `basiliq_db_test_proc_macro`
[INFO] [stdout]  --> src/serve/tests/mod.rs:3:5
[INFO] [stdout]   |
[INFO] [stdout] 3 | use basiliq_db_test_proc_macro::basiliq_test;
[INFO] [stdout]   |     ^^^^^^^^^^^^^^^^^^^^^^^^^^ use of undeclared crate or module `basiliq_db_test_proc_macro`
[INFO] [stdout] 
[INFO] [stdout] 
[INFO] [stdout] error[E0432]: unresolved import `basiliq_db_test_utils`
[INFO] [stdout]  --> src/serve/tests/requests/mod.rs:8:5
[INFO] [stdout]   |
[INFO] [stdout] 8 | use basiliq_db_test_utils::*;
[INFO] [stdout]   |     ^^^^^^^^^^^^^^^^^^^^^ use of undeclared crate or module `basiliq_db_test_utils`
[INFO] [stdout] 
[INFO] [stdout] 
[INFO] [stdout] error[E0432]: unresolved import `basiliq_db_test_utils`
[INFO] [stdout]  --> src/serve/tests/requests/create/paths.rs:2:5
[INFO] [stdout]   |
[INFO] [stdout] 2 | use basiliq_db_test_utils::*;
[INFO] [stdout]   |     ^^^^^^^^^^^^^^^^^^^^^ use of undeclared crate or module `basiliq_db_test_utils`
[INFO] [stdout] 
[INFO] [stdout] 
[INFO] [stdout] error: cannot determine resolution for the attribute macro `basiliq_test`
[INFO] [stdout]  --> src/basiliq_store/tests/build_default.rs:4:3
[INFO] [stdout]   |
[INFO] [stdout] 4 | #[basiliq_test]
[INFO] [stdout]   |   ^^^^^^^^^^^^
[INFO] [stdout]   |
[INFO] [stdout]   = note: import resolution is stuck, try simplifying macro imports
[INFO] [stdout] 
[INFO] [stdout] 
[INFO] [stdout] error: cannot determine resolution for the attribute macro `basiliq_test`
[INFO] [stdout]   --> src/basiliq_store/tests/build_default.rs:13:3
[INFO] [stdout]    |
[INFO] [stdout] 13 | #[basiliq_test]
[INFO] [stdout]    |   ^^^^^^^^^^^^
[INFO] [stdout]    |
[INFO] [stdout]    = note: import resolution is stuck, try simplifying macro imports
[INFO] [stdout] 
[INFO] [stdout] 
[INFO] [stdout] error: cannot determine resolution for the attribute macro `basiliq_test`
[INFO] [stdout]   --> src/basiliq_store/tests/build_default.rs:53:3
[INFO] [stdout]    |
[INFO] [stdout] 53 | #[basiliq_test]
[INFO] [stdout]    |   ^^^^^^^^^^^^
[INFO] [stdout]    |
[INFO] [stdout]    = note: import resolution is stuck, try simplifying macro imports
[INFO] [stdout] 
[INFO] [stdout] 
[INFO] [stdout] error: cannot determine resolution for the attribute macro `basiliq_test`
[INFO] [stdout]   --> src/basiliq_store/tests/config.rs:43:3
[INFO] [stdout]    |
[INFO] [stdout] 43 | #[basiliq_test]
[INFO] [stdout]    |   ^^^^^^^^^^^^
[INFO] [stdout]    |
[INFO] [stdout]    = note: import resolution is stuck, try simplifying macro imports
[INFO] [stdout] 
[INFO] [stdout] 
[INFO] [stdout] error: cannot determine resolution for the attribute macro `basiliq_test`
[INFO] [stdout]   --> src/basiliq_store/tests/config.rs:53:3
[INFO] [stdout]    |
[INFO] [stdout] 53 | #[basiliq_test]
[INFO] [stdout]    |   ^^^^^^^^^^^^
[INFO] [stdout]    |
[INFO] [stdout]    = note: import resolution is stuck, try simplifying macro imports
[INFO] [stdout] 
[INFO] [stdout] 
[INFO] [stdout] error: cannot determine resolution for the attribute macro `basiliq_test`
[INFO] [stdout]  --> src/basiliq_store/tests/id.rs:3:3
[INFO] [stdout]   |
[INFO] [stdout] 3 | #[basiliq_test]
[INFO] [stdout]   |   ^^^^^^^^^^^^
[INFO] [stdout]   |
[INFO] [stdout]   = note: import resolution is stuck, try simplifying macro imports
[INFO] [stdout] 
[INFO] [stdout] 
[INFO] [stdout] error: cannot determine resolution for the attribute macro `basiliq_test`
[INFO] [stdout]   --> src/basiliq_store/tests/id.rs:38:3
[INFO] [stdout]    |
[INFO] [stdout] 38 | #[basiliq_test]
[INFO] [stdout]    |   ^^^^^^^^^^^^
[INFO] [stdout]    |
[INFO] [stdout]    = note: import resolution is stuck, try simplifying macro imports
[INFO] [stdout] 
[INFO] [stdout] 
[INFO] [stdout] error: cannot determine resolution for the attribute macro `basiliq_test`
[INFO] [stdout]   --> src/basiliq_store/tests/id.rs:73:3
[INFO] [stdout]    |
[INFO] [stdout] 73 | #[basiliq_test]
[INFO] [stdout]    |   ^^^^^^^^^^^^
[INFO] [stdout]    |
[INFO] [stdout]    = note: import resolution is stuck, try simplifying macro imports
[INFO] [stdout] 
[INFO] [stdout] 
[INFO] [stdout] error: cannot determine resolution for the attribute macro `basiliq_test`
[INFO] [stdout]    --> src/basiliq_store/tests/id.rs:105:3
[INFO] [stdout]     |
[INFO] [stdout] 105 | #[basiliq_test]
[INFO] [stdout]     |   ^^^^^^^^^^^^
[INFO] [stdout]     |
[INFO] [stdout]     = note: import resolution is stuck, try simplifying macro imports
[INFO] [stdout] 
[INFO] [stdout] 
[INFO] [stdout] error: cannot determine resolution for the attribute macro `basiliq_test`
[INFO] [stdout]    --> src/basiliq_store/tests/id.rs:137:3
[INFO] [stdout]     |
[INFO] [stdout] 137 | #[basiliq_test]
[INFO] [stdout]     |   ^^^^^^^^^^^^
[INFO] [stdout]     |
[INFO] [stdout]     = note: import resolution is stuck, try simplifying macro imports
[INFO] [stdout] 
[INFO] [stdout] 
[INFO] [stdout] error: cannot determine resolution for the attribute macro `basiliq_test`
[INFO] [stdout]  --> src/basiliq_store/tests/relationships.rs:3:3
[INFO] [stdout]   |
[INFO] [stdout] 3 | #[basiliq_test]
[INFO] [stdout]   |   ^^^^^^^^^^^^
[INFO] [stdout]   |
[INFO] [stdout]   = note: import resolution is stuck, try simplifying macro imports
[INFO] [stdout] 
[INFO] [stdout] 
[INFO] [stdout] error: cannot determine resolution for the attribute macro `basiliq_test`
[INFO] [stdout]   --> src/basiliq_store/tests/relationships.rs:73:3
[INFO] [stdout]    |
[INFO] [stdout] 73 | #[basiliq_test]
[INFO] [stdout]    |   ^^^^^^^^^^^^
[INFO] [stdout]    |
[INFO] [stdout]    = note: import resolution is stuck, try simplifying macro imports
[INFO] [stdout] 
[INFO] [stdout] 
[INFO] [stdout] error: cannot determine resolution for the attribute macro `basiliq_test`
[INFO] [stdout]    --> src/basiliq_store/tests/relationships.rs:157:3
[INFO] [stdout]     |
[INFO] [stdout] 157 | #[basiliq_test]
[INFO] [stdout]     |   ^^^^^^^^^^^^
[INFO] [stdout]     |
[INFO] [stdout]     = note: import resolution is stuck, try simplifying macro imports
[INFO] [stdout] 
[INFO] [stdout] 
[INFO] [stdout] error: cannot determine resolution for the attribute macro `basiliq_test`
[INFO] [stdout]    --> src/basiliq_store/tests/relationships.rs:276:3
[INFO] [stdout]     |
[INFO] [stdout] 276 | #[basiliq_test]
[INFO] [stdout]     |   ^^^^^^^^^^^^
[INFO] [stdout]     |
[INFO] [stdout]     = note: import resolution is stuck, try simplifying macro imports
[INFO] [stdout] 
[INFO] [stdout] 
[INFO] [stdout] error: cannot determine resolution for the attribute macro `basiliq_test`
[INFO] [stdout]  --> src/basiliq_store/tests/self_rel.rs:3:3
[INFO] [stdout]   |
[INFO] [stdout] 3 | #[basiliq_test]
[INFO] [stdout]   |   ^^^^^^^^^^^^
[INFO] [stdout]   |
[INFO] [stdout]   = note: import resolution is stuck, try simplifying macro imports
[INFO] [stdout] 
[INFO] [stdout] 
[INFO] [stdout] error: cannot determine resolution for the attribute macro `basiliq_test`
[INFO] [stdout]   --> src/basiliq_store/tests/self_rel.rs:40:3
[INFO] [stdout]    |
[INFO] [stdout] 40 | #[basiliq_test]
[INFO] [stdout]    |   ^^^^^^^^^^^^
[INFO] [stdout]    |
[INFO] [stdout]    = note: import resolution is stuck, try simplifying macro imports
[INFO] [stdout] 
[INFO] [stdout] 
[INFO] [stdout] error: cannot determine resolution for the attribute macro `basiliq_test`
[INFO] [stdout]  --> src/basiliq_store/tests/store/many_to_many.rs:4:3
[INFO] [stdout]   |
[INFO] [stdout] 4 | #[basiliq_test]
[INFO] [stdout]   |   ^^^^^^^^^^^^
[INFO] [stdout]   |
[INFO] [stdout]   = note: import resolution is stuck, try simplifying macro imports
[INFO] [stdout] 
[INFO] [stdout] 
[INFO] [stdout] error: cannot determine resolution for the attribute macro `basiliq_test`
[INFO] [stdout]   --> src/basiliq_store/tests/store/many_to_many.rs:94:3
[INFO] [stdout]    |
[INFO] [stdout] 94 | #[basiliq_test]
[INFO] [stdout]    |   ^^^^^^^^^^^^
[INFO] [stdout]    |
[INFO] [stdout]    = note: import resolution is stuck, try simplifying macro imports
[INFO] [stdout] 
[INFO] [stdout] 
[INFO] [stdout] error: cannot determine resolution for the attribute macro `basiliq_test`
[INFO] [stdout]  --> src/basiliq_store/tests/store/one_to_many.rs:4:3
[INFO] [stdout]   |
[INFO] [stdout] 4 | #[basiliq_test]
[INFO] [stdout]   |   ^^^^^^^^^^^^
[INFO] [stdout]   |
[INFO] [stdout]   = note: import resolution is stuck, try simplifying macro imports
[INFO] [stdout] 
[INFO] [stdout] 
[INFO] [stdout] error: cannot determine resolution for the attribute macro `basiliq_test`
[INFO] [stdout]   --> src/basiliq_store/tests/store/one_to_many.rs:51:3
[INFO] [stdout]    |
[INFO] [stdout] 51 | #[basiliq_test]
[INFO] [stdout]    |   ^^^^^^^^^^^^
[INFO] [stdout]    |
[INFO] [stdout]    = note: import resolution is stuck, try simplifying macro imports
[INFO] [stdout] 
[INFO] [stdout] 
[INFO] [stdout] error: cannot determine resolution for the attribute macro `basiliq_test`
[INFO] [stdout]  --> src/serve/tests/errors/bad_requests.rs:3:3
[INFO] [stdout]   |
[INFO] [stdout] 3 | #[basiliq_test(run_migrations)]
[INFO] [stdout]   |   ^^^^^^^^^^^^
[INFO] [stdout]   |
[INFO] [stdout]   = note: import resolution is stuck, try simplifying macro imports
[INFO] [stdout] 
[INFO] [stdout] 
[INFO] [stdout] error: cannot determine resolution for the attribute macro `basiliq_test`
[INFO] [stdout]   --> src/serve/tests/errors/bad_requests.rs:18:3
[INFO] [stdout]    |
[INFO] [stdout] 18 | #[basiliq_test(run_migrations)]
[INFO] [stdout]    |   ^^^^^^^^^^^^
[INFO] [stdout]    |
[INFO] [stdout]    = note: import resolution is stuck, try simplifying macro imports
[INFO] [stdout] 
[INFO] [stdout] 
[INFO] [stdout] error: cannot determine resolution for the attribute macro `basiliq_test`
[INFO] [stdout]   --> src/serve/tests/errors/bad_requests.rs:30:3
[INFO] [stdout]    |
[INFO] [stdout] 30 | #[basiliq_test(run_migrations)]
[INFO] [stdout]    |   ^^^^^^^^^^^^
[INFO] [stdout]    |
[INFO] [stdout]    = note: import resolution is stuck, try simplifying macro imports
[INFO] [stdout] 
[INFO] [stdout] 
[INFO] [stdout] error: cannot determine resolution for the attribute macro `basiliq_test`
[INFO] [stdout]   --> src/serve/tests/errors/bad_requests.rs:46:3
[INFO] [stdout]    |
[INFO] [stdout] 46 | #[basiliq_test(run_migrations)]
[INFO] [stdout]    |   ^^^^^^^^^^^^
[INFO] [stdout]    |
[INFO] [stdout]    = note: import resolution is stuck, try simplifying macro imports
[INFO] [stdout] 
[INFO] [stdout] 
[INFO] [stdout] error: cannot determine resolution for the attribute macro `basiliq_test`
[INFO] [stdout]  --> src/serve/tests/errors/ciboulette_errors.rs:3:3
[INFO] [stdout]   |
[INFO] [stdout] 3 | #[basiliq_test(run_migrations)]
[INFO] [stdout]   |   ^^^^^^^^^^^^
[INFO] [stdout]   |
[INFO] [stdout]   = note: import resolution is stuck, try simplifying macro imports
[INFO] [stdout] 
[INFO] [stdout] 
[INFO] [stdout] error: cannot determine resolution for the attribute macro `basiliq_test`
[INFO] [stdout]   --> src/serve/tests/errors/ciboulette_errors.rs:30:3
[INFO] [stdout]    |
[INFO] [stdout] 30 | #[basiliq_test(run_migrations)]
[INFO] [stdout]    |   ^^^^^^^^^^^^
[INFO] [stdout]    |
[INFO] [stdout]    = note: import resolution is stuck, try simplifying macro imports
[INFO] [stdout] 
[INFO] [stdout] 
[INFO] [stdout] error: cannot determine resolution for the attribute macro `basiliq_test`
[INFO] [stdout]   --> src/serve/tests/errors/ciboulette_errors.rs:41:3
[INFO] [stdout]    |
[INFO] [stdout] 41 | #[basiliq_test(run_migrations)]
[INFO] [stdout]    |   ^^^^^^^^^^^^
[INFO] [stdout]    |
[INFO] [stdout]    = note: import resolution is stuck, try simplifying macro imports
[INFO] [stdout] 
[INFO] [stdout] 
[INFO] [stdout] error: cannot determine resolution for the attribute macro `basiliq_test`
[INFO] [stdout]   --> src/serve/tests/errors/ciboulette_errors.rs:56:3
[INFO] [stdout]    |
[INFO] [stdout] 56 | #[basiliq_test(run_migrations)]
[INFO] [stdout]    |   ^^^^^^^^^^^^
[INFO] [stdout]    |
[INFO] [stdout]    = note: import resolution is stuck, try simplifying macro imports
[INFO] [stdout] 
[INFO] [stdout] 
[INFO] [stdout] error: cannot determine resolution for the attribute macro `basiliq_test`
[INFO] [stdout]   --> src/serve/tests/errors/ciboulette_errors.rs:71:3
[INFO] [stdout]    |
[INFO] [stdout] 71 | #[basiliq_test(run_migrations)]
[INFO] [stdout]    |   ^^^^^^^^^^^^
[INFO] [stdout]    |
[INFO] [stdout]    = note: import resolution is stuck, try simplifying macro imports
[INFO] [stdout] 
[INFO] [stdout] 
[INFO] [stdout] error: cannot determine resolution for the attribute macro `basiliq_test`
[INFO] [stdout]   --> src/serve/tests/errors/ciboulette_errors.rs:93:3
[INFO] [stdout]    |
[INFO] [stdout] 93 | #[basiliq_test(run_migrations)]
[INFO] [stdout]    |   ^^^^^^^^^^^^
[INFO] [stdout]    |
[INFO] [stdout]    = note: import resolution is stuck, try simplifying macro imports
[INFO] [stdout] 
[INFO] [stdout] 
[INFO] [stdout] error: cannot determine resolution for the attribute macro `basiliq_test`
[INFO] [stdout]    --> src/serve/tests/errors/ciboulette_errors.rs:118:3
[INFO] [stdout]     |
[INFO] [stdout] 118 | #[basiliq_test(run_migrations)]
[INFO] [stdout]     |   ^^^^^^^^^^^^
[INFO] [stdout]     |
[INFO] [stdout]     = note: import resolution is stuck, try simplifying macro imports
[INFO] [stdout] 
[INFO] [stdout] 
[INFO] [stdout] error: cannot determine resolution for the attribute macro `basiliq_test`
[INFO] [stdout]    --> src/serve/tests/errors/ciboulette_errors.rs:154:3
[INFO] [stdout]     |
[INFO] [stdout] 154 | #[basiliq_test(run_migrations)]
[INFO] [stdout]     |   ^^^^^^^^^^^^
[INFO] [stdout]     |
[INFO] [stdout]     = note: import resolution is stuck, try simplifying macro imports
[INFO] [stdout] 
[INFO] [stdout] 
[INFO] [stdout] error: cannot determine resolution for the attribute macro `basiliq_test`
[INFO] [stdout]    --> src/serve/tests/errors/ciboulette_errors.rs:190:3
[INFO] [stdout]     |
[INFO] [stdout] 190 | #[basiliq_test(run_migrations)]
[INFO] [stdout]     |   ^^^^^^^^^^^^
[INFO] [stdout]     |
[INFO] [stdout]     = note: import resolution is stuck, try simplifying macro imports
[INFO] [stdout] 
[INFO] [stdout] 
[INFO] [stdout] error: cannot determine resolution for the attribute macro `basiliq_test`
[INFO] [stdout]    --> src/serve/tests/errors/ciboulette_errors.rs:217:3
[INFO] [stdout]     |
[INFO] [stdout] 217 | #[basiliq_test(run_migrations)]
[INFO] [stdout]     |   ^^^^^^^^^^^^
[INFO] [stdout]     |
[INFO] [stdout]     = note: import resolution is stuck, try simplifying macro imports
[INFO] [stdout] 
[INFO] [stdout] 
[INFO] [stdout] error: cannot determine resolution for the attribute macro `basiliq_test`
[INFO] [stdout]    --> src/serve/tests/errors/ciboulette_errors.rs:232:3
[INFO] [stdout]     |
[INFO] [stdout] 232 | #[basiliq_test(run_migrations)]
[INFO] [stdout]     |   ^^^^^^^^^^^^
[INFO] [stdout]     |
[INFO] [stdout]     = note: import resolution is stuck, try simplifying macro imports
[INFO] [stdout] 
[INFO] [stdout] 
[INFO] [stdout] error: cannot determine resolution for the attribute macro `basiliq_test`
[INFO] [stdout]  --> src/serve/tests/errors/ciboulette_postgres_errors.rs:3:3
[INFO] [stdout]   |
[INFO] [stdout] 3 | #[basiliq_test(run_migrations)]
[INFO] [stdout]   |   ^^^^^^^^^^^^
[INFO] [stdout]   |
[INFO] [stdout]   = note: import resolution is stuck, try simplifying macro imports
[INFO] [stdout] 
[INFO] [stdout] 
[INFO] [stdout] error: cannot determine resolution for the attribute macro `basiliq_test`
[INFO] [stdout]   --> src/serve/tests/run_test.rs:43:5
[INFO] [stdout]    |
[INFO] [stdout] 43 |           #[basiliq_test(run_migrations, init_values)]
[INFO] [stdout]    |             ^^^^^^^^^^^^
[INFO] [stdout]    |
[INFO] [stdout]   ::: src/serve/tests/requests/create/include.rs:79:1
[INFO] [stdout]    |
[INFO] [stdout] 79 | / crate::run_test_request!(
[INFO] [stdout] 80 | |     include_multi_rel_m2m,
[INFO] [stdout] 81 | |     Method::POST,
[INFO] [stdout] 82 | |     "/public__peoples?include=public__people-article",
[INFO] [stdout] 83 | |     201,
[INFO] [stdout] 84 | |     CREATE_BODY.clone()
[INFO] [stdout] 85 | | );
[INFO] [stdout]    | |_- in this macro invocation
[INFO] [stdout]    |
[INFO] [stdout]    = note: import resolution is stuck, try simplifying macro imports
[INFO] [stdout]    = note: this error originates in the macro `crate::run_test_request` (in Nightly builds, run with -Z macro-backtrace for more info)
[INFO] [stdout] 
[INFO] [stdout] 
[INFO] [stdout] error: cannot determine resolution for the attribute macro `basiliq_test`
[INFO] [stdout]   --> src/serve/tests/run_test.rs:43:5
[INFO] [stdout]    |
[INFO] [stdout] 43 |           #[basiliq_test(run_migrations, init_values)]
[INFO] [stdout]    |             ^^^^^^^^^^^^
[INFO] [stdout]    |
[INFO] [stdout]   ::: src/serve/tests/requests/create/include.rs:87:1
[INFO] [stdout]    |
[INFO] [stdout] 87 | / crate::run_test_request!(
[INFO] [stdout] 88 | |     include_multi_rel_m2o,
[INFO] [stdout] 89 | |     Method::POST,
[INFO] [stdout] 90 | |     "/public__peoples?include=public__articles",
[INFO] [stdout] 91 | |     201,
[INFO] [stdout] 92 | |     CREATE_BODY.clone()
[INFO] [stdout] 93 | | );
[INFO] [stdout]    | |_- in this macro invocation
[INFO] [stdout]    |
[INFO] [stdout]    = note: import resolution is stuck, try simplifying macro imports
[INFO] [stdout]    = note: this error originates in the macro `crate::run_test_request` (in Nightly builds, run with -Z macro-backtrace for more info)
[INFO] [stdout] 
[INFO] [stdout] 
[INFO] [stdout] error: cannot determine resolution for the attribute macro `basiliq_test`
[INFO] [stdout]   --> src/serve/tests/requests/create/include.rs:95:3
[INFO] [stdout]    |
[INFO] [stdout] 95 | #[basiliq_test(run_migrations)]
[INFO] [stdout]    |   ^^^^^^^^^^^^
[INFO] [stdout]    |
[INFO] [stdout]    = note: import resolution is stuck, try simplifying macro imports
[INFO] [stdout] 
[INFO] [stdout] 
[INFO] [stdout] error: cannot determine resolution for the attribute macro `basiliq_test`
[INFO] [stdout]    --> src/serve/tests/requests/create/include.rs:100:3
[INFO] [stdout]     |
[INFO] [stdout] 100 | #[basiliq_test(run_migrations)]
[INFO] [stdout]     |   ^^^^^^^^^^^^
[INFO] [stdout]     |
[INFO] [stdout]     = note: import resolution is stuck, try simplifying macro imports
[INFO] [stdout] 
[INFO] [stdout] 
[INFO] [stdout] error: cannot determine resolution for the attribute macro `basiliq_test`
[INFO] [stdout]    --> src/serve/tests/requests/create/include.rs:109:3
[INFO] [stdout]     |
[INFO] [stdout] 109 | #[basiliq_test(run_migrations)]
[INFO] [stdout]     |   ^^^^^^^^^^^^
[INFO] [stdout]     |
[INFO] [stdout]     = note: import resolution is stuck, try simplifying macro imports
[INFO] [stdout] 
[INFO] [stdout] 
[INFO] [stdout] error: cannot determine resolution for the attribute macro `basiliq_test`
[INFO] [stdout]   --> src/serve/tests/run_test.rs:43:5
[INFO] [stdout]    |
[INFO] [stdout] 43 |           #[basiliq_test(run_migrations, init_values)]
[INFO] [stdout]    |             ^^^^^^^^^^^^
[INFO] [stdout]    |
[INFO] [stdout]   ::: src/serve/tests/requests/create/misc.rs:16:1
[INFO] [stdout]    |
[INFO] [stdout] 16 | / crate::run_test_request!(
[INFO] [stdout] 17 | |     sorting_local,
[INFO] [stdout] 18 | |     Method::POST,
[INFO] [stdout] 19 | |     "/public__peoples?sort=first-name",
[INFO] [stdout] 20 | |     201,
[INFO] [stdout] 21 | |     CREATE_BODY.clone()
[INFO] [stdout] 22 | | );
[INFO] [stdout]    | |_- in this macro invocation
[INFO] [stdout]    |
[INFO] [stdout]    = note: import resolution is stuck, try simplifying macro imports
[INFO] [stdout]    = note: this error originates in the macro `crate::run_test_request` (in Nightly builds, run with -Z macro-backtrace for more info)
[INFO] [stdout] 
[INFO] [stdout] 
[INFO] [stdout] error: cannot determine resolution for the attribute macro `basiliq_test`
[INFO] [stdout]   --> src/serve/tests/run_test.rs:43:5
[INFO] [stdout]    |
[INFO] [stdout] 43 |           #[basiliq_test(run_migrations, init_values)]
[INFO] [stdout]    |             ^^^^^^^^^^^^
[INFO] [stdout]    |
[INFO] [stdout]   ::: src/serve/tests/requests/create/misc.rs:24:1
[INFO] [stdout]    |
[INFO] [stdout] 24 | / crate::run_test_request!(
[INFO] [stdout] 25 | |     sorting_local_multi,
[INFO] [stdout] 26 | |     Method::POST,
[INFO] [stdout] 27 | |     "/public__peoples?sort=first-name,-last-name",
[INFO] [stdout] 28 | |     201,
[INFO] [stdout] 29 | |     CREATE_BODY.clone()
[INFO] [stdout] 30 | | );
[INFO] [stdout]    | |_- in this macro invocation
[INFO] [stdout]    |
[INFO] [stdout]    = note: import resolution is stuck, try simplifying macro imports
[INFO] [stdout]    = note: this error originates in the macro `crate::run_test_request` (in Nightly builds, run with -Z macro-backtrace for more info)
[INFO] [stdout] 
[INFO] [stdout] 
[INFO] [stdout] error: cannot determine resolution for the attribute macro `basiliq_test`
[INFO] [stdout]   --> src/serve/tests/run_test.rs:43:5
[INFO] [stdout]    |
[INFO] [stdout] 43 |           #[basiliq_test(run_migrations, init_values)]
[INFO] [stdout]    |             ^^^^^^^^^^^^
[INFO] [stdout]    |
[INFO] [stdout]   ::: src/serve/tests/requests/create/misc.rs:32:1
[INFO] [stdout]    |
[INFO] [stdout] 32 | / crate::run_test_request!(
[INFO] [stdout] 33 | |     sorting_remote,
[INFO] [stdout] 34 | |     Method::POST,
[INFO] [stdout] 35 | |     "/public__peoples?sort=-public__favorite_color.color",
[INFO] [stdout] 36 | |     201,
[INFO] [stdout] 37 | |     CREATE_BODY.clone()
[INFO] [stdout] 38 | | );
[INFO] [stdout]    | |_- in this macro invocation
[INFO] [stdout]    |
[INFO] [stdout]    = note: import resolution is stuck, try simplifying macro imports
[INFO] [stdout]    = note: this error originates in the macro `crate::run_test_request` (in Nightly builds, run with -Z macro-backtrace for more info)
[INFO] [stdout] 
[INFO] [stdout] 
[INFO] [stdout] error: cannot determine resolution for the attribute macro `basiliq_test`
[INFO] [stdout]   --> src/serve/tests/run_test.rs:43:5
[INFO] [stdout]    |
[INFO] [stdout] 43 |           #[basiliq_test(run_migrations, init_values)]
[INFO] [stdout]    |             ^^^^^^^^^^^^
[INFO] [stdout]    |
[INFO] [stdout]   ::: src/serve/tests/requests/create/misc.rs:40:1
[INFO] [stdout]    |
[INFO] [stdout] 40 | / crate::run_test_request!(
[INFO] [stdout] 41 | |     sorting_remote_multi_rel,
[INFO] [stdout] 42 | |     Method::POST,
[INFO] [stdout] 43 | |     "/public__peoples?sort=public__articles.title",
[INFO] [stdout] 44 | |     403,
[INFO] [stdout] 45 | |     CREATE_BODY.clone()
[INFO] [stdout] 46 | | );
[INFO] [stdout]    | |_- in this macro invocation
[INFO] [stdout]    |
[INFO] [stdout]    = note: import resolution is stuck, try simplifying macro imports
[INFO] [stdout]    = note: this error originates in the macro `crate::run_test_request` (in Nightly builds, run with -Z macro-backtrace for more info)
[INFO] [stdout] 
[INFO] [stdout] 
[INFO] [stdout] error: cannot determine resolution for the attribute macro `basiliq_test`
[INFO] [stdout]   --> src/serve/tests/run_test.rs:43:5
[INFO] [stdout]    |
[INFO] [stdout] 43 |           #[basiliq_test(run_migrations, init_values)]
[INFO] [stdout]    |             ^^^^^^^^^^^^
[INFO] [stdout]    |
[INFO] [stdout]   ::: src/serve/tests/requests/create/misc.rs:48:1
[INFO] [stdout]    |
[INFO] [stdout] 48 | / crate::run_test_request!(
[INFO] [stdout] 49 | |     sorting_and_include_and_sparse,
[INFO] [stdout] 50 | |     Method::POST,
[INFO] [stdout] 51 | |     "/public__peoples?sort=public__favorite_color.color&include=public__favorite_color&fields[public__favorite_color]=",
[INFO] [stdout] 52 | |     201,
[INFO] [stdout] 53 | |     CREATE_BODY.clone()
[INFO] [stdout] 54 | | );
[INFO] [stdout]    | |_- in this macro invocation
[INFO] [stdout]    |
[INFO] [stdout]    = note: import resolution is stuck, try simplifying macro imports
[INFO] [stdout]    = note: this error originates in the macro `crate::run_test_request` (in Nightly builds, run with -Z macro-backtrace for more info)
[INFO] [stdout] 
[INFO] [stdout] 
[INFO] [stdout] error: cannot determine resolution for the attribute macro `basiliq_test`
[INFO] [stdout]   --> src/serve/tests/requests/create/normal.rs:21:3
[INFO] [stdout]    |
[INFO] [stdout] 21 | #[basiliq_test(run_migrations)]
[INFO] [stdout]    |   ^^^^^^^^^^^^
[INFO] [stdout]    |
[INFO] [stdout]    = note: import resolution is stuck, try simplifying macro imports
[INFO] [stdout] 
[INFO] [stdout] 
[INFO] [stdout] error: cannot determine resolution for the attribute macro `basiliq_test`
[INFO] [stdout]   --> src/serve/tests/requests/create/normal.rs:40:3
[INFO] [stdout]    |
[INFO] [stdout] 40 | #[basiliq_test(run_migrations)]
[INFO] [stdout]    |   ^^^^^^^^^^^^
[INFO] [stdout]    |
[INFO] [stdout]    = note: import resolution is stuck, try simplifying macro imports
[INFO] [stdout] 
[INFO] [stdout] 
[INFO] [stdout] error: cannot determine resolution for the attribute macro `basiliq_test`
[INFO] [stdout]   --> src/serve/tests/requests/create/normal.rs:62:3
[INFO] [stdout]    |
[INFO] [stdout] 62 | #[basiliq_test(run_migrations)]
[INFO] [stdout]    |   ^^^^^^^^^^^^
[INFO] [stdout]    |
[INFO] [stdout]    = note: import resolution is stuck, try simplifying macro imports
[INFO] [stdout] 
[INFO] [stdout] 
[INFO] [stdout] error: cannot determine resolution for the attribute macro `basiliq_test`
[INFO] [stdout]   --> src/serve/tests/requests/create/normal.rs:80:3
[INFO] [stdout]    |
[INFO] [stdout] 80 | #[basiliq_test(run_migrations)]
[INFO] [stdout]    |   ^^^^^^^^^^^^
[INFO] [stdout]    |
[INFO] [stdout]    = note: import resolution is stuck, try simplifying macro imports
[INFO] [stdout] 
[INFO] [stdout] 
[INFO] [stdout] error: cannot determine resolution for the attribute macro `basiliq_test`
[INFO] [stdout]    --> src/serve/tests/requests/create/normal.rs:100:3
[INFO] [stdout]     |
[INFO] [stdout] 100 | #[basiliq_test(run_migrations)]
[INFO] [stdout]     |   ^^^^^^^^^^^^
[INFO] [stdout]     |
[INFO] [stdout]     = note: import resolution is stuck, try simplifying macro imports
[INFO] [stdout] 
[INFO] [stdout] 
[INFO] [stdout] error: cannot determine resolution for the attribute macro `basiliq_test`
[INFO] [stdout]   --> src/serve/tests/run_test.rs:43:5
[INFO] [stdout]    |
[INFO] [stdout] 43 |           #[basiliq_test(run_migrations, init_values)]
[INFO] [stdout]    |             ^^^^^^^^^^^^
[INFO] [stdout]    |
[INFO] [stdout]   ::: src/serve/tests/requests/create/paths.rs:28:1
[INFO] [stdout]    |
[INFO] [stdout] 28 | / crate::run_test_request!(
[INFO] [stdout] 29 | |     type_related,
[INFO] [stdout] 30 | |     Method::POST,
[INFO] [stdout] 31 | |     format!(
[INFO] [stdout] ...  |
[INFO] [stdout] 36 | |     CREATE_BODY_ARTICLES.clone()
[INFO] [stdout] 37 | | );
[INFO] [stdout]    | |_- in this macro invocation
[INFO] [stdout]    |
[INFO] [stdout]    = note: import resolution is stuck, try simplifying macro imports
[INFO] [stdout]    = note: this error originates in the macro `crate::run_test_request` (in Nightly builds, run with -Z macro-backtrace for more info)
[INFO] [stdout] 
[INFO] [stdout] 
[INFO] [stdout] error: cannot determine resolution for the attribute macro `basiliq_test`
[INFO] [stdout]   --> src/serve/tests/run_test.rs:43:5
[INFO] [stdout]    |
[INFO] [stdout] 43 |           #[basiliq_test(run_migrations, init_values)]
[INFO] [stdout]    |             ^^^^^^^^^^^^
[INFO] [stdout]    |
[INFO] [stdout]   ::: src/serve/tests/requests/create/paths.rs:39:1
[INFO] [stdout]    |
[INFO] [stdout] 39 | / crate::run_test_request!(
[INFO] [stdout] 40 | |     type_id,
[INFO] [stdout] 41 | |     Method::POST,
[INFO] [stdout] 42 | |     format!("/public__peoples/{}", PEOPLES_IDS[0].to_string()),
[INFO] [stdout] 43 | |     400,
[INFO] [stdout] 44 | |     CREATE_BODY_PEOPLES.clone()
[INFO] [stdout] 45 | | );
[INFO] [stdout]    | |_- in this macro invocation
[INFO] [stdout]    |
[INFO] [stdout]    = note: import resolution is stuck, try simplifying macro imports
[INFO] [stdout]    = note: this error originates in the macro `crate::run_test_request` (in Nightly builds, run with -Z macro-backtrace for more info)
[INFO] [stdout] 
[INFO] [stdout] 
[INFO] [stdout] error: cannot determine resolution for the attribute macro `basiliq_test`
[INFO] [stdout]   --> src/serve/tests/run_test.rs:43:5
[INFO] [stdout]    |
[INFO] [stdout] 43 |           #[basiliq_test(run_migrations, init_values)]
[INFO] [stdout]    |             ^^^^^^^^^^^^
[INFO] [stdout]    |
[INFO] [stdout]   ::: src/serve/tests/requests/create/paths.rs:47:1
[INFO] [stdout]    |
[INFO] [stdout] 47 | / crate::run_test_request!(
[INFO] [stdout] 48 | |     type_relationships,
[INFO] [stdout] 49 | |     Method::POST,
[INFO] [stdout] 50 | |     format!(
[INFO] [stdout] ...  |
[INFO] [stdout] 55 | |     CREATE_BODY_ARTICLES.clone()
[INFO] [stdout] 56 | | );
[INFO] [stdout]    | |_- in this macro invocation
[INFO] [stdout]    |
[INFO] [stdout]    = note: import resolution is stuck, try simplifying macro imports
[INFO] [stdout]    = note: this error originates in the macro `crate::run_test_request` (in Nightly builds, run with -Z macro-backtrace for more info)
[INFO] [stdout] 
[INFO] [stdout] 
[INFO] [stdout] error: cannot determine resolution for the attribute macro `basiliq_test`
[INFO] [stdout]  --> src/serve/tests/requests/create/relationships.rs:3:3
[INFO] [stdout]   |
[INFO] [stdout] 3 | #[basiliq_test(run_migrations)]
[INFO] [stdout]   |   ^^^^^^^^^^^^
[INFO] [stdout]   |
[INFO] [stdout]   = note: import resolution is stuck, try simplifying macro imports
[INFO] [stdout] 
[INFO] [stdout] 
[INFO] [stdout] error: cannot determine resolution for the attribute macro `basiliq_test`
[INFO] [stdout]   --> src/serve/tests/requests/create/relationships.rs:68:3
[INFO] [stdout]    |
[INFO] [stdout] 68 | #[basiliq_test(run_migrations)]
[INFO] [stdout]    |   ^^^^^^^^^^^^
[INFO] [stdout]    |
[INFO] [stdout]    = note: import resolution is stuck, try simplifying macro imports
[INFO] [stdout] 
[INFO] [stdout] 
[INFO] [stdout] error: cannot determine resolution for the attribute macro `basiliq_test`
[INFO] [stdout]    --> src/serve/tests/requests/create/relationships.rs:137:3
[INFO] [stdout]     |
[INFO] [stdout] 137 | #[basiliq_test(run_migrations)]
[INFO] [stdout]     |   ^^^^^^^^^^^^
[INFO] [stdout]     |
[INFO] [stdout]     = note: import resolution is stuck, try simplifying macro imports
[INFO] [stdout] 
[INFO] [stdout] 
[INFO] [stdout] error: cannot determine resolution for the attribute macro `basiliq_test`
[INFO] [stdout]    --> src/serve/tests/requests/create/relationships.rs:206:3
[INFO] [stdout]     |
[INFO] [stdout] 206 | #[basiliq_test(run_migrations)]
[INFO] [stdout]     |   ^^^^^^^^^^^^
[INFO] [stdout]     |
[INFO] [stdout]     = note: import resolution is stuck, try simplifying macro imports
[INFO] [stdout] 
[INFO] [stdout] 
[INFO] [stdout] error: cannot determine resolution for the attribute macro `basiliq_test`
[INFO] [stdout]   --> src/serve/tests/run_test.rs:43:5
[INFO] [stdout]    |
[INFO] [stdout] 43 |           #[basiliq_test(run_migrations, init_values)]
[INFO] [stdout]    |             ^^^^^^^^^^^^
[INFO] [stdout]    |
[INFO] [stdout]   ::: src/serve/tests/requests/create/sparse.rs:19:1
[INFO] [stdout]    |
[INFO] [stdout] 19 | / crate::run_test_request!(
[INFO] [stdout] 20 | |     no_fields,
[INFO] [stdout] 21 | |     Method::POST,
[INFO] [stdout] 22 | |     "/public__peoples?fields[public__peoples]=",
[INFO] [stdout] 23 | |     201,
[INFO] [stdout] 24 | |     CREATE_BODY.clone()
[INFO] [stdout] 25 | | );
[INFO] [stdout]    | |_- in this macro invocation
[INFO] [stdout]    |
[INFO] [stdout]    = note: import resolution is stuck, try simplifying macro imports
[INFO] [stdout]    = note: this error originates in the macro `crate::run_test_request` (in Nightly builds, run with -Z macro-backtrace for more info)
[INFO] [stdout] 
[INFO] [stdout] 
[INFO] [stdout] error: cannot determine resolution for the attribute macro `basiliq_test`
[INFO] [stdout]   --> src/serve/tests/run_test.rs:43:5
[INFO] [stdout]    |
[INFO] [stdout] 43 |           #[basiliq_test(run_migrations, init_values)]
[INFO] [stdout]    |             ^^^^^^^^^^^^
[INFO] [stdout]    |
[INFO] [stdout]   ::: src/serve/tests/requests/create/sparse.rs:27:1
[INFO] [stdout]    |
[INFO] [stdout] 27 | / crate::run_test_request!(
[INFO] [stdout] 28 | |     one_fields,
[INFO] [stdout] 29 | |     Method::POST,
[INFO] [stdout] 30 | |     "/public__peoples?fields[public__peoples]=first-name",
[INFO] [stdout] 31 | |     201,
[INFO] [stdout] 32 | |     CREATE_BODY.clone()
[INFO] [stdout] 33 | | );
[INFO] [stdout]    | |_- in this macro invocation
[INFO] [stdout]    |
[INFO] [stdout]    = note: import resolution is stuck, try simplifying macro imports
[INFO] [stdout]    = note: this error originates in the macro `crate::run_test_request` (in Nightly builds, run with -Z macro-backtrace for more info)
[INFO] [stdout] 
[INFO] [stdout] 
[INFO] [stdout] error: cannot determine resolution for the attribute macro `basiliq_test`
[INFO] [stdout]   --> src/serve/tests/run_test.rs:43:5
[INFO] [stdout]    |
[INFO] [stdout] 43 |           #[basiliq_test(run_migrations, init_values)]
[INFO] [stdout]    |             ^^^^^^^^^^^^
[INFO] [stdout]    |
[INFO] [stdout]   ::: src/serve/tests/requests/create/sparse.rs:35:1
[INFO] [stdout]    |
[INFO] [stdout] 35 | / crate::run_test_request!(
[INFO] [stdout] 36 | |     multi_fields,
[INFO] [stdout] 37 | |     Method::POST,
[INFO] [stdout] 38 | |     "/public__peoples?fields[public__peoples]=first-name,gender",
[INFO] [stdout] 39 | |     201,
[INFO] [stdout] 40 | |     CREATE_BODY.clone()
[INFO] [stdout] 41 | | );
[INFO] [stdout]    | |_- in this macro invocation
[INFO] [stdout]    |
[INFO] [stdout]    = note: import resolution is stuck, try simplifying macro imports
[INFO] [stdout]    = note: this error originates in the macro `crate::run_test_request` (in Nightly builds, run with -Z macro-backtrace for more info)
[INFO] [stdout] 
[INFO] [stdout] 
[INFO] [stdout] error: cannot determine resolution for the attribute macro `basiliq_test`
[INFO] [stdout]   --> src/serve/tests/run_test.rs:43:5
[INFO] [stdout]    |
[INFO] [stdout] 43 |           #[basiliq_test(run_migrations, init_values)]
[INFO] [stdout]    |             ^^^^^^^^^^^^
[INFO] [stdout]    |
[INFO] [stdout]   ::: src/serve/tests/requests/create/sparse.rs:43:1
[INFO] [stdout]    |
[INFO] [stdout] 43 | / crate::run_test_request!(
[INFO] [stdout] 44 | |     unknown_fields,
[INFO] [stdout] 45 | |     Method::POST,
[INFO] [stdout] 46 | |     "/public__peoples?fields[public__peoples]=AAAAAAAAAAAAA",
[INFO] [stdout] 47 | |     400,
[INFO] [stdout] 48 | |     CREATE_BODY.clone()
[INFO] [stdout] 49 | | );
[INFO] [stdout]    | |_- in this macro invocation
[INFO] [stdout]    |
[INFO] [stdout]    = note: import resolution is stuck, try simplifying macro imports
[INFO] [stdout]    = note: this error originates in the macro `crate::run_test_request` (in Nightly builds, run with -Z macro-backtrace for more info)
[INFO] [stdout] 
[INFO] [stdout] 
[INFO] [stdout] error: cannot determine resolution for the attribute macro `basiliq_test`
[INFO] [stdout]   --> src/serve/tests/run_test.rs:43:5
[INFO] [stdout]    |
[INFO] [stdout] 43 |           #[basiliq_test(run_migrations, init_values)]
[INFO] [stdout]    |             ^^^^^^^^^^^^
[INFO] [stdout]    |
[INFO] [stdout]   ::: src/serve/tests/requests/create/sparse.rs:51:1
[INFO] [stdout]    |
[INFO] [stdout] 51 | / crate::run_test_request!(
[INFO] [stdout] 52 | |     unknown_type,
[INFO] [stdout] 53 | |     Method::POST,
[INFO] [stdout] 54 | |     "/public__peoples?fields[AAAAAAAAAAAAAA]=gender",
[INFO] [stdout] 55 | |     400,
[INFO] [stdout] 56 | |     CREATE_BODY.clone()
[INFO] [stdout] 57 | | );
[INFO] [stdout]    | |_- in this macro invocation
[INFO] [stdout]    |
[INFO] [stdout]    = note: import resolution is stuck, try simplifying macro imports
[INFO] [stdout]    = note: this error originates in the macro `crate::run_test_request` (in Nightly builds, run with -Z macro-backtrace for more info)
[INFO] [stdout] 
[INFO] [stdout] 
[INFO] [stdout] error: cannot determine resolution for the attribute macro `basiliq_test`
[INFO] [stdout]   --> src/serve/tests/run_test.rs:33:11
[INFO] [stdout]    |
[INFO] [stdout] 33 |           #[basiliq_test(run_migrations, init_values)]
[INFO] [stdout]    |             ^^^^^^^^^^^^
[INFO] [stdout]    |
[INFO] [stdout]   ::: src/serve/tests/requests/delete/include.rs:3:1
[INFO] [stdout]    |
[INFO] [stdout] 3  | / crate::run_test_request!(
[INFO] [stdout] 4  | |     include_multi_rel_m2o,
[INFO] [stdout] 5  | |     Method::DELETE,
[INFO] [stdout] 6  | |     format!(
[INFO] [stdout] ...  |
[INFO] [stdout] 10 | |     200
[INFO] [stdout] 11 | | );
[INFO] [stdout]    | |_- in this macro invocation
[INFO] [stdout]    |
[INFO] [stdout]    = note: import resolution is stuck, try simplifying macro imports
[INFO] [stdout]    = note: this error originates in the macro `crate::run_test_request` (in Nightly builds, run with -Z macro-backtrace for more info)
[INFO] [stdout] 
[INFO] [stdout] 
[INFO] [stdout] error: cannot determine resolution for the attribute macro `basiliq_test`
[INFO] [stdout]   --> src/serve/tests/run_test.rs:33:11
[INFO] [stdout]    |
[INFO] [stdout] 33 |           #[basiliq_test(run_migrations, init_values)]
[INFO] [stdout]    |             ^^^^^^^^^^^^
[INFO] [stdout]    |
[INFO] [stdout]   ::: src/serve/tests/requests/delete/include.rs:13:1
[INFO] [stdout]    |
[INFO] [stdout] 13 | / crate::run_test_request!(
[INFO] [stdout] 14 | |     include_multi_rel_m2m,
[INFO] [stdout] 15 | |     Method::DELETE,
[INFO] [stdout] 16 | |     format!(
[INFO] [stdout] ...  |
[INFO] [stdout] 20 | |     200
[INFO] [stdout] 21 | | );
[INFO] [stdout]    | |_- in this macro invocation
[INFO] [stdout]    |
[INFO] [stdout]    = note: import resolution is stuck, try simplifying macro imports
[INFO] [stdout]    = note: this error originates in the macro `crate::run_test_request` (in Nightly builds, run with -Z macro-backtrace for more info)
[INFO] [stdout] 
[INFO] [stdout] 
[INFO] [stdout] error: cannot determine resolution for the attribute macro `basiliq_test`
[INFO] [stdout]   --> src/serve/tests/run_test.rs:33:11
[INFO] [stdout]    |
[INFO] [stdout] 33 |           #[basiliq_test(run_migrations, init_values)]
[INFO] [stdout]    |             ^^^^^^^^^^^^
[INFO] [stdout]    |
[INFO] [stdout]   ::: src/serve/tests/requests/delete/include.rs:23:1
[INFO] [stdout]    |
[INFO] [stdout] 23 | / crate::run_test_request!(
[INFO] [stdout] 24 | |     include_multi_rel_o2m,
[INFO] [stdout] 25 | |     Method::DELETE,
[INFO] [stdout] 26 | |     format!(
[INFO] [stdout] ...  |
[INFO] [stdout] 30 | |     200
[INFO] [stdout] 31 | | );
[INFO] [stdout]    | |_- in this macro invocation
[INFO] [stdout]    |
[INFO] [stdout]    = note: import resolution is stuck, try simplifying macro imports
[INFO] [stdout]    = note: this error originates in the macro `crate::run_test_request` (in Nightly builds, run with -Z macro-backtrace for more info)
[INFO] [stdout] 
[INFO] [stdout] 
[INFO] [stdout] error: cannot determine resolution for the attribute macro `basiliq_test`
[INFO] [stdout]   --> src/serve/tests/run_test.rs:33:11
[INFO] [stdout]    |
[INFO] [stdout] 33 |           #[basiliq_test(run_migrations, init_values)]
[INFO] [stdout]    |             ^^^^^^^^^^^^
[INFO] [stdout]    |
[INFO] [stdout]   ::: src/serve/tests/requests/delete/misc.rs:3:1
[INFO] [stdout]    |
[INFO] [stdout] 3  | / crate::run_test_request!(
[INFO] [stdout] 4  | |     sorting_local,
[INFO] [stdout] 5  | |     Method::DELETE,
[INFO] [stdout] 6  | |     format!("/public__peoples/{}?sort=first-name", PEOPLES_IDS[0]),
[INFO] [stdout] 7  | |     200
[INFO] [stdout] 8  | | );
[INFO] [stdout]    | |_- in this macro invocation
[INFO] [stdout]    |
[INFO] [stdout]    = note: import resolution is stuck, try simplifying macro imports
[INFO] [stdout]    = note: this error originates in the macro `crate::run_test_request` (in Nightly builds, run with -Z macro-backtrace for more info)
[INFO] [stdout] 
[INFO] [stdout] 
[INFO] [stdout] error: cannot determine resolution for the attribute macro `basiliq_test`
[INFO] [stdout]   --> src/serve/tests/run_test.rs:33:11
[INFO] [stdout]    |
[INFO] [stdout] 33 |           #[basiliq_test(run_migrations, init_values)]
[INFO] [stdout]    |             ^^^^^^^^^^^^
[INFO] [stdout]    |
[INFO] [stdout]   ::: src/serve/tests/requests/delete/misc.rs:10:1
[INFO] [stdout]    |
[INFO] [stdout] 10 | / crate::run_test_request!(
[INFO] [stdout] 11 | |     sorting_local_multi,
[INFO] [stdout] 12 | |     Method::DELETE,
[INFO] [stdout] 13 | |     format!(
[INFO] [stdout] ...  |
[INFO] [stdout] 17 | |     200
[INFO] [stdout] 18 | | );
[INFO] [stdout]    | |_- in this macro invocation
[INFO] [stdout]    |
[INFO] [stdout]    = note: import resolution is stuck, try simplifying macro imports
[INFO] [stdout]    = note: this error originates in the macro `crate::run_test_request` (in Nightly builds, run with -Z macro-backtrace for more info)
[INFO] [stdout] 
[INFO] [stdout] 
[INFO] [stdout] error: cannot determine resolution for the attribute macro `basiliq_test`
[INFO] [stdout]   --> src/serve/tests/run_test.rs:33:11
[INFO] [stdout]    |
[INFO] [stdout] 33 |           #[basiliq_test(run_migrations, init_values)]
[INFO] [stdout]    |             ^^^^^^^^^^^^
[INFO] [stdout]    |
[INFO] [stdout]   ::: src/serve/tests/requests/delete/misc.rs:20:1
[INFO] [stdout]    |
[INFO] [stdout] 20 | / crate::run_test_request!(
[INFO] [stdout] 21 | |     sorting_remote,
[INFO] [stdout] 22 | |     Method::DELETE,
[INFO] [stdout] 23 | |     format!(
[INFO] [stdout] ...  |
[INFO] [stdout] 27 | |     200
[INFO] [stdout] 28 | | );
[INFO] [stdout]    | |_- in this macro invocation
[INFO] [stdout]    |
[INFO] [stdout]    = note: import resolution is stuck, try simplifying macro imports
[INFO] [stdout]    = note: this error originates in the macro `crate::run_test_request` (in Nightly builds, run with -Z macro-backtrace for more info)
[INFO] [stdout] 
[INFO] [stdout] 
[INFO] [stdout] error: cannot determine resolution for the attribute macro `basiliq_test`
[INFO] [stdout]   --> src/serve/tests/run_test.rs:33:11
[INFO] [stdout]    |
[INFO] [stdout] 33 |           #[basiliq_test(run_migrations, init_values)]
[INFO] [stdout]    |             ^^^^^^^^^^^^
[INFO] [stdout]    |
[INFO] [stdout]   ::: src/serve/tests/requests/delete/misc.rs:30:1
[INFO] [stdout]    |
[INFO] [stdout] 30 | / crate::run_test_request!(
[INFO] [stdout] 31 | |     sorting_remote_multi_rel,
[INFO] [stdout] 32 | |     Method::DELETE,
[INFO] [stdout] 33 | |     format!(
[INFO] [stdout] ...  |
[INFO] [stdout] 37 | |     200
[INFO] [stdout] 38 | | );
[INFO] [stdout]    | |_- in this macro invocation
[INFO] [stdout]    |
[INFO] [stdout]    = note: import resolution is stuck, try simplifying macro imports
[INFO] [stdout]    = note: this error originates in the macro `crate::run_test_request` (in Nightly builds, run with -Z macro-backtrace for more info)
[INFO] [stdout] 
[INFO] [stdout] 
[INFO] [stdout] error: cannot determine resolution for the attribute macro `basiliq_test`
[INFO] [stdout]   --> src/serve/tests/run_test.rs:33:11
[INFO] [stdout]    |
[INFO] [stdout] 33 |           #[basiliq_test(run_migrations, init_values)]
[INFO] [stdout]    |             ^^^^^^^^^^^^
[INFO] [stdout]    |
[INFO] [stdout]   ::: src/serve/tests/requests/delete/misc.rs:40:1
[INFO] [stdout]    |
[INFO] [stdout] 40 | / crate::run_test_request!(
[INFO] [stdout] 41 | |     sorting_and_include_and_sparse,
[INFO] [stdout] 42 | |     Method::DELETE,
[INFO] [stdout] 43 | |     format!("/public__peoples/{}?sort=public__favorite_color.color&include=public__favorite_color&fields[public__favorite_color]=", PEOPL...
[INFO] [stdout] 44 | |     200
[INFO] [stdout] 45 | | );
[INFO] [stdout]    | |_- in this macro invocation
[INFO] [stdout]    |
[INFO] [stdout]    = note: import resolution is stuck, try simplifying macro imports
[INFO] [stdout]    = note: this error originates in the macro `crate::run_test_request` (in Nightly builds, run with -Z macro-backtrace for more info)
[INFO] [stdout] 
[INFO] [stdout] 
[INFO] [stdout] error: cannot determine resolution for the attribute macro `basiliq_test`
[INFO] [stdout]   --> src/serve/tests/run_test.rs:33:11
[INFO] [stdout]    |
[INFO] [stdout] 33 |           #[basiliq_test(run_migrations, init_values)]
[INFO] [stdout]    |             ^^^^^^^^^^^^
[INFO] [stdout]    |
[INFO] [stdout]   ::: src/serve/tests/requests/delete/normal.rs:3:1
[INFO] [stdout]    |
[INFO] [stdout] 3  | / crate::run_test_request!(
[INFO] [stdout] 4  | |     simple_delete,
[INFO] [stdout] 5  | |     Method::DELETE,
[INFO] [stdout] 6  | |     format!("/public__peoples/{}", PEOPLES_IDS[0]),
[INFO] [stdout] 7  | |     200
[INFO] [stdout] 8  | | );
[INFO] [stdout]    | |_- in this macro invocation
[INFO] [stdout]    |
[INFO] [stdout]    = note: import resolution is stuck, try simplifying macro imports
[INFO] [stdout]    = note: this error originates in the macro `crate::run_test_request` (in Nightly builds, run with -Z macro-backtrace for more info)
[INFO] [stdout] 
[INFO] [stdout] 
[INFO] [stdout] error: cannot determine resolution for the attribute macro `basiliq_test`
[INFO] [stdout]   --> src/serve/tests/run_test.rs:33:11
[INFO] [stdout]    |
[INFO] [stdout] 33 |           #[basiliq_test(run_migrations, init_values)]
[INFO] [stdout]    |             ^^^^^^^^^^^^
[INFO] [stdout]    |
[INFO] [stdout]   ::: src/serve/tests/requests/delete/normal.rs:10:1
[INFO] [stdout]    |
[INFO] [stdout] 10 | / crate::run_test_request!(
[INFO] [stdout] 11 | |     delete_simple_rel,
[INFO] [stdout] 12 | |     Method::DELETE,
[INFO] [stdout] 13 | |     format!(
[INFO] [stdout] ...  |
[INFO] [stdout] 17 | |     200
[INFO] [stdout] 18 | | );
[INFO] [stdout]    | |_- in this macro invocation
[INFO] [stdout]    |
[INFO] [stdout]    = note: import resolution is stuck, try simplifying macro imports
[INFO] [stdout]    = note: this error originates in the macro `crate::run_test_request` (in Nightly builds, run with -Z macro-backtrace for more info)
[INFO] [stdout] 
[INFO] [stdout] 
[INFO] [stdout] error: cannot determine resolution for the attribute macro `basiliq_test`
[INFO] [stdout]   --> src/serve/tests/run_test.rs:33:11
[INFO] [stdout]    |
[INFO] [stdout] 33 |           #[basiliq_test(run_migrations, init_values)]
[INFO] [stdout]    |             ^^^^^^^^^^^^
[INFO] [stdout]    |
[INFO] [stdout]   ::: src/serve/tests/requests/delete/paths.rs:3:1
[INFO] [stdout]    |
[INFO] [stdout] 3  | / crate::run_test_request!(
[INFO] [stdout] 4  | |     deleting_related,
[INFO] [stdout] 5  | |     Method::DELETE,
[INFO] [stdout] 6  | |     format!("/public__peoples/{}/public__articles", PEOPLES_IDS[0]),
[INFO] [stdout] 7  | |     400
[INFO] [stdout] 8  | | );
[INFO] [stdout]    | |_- in this macro invocation
[INFO] [stdout]    |
[INFO] [stdout]    = note: import resolution is stuck, try simplifying macro imports
[INFO] [stdout]    = note: this error originates in the macro `crate::run_test_request` (in Nightly builds, run with -Z macro-backtrace for more info)
[INFO] [stdout] 
[INFO] [stdout] 
[INFO] [stdout] error: cannot determine resolution for the attribute macro `basiliq_test`
[INFO] [stdout]   --> src/serve/tests/run_test.rs:33:11
[INFO] [stdout]    |
[INFO] [stdout] 33 |           #[basiliq_test(run_migrations, init_values)]
[INFO] [stdout]    |             ^^^^^^^^^^^^
[INFO] [stdout]    |
[INFO] [stdout]   ::: src/serve/tests/requests/delete/sparse.rs:3:1
[INFO] [stdout]    |
[INFO] [stdout] 3  | / crate::run_test_request!(
[INFO] [stdout] 4  | |     no_fields,
[INFO] [stdout] 5  | |     Method::DELETE,
[INFO] [stdout] 6  | |     format!(
[INFO] [stdout] ...  |
[INFO] [stdout] 10 | |     200
[INFO] [stdout] 11 | | );
[INFO] [stdout]    | |_- in this macro invocation
[INFO] [stdout]    |
[INFO] [stdout]    = note: import resolution is stuck, try simplifying macro imports
[INFO] [stdout]    = note: this error originates in the macro `crate::run_test_request` (in Nightly builds, run with -Z macro-backtrace for more info)
[INFO] [stdout] 
[INFO] [stdout] 
[INFO] [stdout] error: cannot determine resolution for the attribute macro `basiliq_test`
[INFO] [stdout]   --> src/serve/tests/run_test.rs:33:11
[INFO] [stdout]    |
[INFO] [stdout] 33 |           #[basiliq_test(run_migrations, init_values)]
[INFO] [stdout]    |             ^^^^^^^^^^^^
[INFO] [stdout]    |
[INFO] [stdout]   ::: src/serve/tests/requests/delete/sparse.rs:13:1
[INFO] [stdout]    |
[INFO] [stdout] 13 | / crate::run_test_request!(
[INFO] [stdout] 14 | |     one_fields,
[INFO] [stdout] 15 | |     Method::DELETE,
[INFO] [stdout] 16 | |     format!(
[INFO] [stdout] ...  |
[INFO] [stdout] 20 | |     200
[INFO] [stdout] 21 | | );
[INFO] [stdout]    | |_- in this macro invocation
[INFO] [stdout]    |
[INFO] [stdout]    = note: import resolution is stuck, try simplifying macro imports
[INFO] [stdout]    = note: this error originates in the macro `crate::run_test_request` (in Nightly builds, run with -Z macro-backtrace for more info)
[INFO] [stdout] 
[INFO] [stdout] 
[INFO] [stdout] error: cannot determine resolution for the attribute macro `basiliq_test`
[INFO] [stdout]   --> src/serve/tests/run_test.rs:33:11
[INFO] [stdout]    |
[INFO] [stdout] 33 |           #[basiliq_test(run_migrations, init_values)]
[INFO] [stdout]    |             ^^^^^^^^^^^^
[INFO] [stdout]    |
[INFO] [stdout]   ::: src/serve/tests/requests/delete/sparse.rs:23:1
[INFO] [stdout]    |
[INFO] [stdout] 23 | / crate::run_test_request!(
[INFO] [stdout] 24 | |     multi_fields,
[INFO] [stdout] 25 | |     Method::DELETE,
[INFO] [stdout] 26 | |     format!(
[INFO] [stdout] ...  |
[INFO] [stdout] 30 | |     200
[INFO] [stdout] 31 | | );
[INFO] [stdout]    | |_- in this macro invocation
[INFO] [stdout]    |
[INFO] [stdout]    = note: import resolution is stuck, try simplifying macro imports
[INFO] [stdout]    = note: this error originates in the macro `crate::run_test_request` (in Nightly builds, run with -Z macro-backtrace for more info)
[INFO] [stdout] 
[INFO] [stdout] 
[INFO] [stdout] error: cannot determine resolution for the attribute macro `basiliq_test`
[INFO] [stdout]   --> src/serve/tests/run_test.rs:33:11
[INFO] [stdout]    |
[INFO] [stdout] 33 |           #[basiliq_test(run_migrations, init_values)]
[INFO] [stdout]    |             ^^^^^^^^^^^^
[INFO] [stdout]    |
[INFO] [stdout]   ::: src/serve/tests/requests/delete/sparse.rs:33:1
[INFO] [stdout]    |
[INFO] [stdout] 33 | / crate::run_test_request!(
[INFO] [stdout] 34 | |     unknown_fields,
[INFO] [stdout] 35 | |     Method::DELETE,
[INFO] [stdout] 36 | |     format!(
[INFO] [stdout] ...  |
[INFO] [stdout] 40 | |     400
[INFO] [stdout] 41 | | );
[INFO] [stdout]    | |_- in this macro invocation
[INFO] [stdout]    |
[INFO] [stdout]    = note: import resolution is stuck, try simplifying macro imports
[INFO] [stdout]    = note: this error originates in the macro `crate::run_test_request` (in Nightly builds, run with -Z macro-backtrace for more info)
[INFO] [stdout] 
[INFO] [stdout] 
[INFO] [stdout] error: cannot determine resolution for the attribute macro `basiliq_test`
[INFO] [stdout]   --> src/serve/tests/run_test.rs:33:11
[INFO] [stdout]    |
[INFO] [stdout] 33 |           #[basiliq_test(run_migrations, init_values)]
[INFO] [stdout]    |             ^^^^^^^^^^^^
[INFO] [stdout]    |
[INFO] [stdout]   ::: src/serve/tests/requests/delete/sparse.rs:43:1
[INFO] [stdout]    |
[INFO] [stdout] 43 | / crate::run_test_request!(
[INFO] [stdout] 44 | |     unknown_type,
[INFO] [stdout] 45 | |     Method::DELETE,
[INFO] [stdout] 46 | |     format!(
[INFO] [stdout] ...  |
[INFO] [stdout] 50 | |     400
[INFO] [stdout] 51 | | );
[INFO] [stdout]    | |_- in this macro invocation
[INFO] [stdout]    |
[INFO] [stdout]    = note: import resolution is stuck, try simplifying macro imports
[INFO] [stdout]    = note: this error originates in the macro `crate::run_test_request` (in Nightly builds, run with -Z macro-backtrace for more info)
[INFO] [stdout] 
[INFO] [stdout] 
[INFO] [stdout] error: cannot determine resolution for the attribute macro `basiliq_test`
[INFO] [stdout]   --> src/serve/tests/run_test.rs:33:11
[INFO] [stdout]    |
[INFO] [stdout] 33 |           #[basiliq_test(run_migrations, init_values)]
[INFO] [stdout]    |             ^^^^^^^^^^^^
[INFO] [stdout]    |
[INFO] [stdout]   ::: src/serve/tests/requests/select/obj/include.rs:3:1
[INFO] [stdout]    |
[INFO] [stdout] 3  | / crate::run_test_request!(
[INFO] [stdout] 4  | |     include_rel_m2o,
[INFO] [stdout] 5  | |     Method::GET,
[INFO] [stdout] 6  | |     format!(
[INFO] [stdout] ...  |
[INFO] [stdout] 10 | |     200
[INFO] [stdout] 11 | | );
[INFO] [stdout]    | |_- in this macro invocation
[INFO] [stdout]    |
[INFO] [stdout]    = note: import resolution is stuck, try simplifying macro imports
[INFO] [stdout]    = note: this error originates in the macro `crate::run_test_request` (in Nightly builds, run with -Z macro-backtrace for more info)
[INFO] [stdout] 
[INFO] [stdout] 
[INFO] [stdout] error: cannot determine resolution for the attribute macro `basiliq_test`
[INFO] [stdout]   --> src/serve/tests/run_test.rs:33:11
[INFO] [stdout]    |
[INFO] [stdout] 33 |           #[basiliq_test(run_migrations, init_values)]
[INFO] [stdout]    |             ^^^^^^^^^^^^
[INFO] [stdout]    |
[INFO] [stdout]   ::: src/serve/tests/requests/select/obj/include.rs:12:1
[INFO] [stdout]    |
[INFO] [stdout] 12 | / crate::run_test_request!(
[INFO] [stdout] 13 | |     include_rel_m2m,
[INFO] [stdout] 14 | |     Method::GET,
[INFO] [stdout] 15 | |     format!(
[INFO] [stdout] ...  |
[INFO] [stdout] 19 | |     200
[INFO] [stdout] 20 | | );
[INFO] [stdout]    | |_- in this macro invocation
[INFO] [stdout]    |
[INFO] [stdout]    = note: import resolution is stuck, try simplifying macro imports
[INFO] [stdout]    = note: this error originates in the macro `crate::run_test_request` (in Nightly builds, run with -Z macro-backtrace for more info)
[INFO] [stdout] 
[INFO] [stdout] 
[INFO] [stdout] error: cannot determine resolution for the attribute macro `basiliq_test`
[INFO] [stdout]   --> src/serve/tests/run_test.rs:33:11
[INFO] [stdout]    |
[INFO] [stdout] 33 |           #[basiliq_test(run_migrations, init_values)]
[INFO] [stdout]    |             ^^^^^^^^^^^^
[INFO] [stdout]    |
[INFO] [stdout]   ::: src/serve/tests/requests/select/obj/include.rs:21:1
[INFO] [stdout]    |
[INFO] [stdout] 21 | / crate::run_test_request!(
[INFO] [stdout] 22 | |     include_rel_o2m,
[INFO] [stdout] 23 | |     Method::GET,
[INFO] [stdout] 24 | |     format!(
[INFO] [stdout] ...  |
[INFO] [stdout] 28 | |     200
[INFO] [stdout] 29 | | );
[INFO] [stdout]    | |_- in this macro invocation
[INFO] [stdout]    |
[INFO] [stdout]    = note: import resolution is stuck, try simplifying macro imports
[INFO] [stdout]    = note: this error originates in the macro `crate::run_test_request` (in Nightly builds, run with -Z macro-backtrace for more info)
[INFO] [stdout] 
[INFO] [stdout] 
[INFO] [stdout] error: cannot determine resolution for the attribute macro `basiliq_test`
[INFO] [stdout]   --> src/serve/tests/run_test.rs:33:11
[INFO] [stdout]    |
[INFO] [stdout] 33 |           #[basiliq_test(run_migrations, init_values)]
[INFO] [stdout]    |             ^^^^^^^^^^^^
[INFO] [stdout]    |
[INFO] [stdout]   ::: src/serve/tests/requests/select/obj/include.rs:31:1
[INFO] [stdout]    |
[INFO] [stdout] 31 | / crate::run_test_request!(
[INFO] [stdout] 32 | |     include_distant,
[INFO] [stdout] 33 | |     Method::GET,
[INFO] [stdout] 34 | |     format!(
[INFO] [stdout] ...  |
[INFO] [stdout] 38 | |     200
[INFO] [stdout] 39 | | );
[INFO] [stdout]    | |_- in this macro invocation
[INFO] [stdout]    |
[INFO] [stdout]    = note: import resolution is stuck, try simplifying macro imports
[INFO] [stdout]    = note: this error originates in the macro `crate::run_test_request` (in Nightly builds, run with -Z macro-backtrace for more info)
[INFO] [stdout] 
[INFO] [stdout] 
[INFO] [stdout] error: cannot determine resolution for the attribute macro `basiliq_test`
[INFO] [stdout]   --> src/serve/tests/run_test.rs:33:11
[INFO] [stdout]    |
[INFO] [stdout] 33 |           #[basiliq_test(run_migrations, init_values)]
[INFO] [stdout]    |             ^^^^^^^^^^^^
[INFO] [stdout]    |
[INFO] [stdout]   ::: src/serve/tests/requests/select/obj/include.rs:40:1
[INFO] [stdout]    |
[INFO] [stdout] 40 | / crate::run_test_request!(
[INFO] [stdout] 41 | |     include_distant_self,
[INFO] [stdout] 42 | |     Method::GET,
[INFO] [stdout] 43 | |     format!(
[INFO] [stdout] ...  |
[INFO] [stdout] 47 | |     200
[INFO] [stdout] 48 | | );
[INFO] [stdout]    | |_- in this macro invocation
[INFO] [stdout]    |
[INFO] [stdout]    = note: import resolution is stuck, try simplifying macro imports
[INFO] [stdout]    = note: this error originates in the macro `crate::run_test_request` (in Nightly builds, run with -Z macro-backtrace for more info)
[INFO] [stdout] 
[INFO] [stdout] 
[INFO] [stdout] error: cannot determine resolution for the attribute macro `basiliq_test`
[INFO] [stdout]   --> src/serve/tests/run_test.rs:33:11
[INFO] [stdout]    |
[INFO] [stdout] 33 |           #[basiliq_test(run_migrations, init_values)]
[INFO] [stdout]    |             ^^^^^^^^^^^^
[INFO] [stdout]    |
[INFO] [stdout]   ::: src/serve/tests/requests/select/obj/normal.rs:3:1
[INFO] [stdout]    |
[INFO] [stdout] 3  | / crate::run_test_request!(
[INFO] [stdout] 4  | |     get,
[INFO] [stdout] 5  | |     Method::GET,
[INFO] [stdout] 6  | |     format!("/public__peoples/{}", PEOPLES_IDS[0]),
[INFO] [stdout] 7  | |     200
[INFO] [stdout] 8  | | );
[INFO] [stdout]    | |_- in this macro invocation
[INFO] [stdout]    |
[INFO] [stdout]    = note: import resolution is stuck, try simplifying macro imports
[INFO] [stdout]    = note: this error originates in the macro `crate::run_test_request` (in Nightly builds, run with -Z macro-backtrace for more info)
[INFO] [stdout] 
[INFO] [stdout] 
[INFO] [stdout] error: cannot determine resolution for the attribute macro `basiliq_test`
[INFO] [stdout]   --> src/serve/tests/run_test.rs:33:11
[INFO] [stdout]    |
[INFO] [stdout] 33 |           #[basiliq_test(run_migrations, init_values)]
[INFO] [stdout]    |             ^^^^^^^^^^^^
[INFO] [stdout]    |
[INFO] [stdout]   ::: src/serve/tests/requests/select/obj/normal.rs:9:1
[INFO] [stdout]    |
[INFO] [stdout] 9  | / crate::run_test_request!(
[INFO] [stdout] 10 | |     get_unknown,
[INFO] [stdout] 11 | |     Method::GET,
[INFO] [stdout] 12 | |     format!(
[INFO] [stdout] ...  |
[INFO] [stdout] 16 | |     404
[INFO] [stdout] 17 | | );
[INFO] [stdout]    | |_- in this macro invocation
[INFO] [stdout]    |
[INFO] [stdout]    = note: import resolution is stuck, try simplifying macro imports
[INFO] [stdout]    = note: this error originates in the macro `crate::run_test_request` (in Nightly builds, run with -Z macro-backtrace for more info)
[INFO] [stdout] 
[INFO] [stdout] 
[INFO] [stdout] error: cannot determine resolution for the attribute macro `basiliq_test`
[INFO] [stdout]   --> src/serve/tests/run_test.rs:33:11
[INFO] [stdout]    |
[INFO] [stdout] 33 |           #[basiliq_test(run_migrations, init_values)]
[INFO] [stdout]    |             ^^^^^^^^^^^^
[INFO] [stdout]    |
[INFO] [stdout]   ::: src/serve/tests/requests/select/obj/sort.rs:3:1
[INFO] [stdout]    |
[INFO] [stdout] 3  | / crate::run_test_request!(
[INFO] [stdout] 4  | |     sort_local_single,
[INFO] [stdout] 5  | |     Method::GET,
[INFO] [stdout] 6  | |     format!("/public__peoples/{}?sort=first-name", PEOPLES_IDS[0]),
[INFO] [stdout] 7  | |     200
[INFO] [stdout] 8  | | );
[INFO] [stdout]    | |_- in this macro invocation
[INFO] [stdout]    |
[INFO] [stdout]    = note: import resolution is stuck, try simplifying macro imports
[INFO] [stdout]    = note: this error originates in the macro `crate::run_test_request` (in Nightly builds, run with -Z macro-backtrace for more info)
[INFO] [stdout] 
[INFO] [stdout] 
[INFO] [stdout] error: cannot determine resolution for the attribute macro `basiliq_test`
[INFO] [stdout]   --> src/serve/tests/run_test.rs:33:11
[INFO] [stdout]    |
[INFO] [stdout] 33 |           #[basiliq_test(run_migrations, init_values)]
[INFO] [stdout]    |             ^^^^^^^^^^^^
[INFO] [stdout]    |
[INFO] [stdout]   ::: src/serve/tests/requests/select/obj/sort.rs:10:1
[INFO] [stdout]    |
[INFO] [stdout] 10 | / crate::run_test_request!(
[INFO] [stdout] 11 | |     sort_local_multi,
[INFO] [stdout] 12 | |     Method::GET,
[INFO] [stdout] 13 | |     format!("/public__peoples/{}?sort=-first-name", PEOPLES_IDS[0]),
[INFO] [stdout] 14 | |     200
[INFO] [stdout] 15 | | );
[INFO] [stdout]    | |_- in this macro invocation
[INFO] [stdout]    |
[INFO] [stdout]    = note: import resolution is stuck, try simplifying macro imports
[INFO] [stdout]    = note: this error originates in the macro `crate::run_test_request` (in Nightly builds, run with -Z macro-backtrace for more info)
[INFO] [stdout] 
[INFO] [stdout] 
[INFO] [stdout] error: cannot determine resolution for the attribute macro `basiliq_test`
[INFO] [stdout]   --> src/serve/tests/run_test.rs:33:11
[INFO] [stdout]    |
[INFO] [stdout] 33 |           #[basiliq_test(run_migrations, init_values)]
[INFO] [stdout]    |             ^^^^^^^^^^^^
[INFO] [stdout]    |
[INFO] [stdout]   ::: src/serve/tests/requests/select/obj/sort.rs:17:1
[INFO] [stdout]    |
[INFO] [stdout] 17 | / crate::run_test_request!(
[INFO] [stdout] 18 | |     sort_remote_single,
[INFO] [stdout] 19 | |     Method::GET,
[INFO] [stdout] 20 | |     format!(
[INFO] [stdout] ...  |
[INFO] [stdout] 24 | |     200
[INFO] [stdout] 25 | | );
[INFO] [stdout]    | |_- in this macro invocation
[INFO] [stdout]    |
[INFO] [stdout]    = note: import resolution is stuck, try simplifying macro imports
[INFO] [stdout]    = note: this error originates in the macro `crate::run_test_request` (in Nightly builds, run with -Z macro-backtrace for more info)
[INFO] [stdout] 
[INFO] [stdout] 
[INFO] [stdout] error: cannot determine resolution for the attribute macro `basiliq_test`
[INFO] [stdout]   --> src/serve/tests/run_test.rs:33:11
[INFO] [stdout]    |
[INFO] [stdout] 33 |           #[basiliq_test(run_migrations, init_values)]
[INFO] [stdout]    |             ^^^^^^^^^^^^
[INFO] [stdout]    |
[INFO] [stdout]   ::: src/serve/tests/requests/select/obj/sort.rs:27:1
[INFO] [stdout]    |
[INFO] [stdout] 27 | / crate::run_test_request!(
[INFO] [stdout] 28 | |     sort_remote_single_multi,
[INFO] [stdout] 29 | |     Method::GET,
[INFO] [stdout] 30 | |     format!(
[INFO] [stdout] ...  |
[INFO] [stdout] 34 | |     200
[INFO] [stdout] 35 | | );
[INFO] [stdout]    | |_- in this macro invocation
[INFO] [stdout]    |
[INFO] [stdout]    = note: import resolution is stuck, try simplifying macro imports
[INFO] [stdout]    = note: this error originates in the macro `crate::run_test_request` (in Nightly builds, run with -Z macro-backtrace for more info)
[INFO] [stdout] 
[INFO] [stdout] 
[INFO] [stdout] error: cannot determine resolution for the attribute macro `basiliq_test`
[INFO] [stdout]   --> src/serve/tests/run_test.rs:33:11
[INFO] [stdout]    |
[INFO] [stdout] 33 |           #[basiliq_test(run_migrations, init_values)]
[INFO] [stdout]    |             ^^^^^^^^^^^^
[INFO] [stdout]    |
[INFO] [stdout]   ::: src/serve/tests/requests/select/obj/sparse.rs:3:1
[INFO] [stdout]    |
[INFO] [stdout] 3  | / crate::run_test_request!(
[INFO] [stdout] 4  | |     sparse_self_single,
[INFO] [stdout] 5  | |     Method::GET,
[INFO] [stdout] 6  | |     format!(
[INFO] [stdout] ...  |
[INFO] [stdout] 10 | |     200
[INFO] [stdout] 11 | | );
[INFO] [stdout]    | |_- in this macro invocation
[INFO] [stdout]    |
[INFO] [stdout]    = note: import resolution is stuck, try simplifying macro imports
[INFO] [stdout]    = note: this error originates in the macro `crate::run_test_request` (in Nightly builds, run with -Z macro-backtrace for more info)
[INFO] [stdout] 
[INFO] [stdout] 
[INFO] [stdout] error: cannot determine resolution for the attribute macro `basiliq_test`
[INFO] [stdout]   --> src/serve/tests/run_test.rs:33:11
[INFO] [stdout]    |
[INFO] [stdout] 33 |           #[basiliq_test(run_migrations, init_values)]
[INFO] [stdout]    |             ^^^^^^^^^^^^
[INFO] [stdout]    |
[INFO] [stdout]   ::: src/serve/tests/requests/select/obj/sparse.rs:13:1
[INFO] [stdout]    |
[INFO] [stdout] 13 | / crate::run_test_request!(
[INFO] [stdout] 14 | |     sparse_self_multi,
[INFO] [stdout] 15 | |     Method::GET,
[INFO] [stdout] 16 | |     format!(
[INFO] [stdout] ...  |
[INFO] [stdout] 20 | |     200
[INFO] [stdout] 21 | | );
[INFO] [stdout]    | |_- in this macro invocation
[INFO] [stdout]    |
[INFO] [stdout]    = note: import resolution is stuck, try simplifying macro imports
[INFO] [stdout]    = note: this error originates in the macro `crate::run_test_request` (in Nightly builds, run with -Z macro-backtrace for more info)
[INFO] [stdout] 
[INFO] [stdout] 
[INFO] [stdout] error: cannot determine resolution for the attribute macro `basiliq_test`
[INFO] [stdout]   --> src/serve/tests/run_test.rs:33:11
[INFO] [stdout]    |
[INFO] [stdout] 33 |           #[basiliq_test(run_migrations, init_values)]
[INFO] [stdout]    |             ^^^^^^^^^^^^
[INFO] [stdout]    |
[INFO] [stdout]   ::: src/serve/tests/requests/select/obj/sparse.rs:23:1
[INFO] [stdout]    |
[INFO] [stdout] 23 | / crate::run_test_request!(
[INFO] [stdout] 24 | |     sparse_self_empty,
[INFO] [stdout] 25 | |     Method::GET,
[INFO] [stdout] 26 | |     format!(
[INFO] [stdout] ...  |
[INFO] [stdout] 30 | |     200
[INFO] [stdout] 31 | | );
[INFO] [stdout]    | |_- in this macro invocation
[INFO] [stdout]    |
[INFO] [stdout]    = note: import resolution is stuck, try simplifying macro imports
[INFO] [stdout]    = note: this error originates in the macro `crate::run_test_request` (in Nightly builds, run with -Z macro-backtrace for more info)
[INFO] [stdout] 
[INFO] [stdout] 
[INFO] [stdout] error: cannot determine resolution for the attribute macro `basiliq_test`
[INFO] [stdout]   --> src/serve/tests/run_test.rs:33:11
[INFO] [stdout]    |
[INFO] [stdout] 33 |           #[basiliq_test(run_migrations, init_values)]
[INFO] [stdout]    |             ^^^^^^^^^^^^
[INFO] [stdout]    |
[INFO] [stdout]   ::: src/serve/tests/requests/select/obj/sparse.rs:33:1
[INFO] [stdout]    |
[INFO] [stdout] 33 | / crate::run_test_request!(
[INFO] [stdout] 34 | |     sparse_other_single,
[INFO] [stdout] 35 | |     Method::GET,
[INFO] [stdout] 36 | |     format!(
[INFO] [stdout] ...  |
[INFO] [stdout] 40 | |     200
[INFO] [stdout] 41 | | );
[INFO] [stdout]    | |_- in this macro invocation
[INFO] [stdout]    |
[INFO] [stdout]    = note: import resolution is stuck, try simplifying macro imports
[INFO] [stdout]    = note: this error originates in the macro `crate::run_test_request` (in Nightly builds, run with -Z macro-backtrace for more info)
[INFO] [stdout] 
[INFO] [stdout] 
[INFO] [stdout] error: cannot determine resolution for the attribute macro `basiliq_test`
[INFO] [stdout]   --> src/serve/tests/run_test.rs:33:11
[INFO] [stdout]    |
[INFO] [stdout] 33 |           #[basiliq_test(run_migrations, init_values)]
[INFO] [stdout]    |             ^^^^^^^^^^^^
[INFO] [stdout]    |
[INFO] [stdout]   ::: src/serve/tests/requests/select/obj/sparse.rs:43:1
[INFO] [stdout]    |
[INFO] [stdout] 43 | / crate::run_test_request!(
[INFO] [stdout] 44 | |     sparse_other_multi,
[INFO] [stdout] 45 | |     Method::GET,
[INFO] [stdout] 46 | |     format!(
[INFO] [stdout] ...  |
[INFO] [stdout] 50 | |     200
[INFO] [stdout] 51 | | );
[INFO] [stdout]    | |_- in this macro invocation
[INFO] [stdout]    |
[INFO] [stdout]    = note: import resolution is stuck, try simplifying macro imports
[INFO] [stdout]    = note: this error originates in the macro `crate::run_test_request` (in Nightly builds, run with -Z macro-backtrace for more info)
[INFO] [stdout] 
[INFO] [stdout] 
[INFO] [stdout] error: cannot determine resolution for the attribute macro `basiliq_test`
[INFO] [stdout]   --> src/serve/tests/run_test.rs:33:11
[INFO] [stdout]    |
[INFO] [stdout] 33 |           #[basiliq_test(run_migrations, init_values)]
[INFO] [stdout]    |             ^^^^^^^^^^^^
[INFO] [stdout]    |
[INFO] [stdout]   ::: src/serve/tests/requests/select/obj/sparse.rs:53:1
[INFO] [stdout]    |
[INFO] [stdout] 53 | / crate::run_test_request!(
[INFO] [stdout] 54 | |     sparse_other_empty,
[INFO] [stdout] 55 | |     Method::GET,
[INFO] [stdout] 56 | |     format!(
[INFO] [stdout] ...  |
[INFO] [stdout] 60 | |     200
[INFO] [stdout] 61 | | );
[INFO] [stdout]    | |_- in this macro invocation
[INFO] [stdout]    |
[INFO] [stdout]    = note: import resolution is stuck, try simplifying macro imports
[INFO] [stdout]    = note: this error originates in the macro `crate::run_test_request` (in Nightly builds, run with -Z macro-backtrace for more info)
[INFO] [stdout] 
[INFO] [stdout] 
[INFO] [stdout] error: cannot determine resolution for the attribute macro `basiliq_test`
[INFO] [stdout]   --> src/serve/tests/run_test.rs:33:11
[INFO] [stdout]    |
[INFO] [stdout] 33 |           #[basiliq_test(run_migrations, init_values)]
[INFO] [stdout]    |             ^^^^^^^^^^^^
[INFO] [stdout]    |
[INFO] [stdout]   ::: src/serve/tests/requests/select/obj/sparse.rs:63:1
[INFO] [stdout]    |
[INFO] [stdout] 63 | / crate::run_test_request!(
[INFO] [stdout] 64 | |     sparse_other_all_empty,
[INFO] [stdout] 65 | |     Method::GET,
[INFO] [stdout] 66 | |     format!("/public__peoples/{}?include=public__articles&fields[public__articles]=&fields[public__peoples]=", PEOPLES_IDS[0]),
[INFO] [stdout] 67 | |     200
[INFO] [stdout] 68 | | );
[INFO] [stdout]    | |_- in this macro invocation
[INFO] [stdout]    |
[INFO] [stdout]    = note: import resolution is stuck, try simplifying macro imports
[INFO] [stdout]    = note: this error originates in the macro `crate::run_test_request` (in Nightly builds, run with -Z macro-backtrace for more info)
[INFO] [stdout] 
[INFO] [stdout] 
[INFO] [stdout] error: cannot determine resolution for the attribute macro `basiliq_test`
[INFO] [stdout]   --> src/serve/tests/run_test.rs:33:11
[INFO] [stdout]    |
[INFO] [stdout] 33 |           #[basiliq_test(run_migrations, init_values)]
[INFO] [stdout]    |             ^^^^^^^^^^^^
[INFO] [stdout]    |
[INFO] [stdout]   ::: src/serve/tests/requests/select/objs/include.rs:3:1
[INFO] [stdout]    |
[INFO] [stdout] 3  | / crate::run_test_request!(
[INFO] [stdout] 4  | |     include_rel_m2o,
[INFO] [stdout] 5  | |     Method::GET,
[INFO] [stdout] 6  | |     "/public__peoples?include=public__favorite_color",
[INFO] [stdout] 7  | |     200
[INFO] [stdout] 8  | | );
[INFO] [stdout]    | |_- in this macro invocation
[INFO] [stdout]    |
[INFO] [stdout]    = note: import resolution is stuck, try simplifying macro imports
[INFO] [stdout]    = note: this error originates in the macro `crate::run_test_request` (in Nightly builds, run with -Z macro-backtrace for more info)
[INFO] [stdout] 
[INFO] [stdout] 
[INFO] [stdout] error: cannot determine resolution for the attribute macro `basiliq_test`
[INFO] [stdout]   --> src/serve/tests/run_test.rs:33:11
[INFO] [stdout]    |
[INFO] [stdout] 33 |           #[basiliq_test(run_migrations, init_values)]
[INFO] [stdout]    |             ^^^^^^^^^^^^
[INFO] [stdout]    |
[INFO] [stdout]   ::: src/serve/tests/requests/select/objs/include.rs:9:1
[INFO] [stdout]    |
[INFO] [stdout] 9  | / crate::run_test_request!(
[INFO] [stdout] 10 | |     include_rel_m2m,
[INFO] [stdout] 11 | |     Method::GET,
[INFO] [stdout] 12 | |     "/public__peoples?include=public__articles",
[INFO] [stdout] 13 | |     200
[INFO] [stdout] 14 | | );
[INFO] [stdout]    | |_- in this macro invocation
[INFO] [stdout]    |
[INFO] [stdout]    = note: import resolution is stuck, try simplifying macro imports
[INFO] [stdout]    = note: this error originates in the macro `crate::run_test_request` (in Nightly builds, run with -Z macro-backtrace for more info)
[INFO] [stdout] 
[INFO] [stdout] 
[INFO] [stdout] error: cannot determine resolution for the attribute macro `basiliq_test`
[INFO] [stdout]   --> src/serve/tests/run_test.rs:33:11
[INFO] [stdout]    |
[INFO] [stdout] 33 |           #[basiliq_test(run_migrations, init_values)]
[INFO] [stdout]    |             ^^^^^^^^^^^^
[INFO] [stdout]    |
[INFO] [stdout]   ::: src/serve/tests/requests/select/objs/include.rs:15:1
[INFO] [stdout]    |
[INFO] [stdout] 15 | / crate::run_test_request!(
[INFO] [stdout] 16 | |     include_rel_o2m,
[INFO] [stdout] 17 | |     Method::GET,
[INFO] [stdout] 18 | |     "/public__peoples?include=public__people-article",
[INFO] [stdout] 19 | |     200
[INFO] [stdout] 20 | | );
[INFO] [stdout]    | |_- in this macro invocation
[INFO] [stdout]    |
[INFO] [stdout]    = note: import resolution is stuck, try simplifying macro imports
[INFO] [stdout]    = note: this error originates in the macro `crate::run_test_request` (in Nightly builds, run with -Z macro-backtrace for more info)
[INFO] [stdout] 
[INFO] [stdout] 
[INFO] [stdout] error: cannot determine resolution for the attribute macro `basiliq_test`
[INFO] [stdout]   --> src/serve/tests/run_test.rs:33:11
[INFO] [stdout]    |
[INFO] [stdout] 33 |           #[basiliq_test(run_migrations, init_values)]
[INFO] [stdout]    |             ^^^^^^^^^^^^
[INFO] [stdout]    |
[INFO] [stdout]   ::: src/serve/tests/requests/select/objs/include.rs:22:1
[INFO] [stdout]    |
[INFO] [stdout] 22 | / crate::run_test_request!(
[INFO] [stdout] 23 | |     include_distant,
[INFO] [stdout] 24 | |     Method::GET,
[INFO] [stdout] 25 | |     "/public__peoples?include=public__articles.public__comments",
[INFO] [stdout] 26 | |     200
[INFO] [stdout] 27 | | );
[INFO] [stdout]    | |_- in this macro invocation
[INFO] [stdout]    |
[INFO] [stdout]    = note: import resolution is stuck, try simplifying macro imports
[INFO] [stdout]    = note: this error originates in the macro `crate::run_test_request` (in Nightly builds, run with -Z macro-backtrace for more info)
[INFO] [stdout] 
[INFO] [stdout] 
[INFO] [stdout] error: cannot determine resolution for the attribute macro `basiliq_test`
[INFO] [stdout]   --> src/serve/tests/run_test.rs:33:11
[INFO] [stdout]    |
[INFO] [stdout] 33 |           #[basiliq_test(run_migrations, init_values)]
[INFO] [stdout]    |             ^^^^^^^^^^^^
[INFO] [stdout]    |
[INFO] [stdout]   ::: src/serve/tests/requests/select/objs/include.rs:28:1
[INFO] [stdout]    |
[INFO] [stdout] 28 | / crate::run_test_request!(
[INFO] [stdout] 29 | |     include_distant_self,
[INFO] [stdout] 30 | |     Method::GET,
[INFO] [stdout] 31 | |     "/public__peoples?include=public__articles.public__comments.public__peoples",
[INFO] [stdout] 32 | |     200
[INFO] [stdout] 33 | | );
[INFO] [stdout]    | |_- in this macro invocation
[INFO] [stdout]    |
[INFO] [stdout]    = note: import resolution is stuck, try simplifying macro imports
[INFO] [stdout]    = note: this error originates in the macro `crate::run_test_request` (in Nightly builds, run with -Z macro-backtrace for more info)
[INFO] [stdout] 
[INFO] [stdout] 
[INFO] [stdout] error: cannot determine resolution for the attribute macro `basiliq_test`
[INFO] [stdout]   --> src/serve/tests/run_test.rs:33:11
[INFO] [stdout]    |
[INFO] [stdout] 33 |         #[basiliq_test(run_migrations, init_values)]
[INFO] [stdout]    |           ^^^^^^^^^^^^
[INFO] [stdout]    |
[INFO] [stdout]   ::: src/serve/tests/requests/select/objs/normal.rs:3:1
[INFO] [stdout]    |
[INFO] [stdout] 3  | crate::run_test_request!(get_all, Method::GET, "/public__peoples", 200);
[INFO] [stdout]    | ----------------------------------------------------------------------- in this macro invocation
[INFO] [stdout]    |
[INFO] [stdout]    = note: import resolution is stuck, try simplifying macro imports
[INFO] [stdout]    = note: this error originates in the macro `crate::run_test_request` (in Nightly builds, run with -Z macro-backtrace for more info)
[INFO] [stdout] 
[INFO] [stdout] 
[INFO] [stdout] error: cannot determine resolution for the attribute macro `basiliq_test`
[INFO] [stdout]   --> src/serve/tests/run_test.rs:33:11
[INFO] [stdout]    |
[INFO] [stdout] 33 |           #[basiliq_test(run_migrations, init_values)]
[INFO] [stdout]    |             ^^^^^^^^^^^^
[INFO] [stdout]    |
[INFO] [stdout]   ::: src/serve/tests/requests/select/objs/sort.rs:3:1
[INFO] [stdout]    |
[INFO] [stdout] 3  | / crate::run_test_request!(
[INFO] [stdout] 4  | |     sort_local_single,
[INFO] [stdout] 5  | |     Method::GET,
[INFO] [stdout] 6  | |     "/public__peoples?sort=first-name",
[INFO] [stdout] 7  | |     200
[INFO] [stdout] 8  | | );
[INFO] [stdout]    | |_- in this macro invocation
[INFO] [stdout]    |
[INFO] [stdout]    = note: import resolution is stuck, try simplifying macro imports
[INFO] [stdout]    = note: this error originates in the macro `crate::run_test_request` (in Nightly builds, run with -Z macro-backtrace for more info)
[INFO] [stdout] 
[INFO] [stdout] 
[INFO] [stdout] error: cannot determine resolution for the attribute macro `basiliq_test`
[INFO] [stdout]   --> src/serve/tests/run_test.rs:33:11
[INFO] [stdout]    |
[INFO] [stdout] 33 |           #[basiliq_test(run_migrations, init_values)]
[INFO] [stdout]    |             ^^^^^^^^^^^^
[INFO] [stdout]    |
[INFO] [stdout]   ::: src/serve/tests/requests/select/objs/sort.rs:10:1
[INFO] [stdout]    |
[INFO] [stdout] 10 | / crate::run_test_request!(
[INFO] [stdout] 11 | |     sort_local_multi,
[INFO] [stdout] 12 | |     Method::GET,
[INFO] [stdout] 13 | |     "/public__peoples?sort=-first-name",
[INFO] [stdout] 14 | |     200
[INFO] [stdout] 15 | | );
[INFO] [stdout]    | |_- in this macro invocation
[INFO] [stdout]    |
[INFO] [stdout]    = note: import resolution is stuck, try simplifying macro imports
[INFO] [stdout]    = note: this error originates in the macro `crate::run_test_request` (in Nightly builds, run with -Z macro-backtrace for more info)
[INFO] [stdout] 
[INFO] [stdout] 
[INFO] [stdout] error: cannot determine resolution for the attribute macro `basiliq_test`
[INFO] [stdout]   --> src/serve/tests/run_test.rs:33:11
[INFO] [stdout]    |
[INFO] [stdout] 33 |           #[basiliq_test(run_migrations, init_values)]
[INFO] [stdout]    |             ^^^^^^^^^^^^
[INFO] [stdout]    |
[INFO] [stdout]   ::: src/serve/tests/requests/select/objs/sort.rs:17:1
[INFO] [stdout]    |
[INFO] [stdout] 17 | / crate::run_test_request!(
[INFO] [stdout] 18 | |     sort_remote_single,
[INFO] [stdout] 19 | |     Method::GET,
[INFO] [stdout] 20 | |     "/public__peoples?sort=public__favorite_color.color",
[INFO] [stdout] 21 | |     200
[INFO] [stdout] 22 | | );
[INFO] [stdout]    | |_- in this macro invocation
[INFO] [stdout]    |
[INFO] [stdout]    = note: import resolution is stuck, try simplifying macro imports
[INFO] [stdout]    = note: this error originates in the macro `crate::run_test_request` (in Nightly builds, run with -Z macro-backtrace for more info)
[INFO] [stdout] 
[INFO] [stdout] 
[INFO] [stdout] error: cannot determine resolution for the attribute macro `basiliq_test`
[INFO] [stdout]   --> src/serve/tests/run_test.rs:33:11
[INFO] [stdout]    |
[INFO] [stdout] 33 |           #[basiliq_test(run_migrations, init_values)]
[INFO] [stdout]    |             ^^^^^^^^^^^^
[INFO] [stdout]    |
[INFO] [stdout]   ::: src/serve/tests/requests/select/objs/sort.rs:24:1
[INFO] [stdout]    |
[INFO] [stdout] 24 | / crate::run_test_request!(
[INFO] [stdout] 25 | |     sort_remote_single_multi,
[INFO] [stdout] 26 | |     Method::GET,
[INFO] [stdout] 27 | |     "/public__peoples?sort=-public__favorite_color.color,-first-name",
[INFO] [stdout] 28 | |     200
[INFO] [stdout] 29 | | );
[INFO] [stdout]    | |_- in this macro invocation
[INFO] [stdout]    |
[INFO] [stdout]    = note: import resolution is stuck, try simplifying macro imports
[INFO] [stdout]    = note: this error originates in the macro `crate::run_test_request` (in Nightly builds, run with -Z macro-backtrace for more info)
[INFO] [stdout] 
[INFO] [stdout] 
[INFO] [stdout] error: cannot determine resolution for the attribute macro `basiliq_test`
[INFO] [stdout]   --> src/serve/tests/run_test.rs:33:11
[INFO] [stdout]    |
[INFO] [stdout] 33 |           #[basiliq_test(run_migrations, init_values)]
[INFO] [stdout]    |             ^^^^^^^^^^^^
[INFO] [stdout]    |
[INFO] [stdout]   ::: src/serve/tests/requests/select/objs/sparse.rs:3:1
[INFO] [stdout]    |
[INFO] [stdout] 3  | / crate::run_test_request!(
[INFO] [stdout] 4  | |     sparse_self_single,
[INFO] [stdout] 5  | |     Method::GET,
[INFO] [stdout] 6  | |     "/public__peoples?fields[public__peoples]=first-name",
[INFO] [stdout] 7  | |     200
[INFO] [stdout] 8  | | );
[INFO] [stdout]    | |_- in this macro invocation
[INFO] [stdout]    |
[INFO] [stdout]    = note: import resolution is stuck, try simplifying macro imports
[INFO] [stdout]    = note: this error originates in the macro `crate::run_test_request` (in Nightly builds, run with -Z macro-backtrace for more info)
[INFO] [stdout] 
[INFO] [stdout] 
[INFO] [stdout] error: cannot determine resolution for the attribute macro `basiliq_test`
[INFO] [stdout]   --> src/serve/tests/run_test.rs:33:11
[INFO] [stdout]    |
[INFO] [stdout] 33 |           #[basiliq_test(run_migrations, init_values)]
[INFO] [stdout]    |             ^^^^^^^^^^^^
[INFO] [stdout]    |
[INFO] [stdout]   ::: src/serve/tests/requests/select/objs/sparse.rs:10:1
[INFO] [stdout]    |
[INFO] [stdout] 10 | / crate::run_test_request!(
[INFO] [stdout] 11 | |     sparse_self_multi,
[INFO] [stdout] 12 | |     Method::GET,
[INFO] [stdout] 13 | |     "/public__peoples?fields[public__peoples]=first-name,last-name,age",
[INFO] [stdout] 14 | |     200
[INFO] [stdout] 15 | | );
[INFO] [stdout]    | |_- in this macro invocation
[INFO] [stdout]    |
[INFO] [stdout]    = note: import resolution is stuck, try simplifying macro imports
[INFO] [stdout]    = note: this error originates in the macro `crate::run_test_request` (in Nightly builds, run with -Z macro-backtrace for more info)
[INFO] [stdout] 
[INFO] [stdout] 
[INFO] [stdout] error: cannot determine resolution for the attribute macro `basiliq_test`
[INFO] [stdout]   --> src/serve/tests/run_test.rs:33:11
[INFO] [stdout]    |
[INFO] [stdout] 33 |           #[basiliq_test(run_migrations, init_values)]
[INFO] [stdout]    |             ^^^^^^^^^^^^
[INFO] [stdout]    |
[INFO] [stdout]   ::: src/serve/tests/requests/select/objs/sparse.rs:17:1
[INFO] [stdout]    |
[INFO] [stdout] 17 | / crate::run_test_request!(
[INFO] [stdout] 18 | |     sparse_self_empty,
[INFO] [stdout] 19 | |     Method::GET,
[INFO] [stdout] 20 | |     "/public__peoples?fields[public__peoples]=",
[INFO] [stdout] 21 | |     200
[INFO] [stdout] 22 | | );
[INFO] [stdout]    | |_- in this macro invocation
[INFO] [stdout]    |
[INFO] [stdout]    = note: import resolution is stuck, try simplifying macro imports
[INFO] [stdout]    = note: this error originates in the macro `crate::run_test_request` (in Nightly builds, run with -Z macro-backtrace for more info)
[INFO] [stdout] 
[INFO] [stdout] 
[INFO] [stdout] error: cannot determine resolution for the attribute macro `basiliq_test`
[INFO] [stdout]   --> src/serve/tests/run_test.rs:33:11
[INFO] [stdout]    |
[INFO] [stdout] 33 |           #[basiliq_test(run_migrations, init_values)]
[INFO] [stdout]    |             ^^^^^^^^^^^^
[INFO] [stdout]    |
[INFO] [stdout]   ::: src/serve/tests/requests/select/objs/sparse.rs:24:1
[INFO] [stdout]    |
[INFO] [stdout] 24 | / crate::run_test_request!(
[INFO] [stdout] 25 | |     sparse_other_single,
[INFO] [stdout] 26 | |     Method::GET,
[INFO] [stdout] 27 | |     "/public__peoples?include=public__articles&fields[public__articles]=title",
[INFO] [stdout] 28 | |     200
[INFO] [stdout] 29 | | );
[INFO] [stdout]    | |_- in this macro invocation
[INFO] [stdout]    |
[INFO] [stdout]    = note: import resolution is stuck, try simplifying macro imports
[INFO] [stdout]    = note: this error originates in the macro `crate::run_test_request` (in Nightly builds, run with -Z macro-backtrace for more info)
[INFO] [stdout] 
[INFO] [stdout] 
[INFO] [stdout] error: cannot determine resolution for the attribute macro `basiliq_test`
[INFO] [stdout]   --> src/serve/tests/run_test.rs:33:11
[INFO] [stdout]    |
[INFO] [stdout] 33 |           #[basiliq_test(run_migrations, init_values)]
[INFO] [stdout]    |             ^^^^^^^^^^^^
[INFO] [stdout]    |
[INFO] [stdout]   ::: src/serve/tests/requests/select/objs/sparse.rs:31:1
[INFO] [stdout]    |
[INFO] [stdout] 31 | / crate::run_test_request!(
[INFO] [stdout] 32 | |     sparse_other_multi,
[INFO] [stdout] 33 | |     Method::GET,
[INFO] [stdout] 34 | |     "/public__peoples?include=public__articles&fields[public__articles]=title,body",
[INFO] [stdout] 35 | |     200
[INFO] [stdout] 36 | | );
[INFO] [stdout]    | |_- in this macro invocation
[INFO] [stdout]    |
[INFO] [stdout]    = note: import resolution is stuck, try simplifying macro imports
[INFO] [stdout]    = note: this error originates in the macro `crate::run_test_request` (in Nightly builds, run with -Z macro-backtrace for more info)
[INFO] [stdout] 
[INFO] [stdout] 
[INFO] [stdout] error: cannot determine resolution for the attribute macro `basiliq_test`
[INFO] [stdout]   --> src/serve/tests/run_test.rs:33:11
[INFO] [stdout]    |
[INFO] [stdout] 33 |           #[basiliq_test(run_migrations, init_values)]
[INFO] [stdout]    |             ^^^^^^^^^^^^
[INFO] [stdout]    |
[INFO] [stdout]   ::: src/serve/tests/requests/select/objs/sparse.rs:38:1
[INFO] [stdout]    |
[INFO] [stdout] 38 | / crate::run_test_request!(
[INFO] [stdout] 39 | |     sparse_other_empty,
[INFO] [stdout] 40 | |     Method::GET,
[INFO] [stdout] 41 | |     "/public__peoples?include=public__articles&fields[public__articles]=",
[INFO] [stdout] 42 | |     200
[INFO] [stdout] 43 | | );
[INFO] [stdout]    | |_- in this macro invocation
[INFO] [stdout]    |
[INFO] [stdout]    = note: import resolution is stuck, try simplifying macro imports
[INFO] [stdout]    = note: this error originates in the macro `crate::run_test_request` (in Nightly builds, run with -Z macro-backtrace for more info)
[INFO] [stdout] 
[INFO] [stdout] 
[INFO] [stdout] error: cannot determine resolution for the attribute macro `basiliq_test`
[INFO] [stdout]   --> src/serve/tests/run_test.rs:33:11
[INFO] [stdout]    |
[INFO] [stdout] 33 |           #[basiliq_test(run_migrations, init_values)]
[INFO] [stdout]    |             ^^^^^^^^^^^^
[INFO] [stdout]    |
[INFO] [stdout]   ::: src/serve/tests/requests/select/objs/sparse.rs:45:1
[INFO] [stdout]    |
[INFO] [stdout] 45 | / crate::run_test_request!(
[INFO] [stdout] 46 | |     sparse_other_all_empty,
[INFO] [stdout] 47 | |     Method::GET,
[INFO] [stdout] 48 | |     "/public__peoples?include=public__articles&fields[public__articles]=&fields[public__peoples]=",
[INFO] [stdout] 49 | |     200
[INFO] [stdout] 50 | | );
[INFO] [stdout]    | |_- in this macro invocation
[INFO] [stdout]    |
[INFO] [stdout]    = note: import resolution is stuck, try simplifying macro imports
[INFO] [stdout]    = note: this error originates in the macro `crate::run_test_request` (in Nightly builds, run with -Z macro-backtrace for more info)
[INFO] [stdout] 
[INFO] [stdout] 
[INFO] [stdout] error: cannot determine resolution for the attribute macro `basiliq_test`
[INFO] [stdout]   --> src/serve/tests/run_test.rs:33:11
[INFO] [stdout]    |
[INFO] [stdout] 33 |           #[basiliq_test(run_migrations, init_values)]
[INFO] [stdout]    |             ^^^^^^^^^^^^
[INFO] [stdout]    |
[INFO] [stdout]   ::: src/serve/tests/requests/select/related/include.rs:3:1
[INFO] [stdout]    |
[INFO] [stdout] 3  | / crate::run_test_request!(
[INFO] [stdout] 4  | |     include_rel_m2o,
[INFO] [stdout] 5  | |     Method::GET,
[INFO] [stdout] 6  | |     format!(
[INFO] [stdout] ...  |
[INFO] [stdout] 10 | |     200
[INFO] [stdout] 11 | | );
[INFO] [stdout]    | |_- in this macro invocation
[INFO] [stdout]    |
[INFO] [stdout]    = note: import resolution is stuck, try simplifying macro imports
[INFO] [stdout]    = note: this error originates in the macro `crate::run_test_request` (in Nightly builds, run with -Z macro-backtrace for more info)
[INFO] [stdout] 
[INFO] [stdout] 
[INFO] [stdout] error: cannot determine resolution for the attribute macro `basiliq_test`
[INFO] [stdout]   --> src/serve/tests/run_test.rs:33:11
[INFO] [stdout]    |
[INFO] [stdout] 33 |           #[basiliq_test(run_migrations, init_values)]
[INFO] [stdout]    |             ^^^^^^^^^^^^
[INFO] [stdout]    |
[INFO] [stdout]   ::: src/serve/tests/requests/select/related/include.rs:13:1
[INFO] [stdout]    |
[INFO] [stdout] 13 | / crate::run_test_request!(
[INFO] [stdout] 14 | |     include_self,
[INFO] [stdout] 15 | |     Method::GET,
[INFO] [stdout] 16 | |     format!(
[INFO] [stdout] ...  |
[INFO] [stdout] 20 | |     200
[INFO] [stdout] 21 | | );
[INFO] [stdout]    | |_- in this macro invocation
[INFO] [stdout]    |
[INFO] [stdout]    = note: import resolution is stuck, try simplifying macro imports
[INFO] [stdout]    = note: this error originates in the macro `crate::run_test_request` (in Nightly builds, run with -Z macro-backtrace for more info)
[INFO] [stdout] 
[INFO] [stdout] 
[INFO] [stdout] error: cannot determine resolution for the attribute macro `basiliq_test`
[INFO] [stdout]   --> src/serve/tests/run_test.rs:33:11
[INFO] [stdout]    |
[INFO] [stdout] 33 |           #[basiliq_test(run_migrations, init_values)]
[INFO] [stdout]    |             ^^^^^^^^^^^^
[INFO] [stdout]    |
[INFO] [stdout]   ::: src/serve/tests/requests/select/related/include.rs:23:1
[INFO] [stdout]    |
[INFO] [stdout] 23 | / crate::run_test_request!(
[INFO] [stdout] 24 | |     include_rel_o2m,
[INFO] [stdout] 25 | |     Method::GET,
[INFO] [stdout] 26 | |     format!(
[INFO] [stdout] ...  |
[INFO] [stdout] 30 | |     200
[INFO] [stdout] 31 | | );
[INFO] [stdout]    | |_- in this macro invocation
[INFO] [stdout]    |
[INFO] [stdout]    = note: import resolution is stuck, try simplifying macro imports
[INFO] [stdout]    = note: this error originates in the macro `crate::run_test_request` (in Nightly builds, run with -Z macro-backtrace for more info)
[INFO] [stdout] 
[INFO] [stdout] 
[INFO] [stdout] error: cannot determine resolution for the attribute macro `basiliq_test`
[INFO] [stdout]   --> src/serve/tests/run_test.rs:33:11
[INFO] [stdout]    |
[INFO] [stdout] 33 |           #[basiliq_test(run_migrations, init_values)]
[INFO] [stdout]    |             ^^^^^^^^^^^^
[INFO] [stdout]    |
[INFO] [stdout]   ::: src/serve/tests/requests/select/related/include.rs:33:1
[INFO] [stdout]    |
[INFO] [stdout] 33 | / crate::run_test_request!(
[INFO] [stdout] 34 | |     include_distant,
[INFO] [stdout] 35 | |     Method::GET,
[INFO] [stdout] 36 | |     format!(
[INFO] [stdout] ...  |
[INFO] [stdout] 40 | |     200
[INFO] [stdout] 41 | | );
[INFO] [stdout]    | |_- in this macro invocation
[INFO] [stdout]    |
[INFO] [stdout]    = note: import resolution is stuck, try simplifying macro imports
[INFO] [stdout]    = note: this error originates in the macro `crate::run_test_request` (in Nightly builds, run with -Z macro-backtrace for more info)
[INFO] [stdout] 
[INFO] [stdout] 
[INFO] [stdout] error: cannot determine resolution for the attribute macro `basiliq_test`
[INFO] [stdout]   --> src/serve/tests/run_test.rs:33:11
[INFO] [stdout]    |
[INFO] [stdout] 33 |           #[basiliq_test(run_migrations, init_values)]
[INFO] [stdout]    |             ^^^^^^^^^^^^
[INFO] [stdout]    |
[INFO] [stdout]   ::: src/serve/tests/requests/select/related/include.rs:42:1
[INFO] [stdout]    |
[INFO] [stdout] 42 | / crate::run_test_request!(
[INFO] [stdout] 43 | |     include_distant_self,
[INFO] [stdout] 44 | |     Method::GET,
[INFO] [stdout] 45 | |     format!(
[INFO] [stdout] ...  |
[INFO] [stdout] 49 | |     200
[INFO] [stdout] 50 | | );
[INFO] [stdout]    | |_- in this macro invocation
[INFO] [stdout]    |
[INFO] [stdout]    = note: import resolution is stuck, try simplifying macro imports
[INFO] [stdout]    = note: this error originates in the macro `crate::run_test_request` (in Nightly builds, run with -Z macro-backtrace for more info)
[INFO] [stdout] 
[INFO] [stdout] 
[INFO] [stdout] error: cannot determine resolution for the attribute macro `basiliq_test`
[INFO] [stdout]   --> src/serve/tests/run_test.rs:33:11
[INFO] [stdout]    |
[INFO] [stdout] 33 |           #[basiliq_test(run_migrations, init_values)]
[INFO] [stdout]    |             ^^^^^^^^^^^^
[INFO] [stdout]    |
[INFO] [stdout]   ::: src/serve/tests/requests/select/related/normal.rs:3:1
[INFO] [stdout]    |
[INFO] [stdout] 3  | / crate::run_test_request!(
[INFO] [stdout] 4  | |     get_multi,
[INFO] [stdout] 5  | |     Method::GET,
[INFO] [stdout] 6  | |     format!("/public__peoples/{}/public__articles", PEOPLES_IDS[0]),
[INFO] [stdout] 7  | |     200
[INFO] [stdout] 8  | | );
[INFO] [stdout]    | |_- in this macro invocation
[INFO] [stdout]    |
[INFO] [stdout]    = note: import resolution is stuck, try simplifying macro imports
[INFO] [stdout]    = note: this error originates in the macro `crate::run_test_request` (in Nightly builds, run with -Z macro-backtrace for more info)
[INFO] [stdout] 
[INFO] [stdout] 
[INFO] [stdout] error: cannot determine resolution for the attribute macro `basiliq_test`
[INFO] [stdout]   --> src/serve/tests/run_test.rs:33:11
[INFO] [stdout]    |
[INFO] [stdout] 33 |           #[basiliq_test(run_migrations, init_values)]
[INFO] [stdout]    |             ^^^^^^^^^^^^
[INFO] [stdout]    |
[INFO] [stdout]   ::: src/serve/tests/requests/select/related/normal.rs:9:1
[INFO] [stdout]    |
[INFO] [stdout] 9  | / crate::run_test_request!(
[INFO] [stdout] 10 | |     get_single,
[INFO] [stdout] 11 | |     Method::GET,
[INFO] [stdout] 12 | |     format!("/public__peoples/{}/public__favorite_color", PEOPLES_IDS[0]),
[INFO] [stdout] 13 | |     200
[INFO] [stdout] 14 | | );
[INFO] [stdout]    | |_- in this macro invocation
[INFO] [stdout]    |
[INFO] [stdout]    = note: import resolution is stuck, try simplifying macro imports
[INFO] [stdout]    = note: this error originates in the macro `crate::run_test_request` (in Nightly builds, run with -Z macro-backtrace for more info)
[INFO] [stdout] 
[INFO] [stdout] 
[INFO] [stdout] error: cannot determine resolution for the attribute macro `basiliq_test`
[INFO] [stdout]   --> src/serve/tests/run_test.rs:33:11
[INFO] [stdout]    |
[INFO] [stdout] 33 |           #[basiliq_test(run_migrations, init_values)]
[INFO] [stdout]    |             ^^^^^^^^^^^^
[INFO] [stdout]    |
[INFO] [stdout]   ::: src/serve/tests/requests/select/related/normal.rs:15:1
[INFO] [stdout]    |
[INFO] [stdout] 15 | / crate::run_test_request!(
[INFO] [stdout] 16 | |     get_unknown,
[INFO] [stdout] 17 | |     Method::GET,
[INFO] [stdout] 18 | |     format!(
[INFO] [stdout] ...  |
[INFO] [stdout] 22 | |     400
[INFO] [stdout] 23 | | );
[INFO] [stdout]    | |_- in this macro invocation
[INFO] [stdout]    |
[INFO] [stdout]    = note: import resolution is stuck, try simplifying macro imports
[INFO] [stdout]    = note: this error originates in the macro `crate::run_test_request` (in Nightly builds, run with -Z macro-backtrace for more info)
[INFO] [stdout] 
[INFO] [stdout] 
[INFO] [stdout] error: cannot determine resolution for the attribute macro `basiliq_test`
[INFO] [stdout]   --> src/serve/tests/run_test.rs:33:11
[INFO] [stdout]    |
[INFO] [stdout] 33 |           #[basiliq_test(run_migrations, init_values)]
[INFO] [stdout]    |             ^^^^^^^^^^^^
[INFO] [stdout]    |
[INFO] [stdout]   ::: src/serve/tests/requests/select/related/sort.rs:3:1
[INFO] [stdout]    |
[INFO] [stdout] 3  | / crate::run_test_request!(
[INFO] [stdout] 4  | |     sort_local_single,
[INFO] [stdout] 5  | |     Method::GET,
[INFO] [stdout] 6  | |     format!(
[INFO] [stdout] ...  |
[INFO] [stdout] 10 | |     200
[INFO] [stdout] 11 | | );
[INFO] [stdout]    | |_- in this macro invocation
[INFO] [stdout]    |
[INFO] [stdout]    = note: import resolution is stuck, try simplifying macro imports
[INFO] [stdout]    = note: this error originates in the macro `crate::run_test_request` (in Nightly builds, run with -Z macro-backtrace for more info)
[INFO] [stdout] 
[INFO] [stdout] 
[INFO] [stdout] error: cannot determine resolution for the attribute macro `basiliq_test`
[INFO] [stdout]   --> src/serve/tests/run_test.rs:33:11
[INFO] [stdout]    |
[INFO] [stdout] 33 |           #[basiliq_test(run_migrations, init_values)]
[INFO] [stdout]    |             ^^^^^^^^^^^^
[INFO] [stdout]    |
[INFO] [stdout]   ::: src/serve/tests/requests/select/related/sort.rs:13:1
[INFO] [stdout]    |
[INFO] [stdout] 13 | / crate::run_test_request!(
[INFO] [stdout] 14 | |     sort_local_multi,
[INFO] [stdout] 15 | |     Method::GET,
[INFO] [stdout] 16 | |     format!(
[INFO] [stdout] ...  |
[INFO] [stdout] 20 | |     200
[INFO] [stdout] 21 | | );
[INFO] [stdout]    | |_- in this macro invocation
[INFO] [stdout]    |
[INFO] [stdout]    = note: import resolution is stuck, try simplifying macro imports
[INFO] [stdout]    = note: this error originates in the macro `crate::run_test_request` (in Nightly builds, run with -Z macro-backtrace for more info)
[INFO] [stdout] 
[INFO] [stdout] 
[INFO] [stdout] error: cannot determine resolution for the attribute macro `basiliq_test`
[INFO] [stdout]   --> src/serve/tests/run_test.rs:33:11
[INFO] [stdout]    |
[INFO] [stdout] 33 |           #[basiliq_test(run_migrations, init_values)]
[INFO] [stdout]    |             ^^^^^^^^^^^^
[INFO] [stdout]    |
[INFO] [stdout]   ::: src/serve/tests/requests/select/related/sort.rs:23:1
[INFO] [stdout]    |
[INFO] [stdout] 23 | / crate::run_test_request!(
[INFO] [stdout] 24 | |     sort_remote_single,
[INFO] [stdout] 25 | |     Method::GET,
[INFO] [stdout] 26 | |     format!(
[INFO] [stdout] ...  |
[INFO] [stdout] 30 | |     200
[INFO] [stdout] 31 | | );
[INFO] [stdout]    | |_- in this macro invocation
[INFO] [stdout]    |
[INFO] [stdout]    = note: import resolution is stuck, try simplifying macro imports
[INFO] [stdout]    = note: this error originates in the macro `crate::run_test_request` (in Nightly builds, run with -Z macro-backtrace for more info)
[INFO] [stdout] 
[INFO] [stdout] 
[INFO] [stdout] error: cannot determine resolution for the attribute macro `basiliq_test`
[INFO] [stdout]   --> src/serve/tests/run_test.rs:33:11
[INFO] [stdout]    |
[INFO] [stdout] 33 |           #[basiliq_test(run_migrations, init_values)]
[INFO] [stdout]    |             ^^^^^^^^^^^^
[INFO] [stdout]    |
[INFO] [stdout]   ::: src/serve/tests/requests/select/related/sort.rs:33:1
[INFO] [stdout]    |
[INFO] [stdout] 33 | / crate::run_test_request!(
[INFO] [stdout] 34 | |     sort_remote_single_multi,
[INFO] [stdout] 35 | |     Method::GET,
[INFO] [stdout] 36 | |     format!(
[INFO] [stdout] ...  |
[INFO] [stdout] 40 | |     200
[INFO] [stdout] 41 | | );
[INFO] [stdout]    | |_- in this macro invocation
[INFO] [stdout]    |
[INFO] [stdout]    = note: import resolution is stuck, try simplifying macro imports
[INFO] [stdout]    = note: this error originates in the macro `crate::run_test_request` (in Nightly builds, run with -Z macro-backtrace for more info)
[INFO] [stdout] 
[INFO] [stdout] 
[INFO] [stdout] error: cannot determine resolution for the attribute macro `basiliq_test`
[INFO] [stdout]   --> src/serve/tests/run_test.rs:33:11
[INFO] [stdout]    |
[INFO] [stdout] 33 |           #[basiliq_test(run_migrations, init_values)]
[INFO] [stdout]    |             ^^^^^^^^^^^^
[INFO] [stdout]    |
[INFO] [stdout]   ::: src/serve/tests/requests/select/related/sparse.rs:3:1
[INFO] [stdout]    |
[INFO] [stdout] 3  | / crate::run_test_request!(
[INFO] [stdout] 4  | |     sparse_self_single,
[INFO] [stdout] 5  | |     Method::GET,
[INFO] [stdout] 6  | |     format!(
[INFO] [stdout] ...  |
[INFO] [stdout] 10 | |     200
[INFO] [stdout] 11 | | );
[INFO] [stdout]    | |_- in this macro invocation
[INFO] [stdout]    |
[INFO] [stdout]    = note: import resolution is stuck, try simplifying macro imports
[INFO] [stdout]    = note: this error originates in the macro `crate::run_test_request` (in Nightly builds, run with -Z macro-backtrace for more info)
[INFO] [stdout] 
[INFO] [stdout] 
[INFO] [stdout] error: cannot determine resolution for the attribute macro `basiliq_test`
[INFO] [stdout]   --> src/serve/tests/run_test.rs:33:11
[INFO] [stdout]    |
[INFO] [stdout] 33 |           #[basiliq_test(run_migrations, init_values)]
[INFO] [stdout]    |             ^^^^^^^^^^^^
[INFO] [stdout]    |
[INFO] [stdout]   ::: src/serve/tests/requests/select/related/sparse.rs:13:1
[INFO] [stdout]    |
[INFO] [stdout] 13 | / crate::run_test_request!(
[INFO] [stdout] 14 | |     sparse_self_multi,
[INFO] [stdout] 15 | |     Method::GET,
[INFO] [stdout] 16 | |     format!(
[INFO] [stdout] ...  |
[INFO] [stdout] 20 | |     200
[INFO] [stdout] 21 | | );
[INFO] [stdout]    | |_- in this macro invocation
[INFO] [stdout]    |
[INFO] [stdout]    = note: import resolution is stuck, try simplifying macro imports
[INFO] [stdout]    = note: this error originates in the macro `crate::run_test_request` (in Nightly builds, run with -Z macro-backtrace for more info)
[INFO] [stdout] 
[INFO] [stdout] 
[INFO] [stdout] error: cannot determine resolution for the attribute macro `basiliq_test`
[INFO] [stdout]   --> src/serve/tests/run_test.rs:33:11
[INFO] [stdout]    |
[INFO] [stdout] 33 |           #[basiliq_test(run_migrations, init_values)]
[INFO] [stdout]    |             ^^^^^^^^^^^^
[INFO] [stdout]    |
[INFO] [stdout]   ::: src/serve/tests/requests/select/related/sparse.rs:23:1
[INFO] [stdout]    |
[INFO] [stdout] 23 | / crate::run_test_request!(
[INFO] [stdout] 24 | |     sparse_self_empty,
[INFO] [stdout] 25 | |     Method::GET,
[INFO] [stdout] 26 | |     format!(
[INFO] [stdout] ...  |
[INFO] [stdout] 30 | |     200
[INFO] [stdout] 31 | | );
[INFO] [stdout]    | |_- in this macro invocation
[INFO] [stdout]    |
[INFO] [stdout]    = note: import resolution is stuck, try simplifying macro imports
[INFO] [stdout]    = note: this error originates in the macro `crate::run_test_request` (in Nightly builds, run with -Z macro-backtrace for more info)
[INFO] [stdout] 
[INFO] [stdout] 
[INFO] [stdout] error: cannot determine resolution for the attribute macro `basiliq_test`
[INFO] [stdout]   --> src/serve/tests/run_test.rs:33:11
[INFO] [stdout]    |
[INFO] [stdout] 33 |           #[basiliq_test(run_migrations, init_values)]
[INFO] [stdout]    |             ^^^^^^^^^^^^
[INFO] [stdout]    |
[INFO] [stdout]   ::: src/serve/tests/requests/select/related/sparse.rs:33:1
[INFO] [stdout]    |
[INFO] [stdout] 33 | / crate::run_test_request!(
[INFO] [stdout] 34 | |     sparse_other_single,
[INFO] [stdout] 35 | |     Method::GET,
[INFO] [stdout] 36 | |     format!(
[INFO] [stdout] ...  |
[INFO] [stdout] 40 | |     200
[INFO] [stdout] 41 | | );
[INFO] [stdout]    | |_- in this macro invocation
[INFO] [stdout]    |
[INFO] [stdout]    = note: import resolution is stuck, try simplifying macro imports
[INFO] [stdout]    = note: this error originates in the macro `crate::run_test_request` (in Nightly builds, run with -Z macro-backtrace for more info)
[INFO] [stdout] 
[INFO] [stdout] 
[INFO] [stdout] error: cannot determine resolution for the attribute macro `basiliq_test`
[INFO] [stdout]   --> src/serve/tests/run_test.rs:33:11
[INFO] [stdout]    |
[INFO] [stdout] 33 |           #[basiliq_test(run_migrations, init_values)]
[INFO] [stdout]    |             ^^^^^^^^^^^^
[INFO] [stdout]    |
[INFO] [stdout]   ::: src/serve/tests/requests/select/related/sparse.rs:43:1
[INFO] [stdout]    |
[INFO] [stdout] 43 | / crate::run_test_request!(
[INFO] [stdout] 44 | |     sparse_other_multi,
[INFO] [stdout] 45 | |     Method::GET,
[INFO] [stdout] 46 | |     format!(
[INFO] [stdout] ...  |
[INFO] [stdout] 50 | |     200
[INFO] [stdout] 51 | | );
[INFO] [stdout]    | |_- in this macro invocation
[INFO] [stdout]    |
[INFO] [stdout]    = note: import resolution is stuck, try simplifying macro imports
[INFO] [stdout]    = note: this error originates in the macro `crate::run_test_request` (in Nightly builds, run with -Z macro-backtrace for more info)
[INFO] [stdout] 
[INFO] [stdout] 
[INFO] [stdout] error: cannot determine resolution for the attribute macro `basiliq_test`
[INFO] [stdout]   --> src/serve/tests/run_test.rs:33:11
[INFO] [stdout]    |
[INFO] [stdout] 33 |           #[basiliq_test(run_migrations, init_values)]
[INFO] [stdout]    |             ^^^^^^^^^^^^
[INFO] [stdout]    |
[INFO] [stdout]   ::: src/serve/tests/requests/select/related/sparse.rs:53:1
[INFO] [stdout]    |
[INFO] [stdout] 53 | / crate::run_test_request!(
[INFO] [stdout] 54 | |     sparse_other_empty,
[INFO] [stdout] 55 | |     Method::GET,
[INFO] [stdout] 56 | |     format!(
[INFO] [stdout] ...  |
[INFO] [stdout] 60 | |     200
[INFO] [stdout] 61 | | );
[INFO] [stdout]    | |_- in this macro invocation
[INFO] [stdout]    |
[INFO] [stdout]    = note: import resolution is stuck, try simplifying macro imports
[INFO] [stdout]    = note: this error originates in the macro `crate::run_test_request` (in Nightly builds, run with -Z macro-backtrace for more info)
[INFO] [stdout] 
[INFO] [stdout] 
[INFO] [stdout] error: cannot determine resolution for the attribute macro `basiliq_test`
[INFO] [stdout]   --> src/serve/tests/run_test.rs:33:11
[INFO] [stdout]    |
[INFO] [stdout] 33 |           #[basiliq_test(run_migrations, init_values)]
[INFO] [stdout]    |             ^^^^^^^^^^^^
[INFO] [stdout]    |
[INFO] [stdout]   ::: src/serve/tests/requests/select/related/sparse.rs:63:1
[INFO] [stdout]    |
[INFO] [stdout] 63 | / crate::run_test_request!(
[INFO] [stdout] 64 | |     sparse_other_all_empty,
[INFO] [stdout] 65 | |     Method::GET,
[INFO] [stdout] 66 | |     format!("/public__peoples/{}/public__articles?include=public__peoples&fields[public__articles]=&fields[public__peoples]=", PEOPLES_ID...
[INFO] [stdout] 67 | |     200
[INFO] [stdout] 68 | | );
[INFO] [stdout]    | |_- in this macro invocation
[INFO] [stdout]    |
[INFO] [stdout]    = note: import resolution is stuck, try simplifying macro imports
[INFO] [stdout]    = note: this error originates in the macro `crate::run_test_request` (in Nightly builds, run with -Z macro-backtrace for more info)
[INFO] [stdout] 
[INFO] [stdout] 
[INFO] [stdout] error: cannot determine resolution for the attribute macro `basiliq_test`
[INFO] [stdout]   --> src/serve/tests/run_test.rs:33:11
[INFO] [stdout]    |
[INFO] [stdout] 33 |           #[basiliq_test(run_migrations, init_values)]
[INFO] [stdout]    |             ^^^^^^^^^^^^
[INFO] [stdout]    |
[INFO] [stdout]   ::: src/serve/tests/requests/select/relationships/include.rs:3:1
[INFO] [stdout]    |
[INFO] [stdout] 3  | / crate::run_test_request!(
[INFO] [stdout] 4  | |     include_rel_m2o,
[INFO] [stdout] 5  | |     Method::GET,
[INFO] [stdout] 6  | |     format!(
[INFO] [stdout] ...  |
[INFO] [stdout] 10 | |     200
[INFO] [stdout] 11 | | );
[INFO] [stdout]    | |_- in this macro invocation
[INFO] [stdout]    |
[INFO] [stdout]    = note: import resolution is stuck, try simplifying macro imports
[INFO] [stdout]    = note: this error originates in the macro `crate::run_test_request` (in Nightly builds, run with -Z macro-backtrace for more info)
[INFO] [stdout] 
[INFO] [stdout] 
[INFO] [stdout] error: cannot determine resolution for the attribute macro `basiliq_test`
[INFO] [stdout]   --> src/serve/tests/run_test.rs:33:11
[INFO] [stdout]    |
[INFO] [stdout] 33 |           #[basiliq_test(run_migrations, init_values)]
[INFO] [stdout]    |             ^^^^^^^^^^^^
[INFO] [stdout]    |
[INFO] [stdout]   ::: src/serve/tests/requests/select/relationships/include.rs:13:1
[INFO] [stdout]    |
[INFO] [stdout] 13 | / crate::run_test_request!(
[INFO] [stdout] 14 | |     include_self,
[INFO] [stdout] 15 | |     Method::GET,
[INFO] [stdout] 16 | |     format!(
[INFO] [stdout] ...  |
[INFO] [stdout] 20 | |     200
[INFO] [stdout] 21 | | );
[INFO] [stdout]    | |_- in this macro invocation
[INFO] [stdout]    |
[INFO] [stdout]    = note: import resolution is stuck, try simplifying macro imports
[INFO] [stdout]    = note: this error originates in the macro `crate::run_test_request` (in Nightly builds, run with -Z macro-backtrace for more info)
[INFO] [stdout] 
[INFO] [stdout] 
[INFO] [stdout] error: cannot determine resolution for the attribute macro `basiliq_test`
[INFO] [stdout]   --> src/serve/tests/run_test.rs:33:11
[INFO] [stdout]    |
[INFO] [stdout] 33 |           #[basiliq_test(run_migrations, init_values)]
[INFO] [stdout]    |             ^^^^^^^^^^^^
[INFO] [stdout]    |
[INFO] [stdout]   ::: src/serve/tests/requests/select/relationships/include.rs:23:1
[INFO] [stdout]    |
[INFO] [stdout] 23 | / crate::run_test_request!(
[INFO] [stdout] 24 | |     include_rel_o2m,
[INFO] [stdout] 25 | |     Method::GET,
[INFO] [stdout] 26 | |     format!(
[INFO] [stdout] ...  |
[INFO] [stdout] 30 | |     200
[INFO] [stdout] 31 | | );
[INFO] [stdout]    | |_- in this macro invocation
[INFO] [stdout]    |
[INFO] [stdout]    = note: import resolution is stuck, try simplifying macro imports
[INFO] [stdout]    = note: this error originates in the macro `crate::run_test_request` (in Nightly builds, run with -Z macro-backtrace for more info)
[INFO] [stdout] 
[INFO] [stdout] 
[INFO] [stdout] error: cannot determine resolution for the attribute macro `basiliq_test`
[INFO] [stdout]   --> src/serve/tests/run_test.rs:33:11
[INFO] [stdout]    |
[INFO] [stdout] 33 |           #[basiliq_test(run_migrations, init_values)]
[INFO] [stdout]    |             ^^^^^^^^^^^^
[INFO] [stdout]    |
[INFO] [stdout]   ::: src/serve/tests/requests/select/relationships/include.rs:33:1
[INFO] [stdout]    |
[INFO] [stdout] 33 | / crate::run_test_request!(
[INFO] [stdout] 34 | |     include_distant,
[INFO] [stdout] 35 | |     Method::GET,
[INFO] [stdout] 36 | |     format!(
[INFO] [stdout] ...  |
[INFO] [stdout] 40 | |     200
[INFO] [stdout] 41 | | );
[INFO] [stdout]    | |_- in this macro invocation
[INFO] [stdout]    |
[INFO] [stdout]    = note: import resolution is stuck, try simplifying macro imports
[INFO] [stdout]    = note: this error originates in the macro `crate::run_test_request` (in Nightly builds, run with -Z macro-backtrace for more info)
[INFO] [stdout] 
[INFO] [stdout] 
[INFO] [stdout] error: cannot determine resolution for the attribute macro `basiliq_test`
[INFO] [stdout]   --> src/serve/tests/run_test.rs:33:11
[INFO] [stdout]    |
[INFO] [stdout] 33 |           #[basiliq_test(run_migrations, init_values)]
[INFO] [stdout]    |             ^^^^^^^^^^^^
[INFO] [stdout]    |
[INFO] [stdout]   ::: src/serve/tests/requests/select/relationships/include.rs:42:1
[INFO] [stdout]    |
[INFO] [stdout] 42 | / crate::run_test_request!(
[INFO] [stdout] 43 | |     include_distant_self,
[INFO] [stdout] 44 | |     Method::GET,
[INFO] [stdout] 45 | |     format!(
[INFO] [stdout] ...  |
[INFO] [stdout] 49 | |     200
[INFO] [stdout] 50 | | );
[INFO] [stdout]    | |_- in this macro invocation
[INFO] [stdout]    |
[INFO] [stdout]    = note: import resolution is stuck, try simplifying macro imports
[INFO] [stdout]    = note: this error originates in the macro `crate::run_test_request` (in Nightly builds, run with -Z macro-backtrace for more info)
[INFO] [stdout] 
[INFO] [stdout] 
[INFO] [stdout] error: cannot determine resolution for the attribute macro `basiliq_test`
[INFO] [stdout]   --> src/serve/tests/run_test.rs:33:11
[INFO] [stdout]    |
[INFO] [stdout] 33 |           #[basiliq_test(run_migrations, init_values)]
[INFO] [stdout]    |             ^^^^^^^^^^^^
[INFO] [stdout]    |
[INFO] [stdout]   ::: src/serve/tests/requests/select/relationships/normal.rs:3:1
[INFO] [stdout]    |
[INFO] [stdout] 3  | / crate::run_test_request!(
[INFO] [stdout] 4  | |     get_multi,
[INFO] [stdout] 5  | |     Method::GET,
[INFO] [stdout] 6  | |     format!(
[INFO] [stdout] ...  |
[INFO] [stdout] 10 | |     200
[INFO] [stdout] 11 | | );
[INFO] [stdout]    | |_- in this macro invocation
[INFO] [stdout]    |
[INFO] [stdout]    = note: import resolution is stuck, try simplifying macro imports
[INFO] [stdout]    = note: this error originates in the macro `crate::run_test_request` (in Nightly builds, run with -Z macro-backtrace for more info)
[INFO] [stdout] 
[INFO] [stdout] 
[INFO] [stdout] error: cannot determine resolution for the attribute macro `basiliq_test`
[INFO] [stdout]   --> src/serve/tests/run_test.rs:33:11
[INFO] [stdout]    |
[INFO] [stdout] 33 |           #[basiliq_test(run_migrations, init_values)]
[INFO] [stdout]    |             ^^^^^^^^^^^^
[INFO] [stdout]    |
[INFO] [stdout]   ::: src/serve/tests/requests/select/relationships/normal.rs:13:1
[INFO] [stdout]    |
[INFO] [stdout] 13 | / crate::run_test_request!(
[INFO] [stdout] 14 | |     get_single,
[INFO] [stdout] 15 | |     Method::GET,
[INFO] [stdout] 16 | |     format!(
[INFO] [stdout] ...  |
[INFO] [stdout] 20 | |     200
[INFO] [stdout] 21 | | );
[INFO] [stdout]    | |_- in this macro invocation
[INFO] [stdout]    |
[INFO] [stdout]    = note: import resolution is stuck, try simplifying macro imports
[INFO] [stdout]    = note: this error originates in the macro `crate::run_test_request` (in Nightly builds, run with -Z macro-backtrace for more info)
[INFO] [stdout] 
[INFO] [stdout] 
[INFO] [stdout] error: cannot determine resolution for the attribute macro `basiliq_test`
[INFO] [stdout]   --> src/serve/tests/run_test.rs:33:11
[INFO] [stdout]    |
[INFO] [stdout] 33 |           #[basiliq_test(run_migrations, init_values)]
[INFO] [stdout]    |             ^^^^^^^^^^^^
[INFO] [stdout]    |
[INFO] [stdout]   ::: src/serve/tests/requests/select/relationships/normal.rs:23:1
[INFO] [stdout]    |
[INFO] [stdout] 23 | / crate::run_test_request!(
[INFO] [stdout] 24 | |     get_unknown,
[INFO] [stdout] 25 | |     Method::GET,
[INFO] [stdout] 26 | |     format!(
[INFO] [stdout] ...  |
[INFO] [stdout] 30 | |     400
[INFO] [stdout] 31 | | );
[INFO] [stdout]    | |_- in this macro invocation
[INFO] [stdout]    |
[INFO] [stdout]    = note: import resolution is stuck, try simplifying macro imports
[INFO] [stdout]    = note: this error originates in the macro `crate::run_test_request` (in Nightly builds, run with -Z macro-backtrace for more info)
[INFO] [stdout] 
[INFO] [stdout] 
[INFO] [stdout] error: cannot determine resolution for the attribute macro `basiliq_test`
[INFO] [stdout]   --> src/serve/tests/run_test.rs:33:11
[INFO] [stdout]    |
[INFO] [stdout] 33 |           #[basiliq_test(run_migrations, init_values)]
[INFO] [stdout]    |             ^^^^^^^^^^^^
[INFO] [stdout]    |
[INFO] [stdout]   ::: src/serve/tests/requests/select/relationships/sort.rs:3:1
[INFO] [stdout]    |
[INFO] [stdout] 3  | / crate::run_test_request!(
[INFO] [stdout] 4  | |     sort_local_single,
[INFO] [stdout] 5  | |     Method::GET,
[INFO] [stdout] 6  | |     format!(
[INFO] [stdout] ...  |
[INFO] [stdout] 10 | |     200
[INFO] [stdout] 11 | | );
[INFO] [stdout]    | |_- in this macro invocation
[INFO] [stdout]    |
[INFO] [stdout]    = note: import resolution is stuck, try simplifying macro imports
[INFO] [stdout]    = note: this error originates in the macro `crate::run_test_request` (in Nightly builds, run with -Z macro-backtrace for more info)
[INFO] [stdout] 
[INFO] [stdout] 
[INFO] [stdout] error: cannot determine resolution for the attribute macro `basiliq_test`
[INFO] [stdout]   --> src/serve/tests/run_test.rs:33:11
[INFO] [stdout]    |
[INFO] [stdout] 33 |           #[basiliq_test(run_migrations, init_values)]
[INFO] [stdout]    |             ^^^^^^^^^^^^
[INFO] [stdout]    |
[INFO] [stdout]   ::: src/serve/tests/requests/select/relationships/sort.rs:13:1
[INFO] [stdout]    |
[INFO] [stdout] 13 | / crate::run_test_request!(
[INFO] [stdout] 14 | |     sort_local_multi,
[INFO] [stdout] 15 | |     Method::GET,
[INFO] [stdout] 16 | |     format!(
[INFO] [stdout] ...  |
[INFO] [stdout] 20 | |     200
[INFO] [stdout] 21 | | );
[INFO] [stdout]    | |_- in this macro invocation
[INFO] [stdout]    |
[INFO] [stdout]    = note: import resolution is stuck, try simplifying macro imports
[INFO] [stdout]    = note: this error originates in the macro `crate::run_test_request` (in Nightly builds, run with -Z macro-backtrace for more info)
[INFO] [stdout] 
[INFO] [stdout] 
[INFO] [stdout] error: cannot determine resolution for the attribute macro `basiliq_test`
[INFO] [stdout]   --> src/serve/tests/run_test.rs:33:11
[INFO] [stdout]    |
[INFO] [stdout] 33 |           #[basiliq_test(run_migrations, init_values)]
[INFO] [stdout]    |             ^^^^^^^^^^^^
[INFO] [stdout]    |
[INFO] [stdout]   ::: src/serve/tests/requests/select/relationships/sort.rs:23:1
[INFO] [stdout]    |
[INFO] [stdout] 23 | / crate::run_test_request!(
[INFO] [stdout] 24 | |     sort_remote_single,
[INFO] [stdout] 25 | |     Method::GET,
[INFO] [stdout] 26 | |     format!(
[INFO] [stdout] ...  |
[INFO] [stdout] 30 | |     200
[INFO] [stdout] 31 | | );
[INFO] [stdout]    | |_- in this macro invocation
[INFO] [stdout]    |
[INFO] [stdout]    = note: import resolution is stuck, try simplifying macro imports
[INFO] [stdout]    = note: this error originates in the macro `crate::run_test_request` (in Nightly builds, run with -Z macro-backtrace for more info)
[INFO] [stdout] 
[INFO] [stdout] 
[INFO] [stdout] error: cannot determine resolution for the attribute macro `basiliq_test`
[INFO] [stdout]   --> src/serve/tests/run_test.rs:33:11
[INFO] [stdout]    |
[INFO] [stdout] 33 |           #[basiliq_test(run_migrations, init_values)]
[INFO] [stdout]    |             ^^^^^^^^^^^^
[INFO] [stdout]    |
[INFO] [stdout]   ::: src/serve/tests/requests/select/relationships/sort.rs:33:1
[INFO] [stdout]    |
[INFO] [stdout] 33 | / crate::run_test_request!(
[INFO] [stdout] 34 | |     sort_remote_single_multi,
[INFO] [stdout] 35 | |     Method::GET,
[INFO] [stdout] 36 | |     format!(
[INFO] [stdout] ...  |
[INFO] [stdout] 40 | |     200
[INFO] [stdout] 41 | | );
[INFO] [stdout]    | |_- in this macro invocation
[INFO] [stdout]    |
[INFO] [stdout]    = note: import resolution is stuck, try simplifying macro imports
[INFO] [stdout]    = note: this error originates in the macro `crate::run_test_request` (in Nightly builds, run with -Z macro-backtrace for more info)
[INFO] [stdout] 
[INFO] [stdout] 
[INFO] [stdout] error: cannot determine resolution for the attribute macro `basiliq_test`
[INFO] [stdout]   --> src/serve/tests/run_test.rs:33:11
[INFO] [stdout]    |
[INFO] [stdout] 33 |           #[basiliq_test(run_migrations, init_values)]
[INFO] [stdout]    |             ^^^^^^^^^^^^
[INFO] [stdout]    |
[INFO] [stdout]   ::: src/serve/tests/requests/select/relationships/sparse.rs:3:1
[INFO] [stdout]    |
[INFO] [stdout] 3  | / crate::run_test_request!(
[INFO] [stdout] 4  | |     sparse_self_single,
[INFO] [stdout] 5  | |     Method::GET,
[INFO] [stdout] 6  | |     format!(
[INFO] [stdout] ...  |
[INFO] [stdout] 10 | |     200
[INFO] [stdout] 11 | | );
[INFO] [stdout]    | |_- in this macro invocation
[INFO] [stdout]    |
[INFO] [stdout]    = note: import resolution is stuck, try simplifying macro imports
[INFO] [stdout]    = note: this error originates in the macro `crate::run_test_request` (in Nightly builds, run with -Z macro-backtrace for more info)
[INFO] [stdout] 
[INFO] [stdout] 
[INFO] [stdout] error: cannot determine resolution for the attribute macro `basiliq_test`
[INFO] [stdout]   --> src/serve/tests/run_test.rs:33:11
[INFO] [stdout]    |
[INFO] [stdout] 33 |           #[basiliq_test(run_migrations, init_values)]
[INFO] [stdout]    |             ^^^^^^^^^^^^
[INFO] [stdout]    |
[INFO] [stdout]   ::: src/serve/tests/requests/select/relationships/sparse.rs:13:1
[INFO] [stdout]    |
[INFO] [stdout] 13 | / crate::run_test_request!(
[INFO] [stdout] 14 | |     sparse_self_multi,
[INFO] [stdout] 15 | |     Method::GET,
[INFO] [stdout] 16 | |     format!(
[INFO] [stdout] ...  |
[INFO] [stdout] 20 | |     200
[INFO] [stdout] 21 | | );
[INFO] [stdout]    | |_- in this macro invocation
[INFO] [stdout]    |
[INFO] [stdout]    = note: import resolution is stuck, try simplifying macro imports
[INFO] [stdout]    = note: this error originates in the macro `crate::run_test_request` (in Nightly builds, run with -Z macro-backtrace for more info)
[INFO] [stdout] 
[INFO] [stdout] 
[INFO] [stdout] error: cannot determine resolution for the attribute macro `basiliq_test`
[INFO] [stdout]   --> src/serve/tests/run_test.rs:33:11
[INFO] [stdout]    |
[INFO] [stdout] 33 |           #[basiliq_test(run_migrations, init_values)]
[INFO] [stdout]    |             ^^^^^^^^^^^^
[INFO] [stdout]    |
[INFO] [stdout]   ::: src/serve/tests/requests/select/relationships/sparse.rs:23:1
[INFO] [stdout]    |
[INFO] [stdout] 23 | / crate::run_test_request!(
[INFO] [stdout] 24 | |     sparse_self_empty,
[INFO] [stdout] 25 | |     Method::GET,
[INFO] [stdout] 26 | |     format!(
[INFO] [stdout] ...  |
[INFO] [stdout] 30 | |     200
[INFO] [stdout] 31 | | );
[INFO] [stdout]    | |_- in this macro invocation
[INFO] [stdout]    |
[INFO] [stdout]    = note: import resolution is stuck, try simplifying macro imports
[INFO] [stdout]    = note: this error originates in the macro `crate::run_test_request` (in Nightly builds, run with -Z macro-backtrace for more info)
[INFO] [stdout] 
[INFO] [stdout] 
[INFO] [stdout] error: cannot determine resolution for the attribute macro `basiliq_test`
[INFO] [stdout]   --> src/serve/tests/run_test.rs:33:11
[INFO] [stdout]    |
[INFO] [stdout] 33 |           #[basiliq_test(run_migrations, init_values)]
[INFO] [stdout]    |             ^^^^^^^^^^^^
[INFO] [stdout]    |
[INFO] [stdout]   ::: src/serve/tests/requests/select/relationships/sparse.rs:33:1
[INFO] [stdout]    |
[INFO] [stdout] 33 | / crate::run_test_request!(
[INFO] [stdout] 34 | |     sparse_other_single,
[INFO] [stdout] 35 | |     Method::GET,
[INFO] [stdout] 36 | |     format!(
[INFO] [stdout] ...  |
[INFO] [stdout] 40 | |     200
[INFO] [stdout] 41 | | );
[INFO] [stdout]    | |_- in this macro invocation
[INFO] [stdout]    |
[INFO] [stdout]    = note: import resolution is stuck, try simplifying macro imports
[INFO] [stdout]    = note: this error originates in the macro `crate::run_test_request` (in Nightly builds, run with -Z macro-backtrace for more info)
[INFO] [stdout] 
[INFO] [stdout] 
[INFO] [stdout] error: cannot determine resolution for the attribute macro `basiliq_test`
[INFO] [stdout]   --> src/serve/tests/run_test.rs:33:11
[INFO] [stdout]    |
[INFO] [stdout] 33 |           #[basiliq_test(run_migrations, init_values)]
[INFO] [stdout]    |             ^^^^^^^^^^^^
[INFO] [stdout]    |
[INFO] [stdout]   ::: src/serve/tests/requests/select/relationships/sparse.rs:43:1
[INFO] [stdout]    |
[INFO] [stdout] 43 | / crate::run_test_request!(
[INFO] [stdout] 44 | |     sparse_other_multi,
[INFO] [stdout] 45 | |     Method::GET,
[INFO] [stdout] 46 | |     format!(
[INFO] [stdout] ...  |
[INFO] [stdout] 50 | |     200
[INFO] [stdout] 51 | | );
[INFO] [stdout]    | |_- in this macro invocation
[INFO] [stdout]    |
[INFO] [stdout]    = note: import resolution is stuck, try simplifying macro imports
[INFO] [stdout]    = note: this error originates in the macro `crate::run_test_request` (in Nightly builds, run with -Z macro-backtrace for more info)
[INFO] [stdout] 
[INFO] [stdout] 
[INFO] [stdout] error: cannot determine resolution for the attribute macro `basiliq_test`
[INFO] [stdout]   --> src/serve/tests/run_test.rs:33:11
[INFO] [stdout]    |
[INFO] [stdout] 33 |           #[basiliq_test(run_migrations, init_values)]
[INFO] [stdout]    |             ^^^^^^^^^^^^
[INFO] [stdout]    |
[INFO] [stdout]   ::: src/serve/tests/requests/select/relationships/sparse.rs:53:1
[INFO] [stdout]    |
[INFO] [stdout] 53 | / crate::run_test_request!(
[INFO] [stdout] 54 | |     sparse_other_empty,
[INFO] [stdout] 55 | |     Method::GET,
[INFO] [stdout] 56 | |     format!(
[INFO] [stdout] ...  |
[INFO] [stdout] 60 | |     200
[INFO] [stdout] 61 | | );
[INFO] [stdout]    | |_- in this macro invocation
[INFO] [stdout]    |
[INFO] [stdout]    = note: import resolution is stuck, try simplifying macro imports
[INFO] [stdout]    = note: this error originates in the macro `crate::run_test_request` (in Nightly builds, run with -Z macro-backtrace for more info)
[INFO] [stdout] 
[INFO] [stdout] 
[INFO] [stdout] error: cannot determine resolution for the attribute macro `basiliq_test`
[INFO] [stdout]   --> src/serve/tests/run_test.rs:33:11
[INFO] [stdout]    |
[INFO] [stdout] 33 |           #[basiliq_test(run_migrations, init_values)]
[INFO] [stdout]    |             ^^^^^^^^^^^^
[INFO] [stdout]    |
[INFO] [stdout]   ::: src/serve/tests/requests/select/relationships/sparse.rs:63:1
[INFO] [stdout]    |
[INFO] [stdout] 63 | / crate::run_test_request!(
[INFO] [stdout] 64 | |     sparse_other_all_empty,
[INFO] [stdout] 65 | |     Method::GET,
[INFO] [stdout] 66 | |     format!("/public__peoples/{}/relationships/public__articles?include=public__peoples&fields[public__articles]=&fields[public__peoples]...
[INFO] [stdout] 67 | |     200
[INFO] [stdout] 68 | | );
[INFO] [stdout]    | |_- in this macro invocation
[INFO] [stdout]    |
[INFO] [stdout]    = note: import resolution is stuck, try simplifying macro imports
[INFO] [stdout]    = note: this error originates in the macro `crate::run_test_request` (in Nightly builds, run with -Z macro-backtrace for more info)
[INFO] [stdout] 
[INFO] [stdout] 
[INFO] [stdout] error: cannot determine resolution for the attribute macro `basiliq_test`
[INFO] [stdout]   --> src/serve/tests/run_test.rs:43:5
[INFO] [stdout]    |
[INFO] [stdout] 43 |           #[basiliq_test(run_migrations, init_values)]
[INFO] [stdout]    |             ^^^^^^^^^^^^
[INFO] [stdout]    |
[INFO] [stdout]   ::: src/serve/tests/requests/update/obj/include.rs:16:1
[INFO] [stdout]    |
[INFO] [stdout] 16 | / crate::run_test_request!(
[INFO] [stdout] 17 | |     include_multi_rel_m2m,
[INFO] [stdout] 18 | |     Method::PATCH,
[INFO] [stdout] 19 | |     format!(
[INFO] [stdout] ...  |
[INFO] [stdout] 24 | |     UPDATE_BODY.clone()
[INFO] [stdout] 25 | | );
[INFO] [stdout]    | |_- in this macro invocation
[INFO] [stdout]    |
[INFO] [stdout]    = note: import resolution is stuck, try simplifying macro imports
[INFO] [stdout]    = note: this error originates in the macro `crate::run_test_request` (in Nightly builds, run with -Z macro-backtrace for more info)
[INFO] [stdout] 
[INFO] [stdout] 
[INFO] [stdout] error: cannot determine resolution for the attribute macro `basiliq_test`
[INFO] [stdout]   --> src/serve/tests/run_test.rs:43:5
[INFO] [stdout]    |
[INFO] [stdout] 43 |           #[basiliq_test(run_migrations, init_values)]
[INFO] [stdout]    |             ^^^^^^^^^^^^
[INFO] [stdout]    |
[INFO] [stdout]   ::: src/serve/tests/requests/update/obj/include.rs:27:1
[INFO] [stdout]    |
[INFO] [stdout] 27 | / crate::run_test_request!(
[INFO] [stdout] 28 | |     include_multi_rel_m2o,
[INFO] [stdout] 29 | |     Method::PATCH,
[INFO] [stdout] 30 | |     format!(
[INFO] [stdout] ...  |
[INFO] [stdout] 35 | |     UPDATE_BODY.clone()
[INFO] [stdout] 36 | | );
[INFO] [stdout]    | |_- in this macro invocation
[INFO] [stdout]    |
[INFO] [stdout]    = note: import resolution is stuck, try simplifying macro imports
[INFO] [stdout]    = note: this error originates in the macro `crate::run_test_request` (in Nightly builds, run with -Z macro-backtrace for more info)
[INFO] [stdout] 
[INFO] [stdout] 
[INFO] [stdout] error: cannot determine resolution for the attribute macro `basiliq_test`
[INFO] [stdout]   --> src/serve/tests/run_test.rs:43:5
[INFO] [stdout]    |
[INFO] [stdout] 43 |           #[basiliq_test(run_migrations, init_values)]
[INFO] [stdout]    |             ^^^^^^^^^^^^
[INFO] [stdout]    |
[INFO] [stdout]   ::: src/serve/tests/requests/update/obj/include.rs:38:1
[INFO] [stdout]    |
[INFO] [stdout] 38 | / crate::run_test_request!(
[INFO] [stdout] 39 | |     include_single_rel,
[INFO] [stdout] 40 | |     Method::PATCH,
[INFO] [stdout] 41 | |     format!(
[INFO] [stdout] ...  |
[INFO] [stdout] 46 | |     UPDATE_BODY.clone()
[INFO] [stdout] 47 | | );
[INFO] [stdout]    | |_- in this macro invocation
[INFO] [stdout]    |
[INFO] [stdout]    = note: import resolution is stuck, try simplifying macro imports
[INFO] [stdout]    = note: this error originates in the macro `crate::run_test_request` (in Nightly builds, run with -Z macro-backtrace for more info)
[INFO] [stdout] 
[INFO] [stdout] 
[INFO] [stdout] error: cannot determine resolution for the attribute macro `basiliq_test`
[INFO] [stdout]   --> src/serve/tests/run_test.rs:43:5
[INFO] [stdout]    |
[INFO] [stdout] 43 |           #[basiliq_test(run_migrations, init_values)]
[INFO] [stdout]    |             ^^^^^^^^^^^^
[INFO] [stdout]    |
[INFO] [stdout]   ::: src/serve/tests/requests/update/obj/include.rs:49:1
[INFO] [stdout]    |
[INFO] [stdout] 49 | / crate::run_test_request!(
[INFO] [stdout] 50 | |     include_single_rel_sparsing_all,
[INFO] [stdout] 51 | |     Method::PATCH,
[INFO] [stdout] 52 | |     format!(
[INFO] [stdout] ...  |
[INFO] [stdout] 57 | |     UPDATE_BODY.clone()
[INFO] [stdout] 58 | | );
[INFO] [stdout]    | |_- in this macro invocation
[INFO] [stdout]    |
[INFO] [stdout]    = note: import resolution is stuck, try simplifying macro imports
[INFO] [stdout]    = note: this error originates in the macro `crate::run_test_request` (in Nightly builds, run with -Z macro-backtrace for more info)
[INFO] [stdout] 
[INFO] [stdout] 
[INFO] [stdout] error: cannot determine resolution for the attribute macro `basiliq_test`
[INFO] [stdout]   --> src/serve/tests/run_test.rs:43:5
[INFO] [stdout]    |
[INFO] [stdout] 43 |           #[basiliq_test(run_migrations, init_values)]
[INFO] [stdout]    |             ^^^^^^^^^^^^
[INFO] [stdout]    |
[INFO] [stdout]   ::: src/serve/tests/requests/update/obj/include.rs:60:1
[INFO] [stdout]    |
[INFO] [stdout] 60 | / crate::run_test_request!(
[INFO] [stdout] 61 | |     include_single_rel_sparsing_none,
[INFO] [stdout] 62 | |     Method::PATCH,
[INFO] [stdout] 63 | |     format!(
[INFO] [stdout] ...  |
[INFO] [stdout] 68 | |     UPDATE_BODY.clone()
[INFO] [stdout] 69 | | );
[INFO] [stdout]    | |_- in this macro invocation
[INFO] [stdout]    |
[INFO] [stdout]    = note: import resolution is stuck, try simplifying macro imports
[INFO] [stdout]    = note: this error originates in the macro `crate::run_test_request` (in Nightly builds, run with -Z macro-backtrace for more info)
[INFO] [stdout] 
[INFO] [stdout] 
[INFO] [stdout] error: cannot determine resolution for the attribute macro `basiliq_test`
[INFO] [stdout]   --> src/serve/tests/run_test.rs:43:5
[INFO] [stdout]    |
[INFO] [stdout] 43 |           #[basiliq_test(run_migrations, init_values)]
[INFO] [stdout]    |             ^^^^^^^^^^^^
[INFO] [stdout]    |
[INFO] [stdout]   ::: src/serve/tests/requests/update/obj/misc.rs:16:1
[INFO] [stdout]    |
[INFO] [stdout] 16 | / crate::run_test_request!(
[INFO] [stdout] 17 | |     sorting_local,
[INFO] [stdout] 18 | |     Method::PATCH,
[INFO] [stdout] 19 | |     format!("/public__peoples/{}?sort=first-name", PEOPLES_IDS[0]),
[INFO] [stdout] 20 | |     200,
[INFO] [stdout] 21 | |     UPDATE_BODY.clone()
[INFO] [stdout] 22 | | );
[INFO] [stdout]    | |_- in this macro invocation
[INFO] [stdout]    |
[INFO] [stdout]    = note: import resolution is stuck, try simplifying macro imports
[INFO] [stdout]    = note: this error originates in the macro `crate::run_test_request` (in Nightly builds, run with -Z macro-backtrace for more info)
[INFO] [stdout] 
[INFO] [stdout] 
[INFO] [stdout] error: cannot determine resolution for the attribute macro `basiliq_test`
[INFO] [stdout]   --> src/serve/tests/run_test.rs:43:5
[INFO] [stdout]    |
[INFO] [stdout] 43 |           #[basiliq_test(run_migrations, init_values)]
[INFO] [stdout]    |             ^^^^^^^^^^^^
[INFO] [stdout]    |
[INFO] [stdout]   ::: src/serve/tests/requests/update/obj/misc.rs:24:1
[INFO] [stdout]    |
[INFO] [stdout] 24 | / crate::run_test_request!(
[INFO] [stdout] 25 | |     sorting_local_multi,
[INFO] [stdout] 26 | |     Method::PATCH,
[INFO] [stdout] 27 | |     format!(
[INFO] [stdout] ...  |
[INFO] [stdout] 32 | |     UPDATE_BODY.clone()
[INFO] [stdout] 33 | | );
[INFO] [stdout]    | |_- in this macro invocation
[INFO] [stdout]    |
[INFO] [stdout]    = note: import resolution is stuck, try simplifying macro imports
[INFO] [stdout]    = note: this error originates in the macro `crate::run_test_request` (in Nightly builds, run with -Z macro-backtrace for more info)
[INFO] [stdout] 
[INFO] [stdout] 
[INFO] [stdout] error: cannot determine resolution for the attribute macro `basiliq_test`
[INFO] [stdout]   --> src/serve/tests/run_test.rs:43:5
[INFO] [stdout]    |
[INFO] [stdout] 43 |           #[basiliq_test(run_migrations, init_values)]
[INFO] [stdout]    |             ^^^^^^^^^^^^
[INFO] [stdout]    |
[INFO] [stdout]   ::: src/serve/tests/requests/update/obj/misc.rs:35:1
[INFO] [stdout]    |
[INFO] [stdout] 35 | / crate::run_test_request!(
[INFO] [stdout] 36 | |     sorting_remote,
[INFO] [stdout] 37 | |     Method::PATCH,
[INFO] [stdout] 38 | |     format!(
[INFO] [stdout] ...  |
[INFO] [stdout] 43 | |     UPDATE_BODY.clone()
[INFO] [stdout] 44 | | );
[INFO] [stdout]    | |_- in this macro invocation
[INFO] [stdout]    |
[INFO] [stdout]    = note: import resolution is stuck, try simplifying macro imports
[INFO] [stdout]    = note: this error originates in the macro `crate::run_test_request` (in Nightly builds, run with -Z macro-backtrace for more info)
[INFO] [stdout] 
[INFO] [stdout] 
[INFO] [stdout] error: cannot determine resolution for the attribute macro `basiliq_test`
[INFO] [stdout]   --> src/serve/tests/run_test.rs:43:5
[INFO] [stdout]    |
[INFO] [stdout] 43 |           #[basiliq_test(run_migrations, init_values)]
[INFO] [stdout]    |             ^^^^^^^^^^^^
[INFO] [stdout]    |
[INFO] [stdout]   ::: src/serve/tests/requests/update/obj/misc.rs:46:1
[INFO] [stdout]    |
[INFO] [stdout] 46 | / crate::run_test_request!(
[INFO] [stdout] 47 | |     sorting_remote_multi_rel,
[INFO] [stdout] 48 | |     Method::PATCH,
[INFO] [stdout] 49 | |     format!(
[INFO] [stdout] ...  |
[INFO] [stdout] 54 | |     UPDATE_BODY.clone()
[INFO] [stdout] 55 | | );
[INFO] [stdout]    | |_- in this macro invocation
[INFO] [stdout]    |
[INFO] [stdout]    = note: import resolution is stuck, try simplifying macro imports
[INFO] [stdout]    = note: this error originates in the macro `crate::run_test_request` (in Nightly builds, run with -Z macro-backtrace for more info)
[INFO] [stdout] 
[INFO] [stdout] 
[INFO] [stdout] error: cannot determine resolution for the attribute macro `basiliq_test`
[INFO] [stdout]   --> src/serve/tests/run_test.rs:43:5
[INFO] [stdout]    |
[INFO] [stdout] 43 |           #[basiliq_test(run_migrations, init_values)]
[INFO] [stdout]    |             ^^^^^^^^^^^^
[INFO] [stdout]    |
[INFO] [stdout]   ::: src/serve/tests/requests/update/obj/misc.rs:57:1
[INFO] [stdout]    |
[INFO] [stdout] 57 | / crate::run_test_request!(
[INFO] [stdout] 58 | |     sorting_and_include_and_sparse,
[INFO] [stdout] 59 | |     Method::PATCH,
[INFO] [stdout] 60 | |     format!("/public__peoples/{}?sort=public__favorite_color.color&include=public__favorite_color&fields[public__favorite_color]=", PEOPL...
[INFO] [stdout] 61 | |     200,
[INFO] [stdout] 62 | |     UPDATE_BODY.clone()
[INFO] [stdout] 63 | | );
[INFO] [stdout]    | |_- in this macro invocation
[INFO] [stdout]    |
[INFO] [stdout]    = note: import resolution is stuck, try simplifying macro imports
[INFO] [stdout]    = note: this error originates in the macro `crate::run_test_request` (in Nightly builds, run with -Z macro-backtrace for more info)
[INFO] [stdout] 
[INFO] [stdout] 
[INFO] [stdout] error: cannot determine resolution for the attribute macro `basiliq_test`
[INFO] [stdout]   --> src/serve/tests/run_test.rs:43:5
[INFO] [stdout]    |
[INFO] [stdout] 43 |           #[basiliq_test(run_migrations, init_values)]
[INFO] [stdout]    |             ^^^^^^^^^^^^
[INFO] [stdout]    |
[INFO] [stdout]   ::: src/serve/tests/requests/update/obj/misc.rs:65:1
[INFO] [stdout]    |
[INFO] [stdout] 65 | / crate::run_test_request!(
[INFO] [stdout] 66 | |     add_relationship_m2m,
[INFO] [stdout] 67 | |     Method::PATCH,
[INFO] [stdout] 68 | |     format!("/public__peoples/{}", PEOPLES_IDS[0]),
[INFO] [stdout] ...  |
[INFO] [stdout] 86 | |     })
[INFO] [stdout] 87 | | );
[INFO] [stdout]    | |_- in this macro invocation
[INFO] [stdout]    |
[INFO] [stdout]    = note: import resolution is stuck, try simplifying macro imports
[INFO] [stdout]    = note: this error originates in the macro `crate::run_test_request` (in Nightly builds, run with -Z macro-backtrace for more info)
[INFO] [stdout] 
[INFO] [stdout] 
[INFO] [stdout] error: cannot determine resolution for the attribute macro `basiliq_test`
[INFO] [stdout]    --> src/serve/tests/run_test.rs:43:5
[INFO] [stdout]     |
[INFO] [stdout] 43  |           #[basiliq_test(run_migrations, init_values)]
[INFO] [stdout]     |             ^^^^^^^^^^^^
[INFO] [stdout]     |
[INFO] [stdout]    ::: src/serve/tests/requests/update/obj/misc.rs:89:1
[INFO] [stdout]     |
[INFO] [stdout] 89  | / crate::run_test_request!(
[INFO] [stdout] 90  | |     add_relationship_m2o,
[INFO] [stdout] 91  | |     Method::PATCH,
[INFO] [stdout] 92  | |     format!("/public__peoples/{}", PEOPLES_IDS[0]),
[INFO] [stdout] ...   |
[INFO] [stdout] 110 | |     })
[INFO] [stdout] 111 | | );
[INFO] [stdout]     | |_- in this macro invocation
[INFO] [stdout]     |
[INFO] [stdout]     = note: import resolution is stuck, try simplifying macro imports
[INFO] [stdout]     = note: this error originates in the macro `crate::run_test_request` (in Nightly builds, run with -Z macro-backtrace for more info)
[INFO] [stdout] 
[INFO] [stdout] 
[INFO] [stdout] error: cannot determine resolution for the attribute macro `basiliq_test`
[INFO] [stdout]   --> src/serve/tests/run_test.rs:43:5
[INFO] [stdout]    |
[INFO] [stdout] 43 |           #[basiliq_test(run_migrations, init_values)]
[INFO] [stdout]    |             ^^^^^^^^^^^^
[INFO] [stdout]    |
[INFO] [stdout]   ::: src/serve/tests/requests/update/obj/normal_obj.rs:3:1
[INFO] [stdout]    |
[INFO] [stdout] 3  | / crate::run_test_request!(
[INFO] [stdout] 4  | |     obj_single_field,
[INFO] [stdout] 5  | |     Method::PATCH,
[INFO] [stdout] 6  | |     format!("/public__peoples/{}", PEOPLES_IDS[0]),
[INFO] [stdout] ...  |
[INFO] [stdout] 16 | |     })
[INFO] [stdout] 17 | | );
[INFO] [stdout]    | |_- in this macro invocation
[INFO] [stdout]    |
[INFO] [stdout]    = note: import resolution is stuck, try simplifying macro imports
[INFO] [stdout]    = note: this error originates in the macro `crate::run_test_request` (in Nightly builds, run with -Z macro-backtrace for more info)
[INFO] [stdout] 
[INFO] [stdout] 
[INFO] [stdout] error: cannot determine resolution for the attribute macro `basiliq_test`
[INFO] [stdout]   --> src/serve/tests/run_test.rs:43:5
[INFO] [stdout]    |
[INFO] [stdout] 43 |           #[basiliq_test(run_migrations, init_values)]
[INFO] [stdout]    |             ^^^^^^^^^^^^
[INFO] [stdout]    |
[INFO] [stdout]   ::: src/serve/tests/requests/update/obj/normal_obj.rs:19:1
[INFO] [stdout]    |
[INFO] [stdout] 19 | / crate::run_test_request!(
[INFO] [stdout] 20 | |     obj_multiple_fields,
[INFO] [stdout] 21 | |     Method::PATCH,
[INFO] [stdout] 22 | |     format!("/public__peoples/{}", PEOPLES_IDS[0]),
[INFO] [stdout] ...  |
[INFO] [stdout] 35 | |     })
[INFO] [stdout] 36 | | );
[INFO] [stdout]    | |_- in this macro invocation
[INFO] [stdout]    |
[INFO] [stdout]    = note: import resolution is stuck, try simplifying macro imports
[INFO] [stdout]    = note: this error originates in the macro `crate::run_test_request` (in Nightly builds, run with -Z macro-backtrace for more info)
[INFO] [stdout] 
[INFO] [stdout] 
[INFO] [stdout] error: cannot determine resolution for the attribute macro `basiliq_test`
[INFO] [stdout]   --> src/serve/tests/run_test.rs:43:5
[INFO] [stdout]    |
[INFO] [stdout] 43 |           #[basiliq_test(run_migrations, init_values)]
[INFO] [stdout]    |             ^^^^^^^^^^^^
[INFO] [stdout]    |
[INFO] [stdout]   ::: src/serve/tests/requests/update/obj/normal_obj.rs:38:1
[INFO] [stdout]    |
[INFO] [stdout] 38 | / crate::run_test_request!(
[INFO] [stdout] 39 | |     obj_set_to_null,
[INFO] [stdout] 40 | |     Method::PATCH,
[INFO] [stdout] 41 | |     format!("/public__peoples/{}", PEOPLES_IDS[0]),
[INFO] [stdout] ...  |
[INFO] [stdout] 51 | |     })
[INFO] [stdout] 52 | | );
[INFO] [stdout]    | |_- in this macro invocation
[INFO] [stdout]    |
[INFO] [stdout]    = note: import resolution is stuck, try simplifying macro imports
[INFO] [stdout]    = note: this error originates in the macro `crate::run_test_request` (in Nightly builds, run with -Z macro-backtrace for more info)
[INFO] [stdout] 
[INFO] [stdout] 
[INFO] [stdout] error: cannot determine resolution for the attribute macro `basiliq_test`
[INFO] [stdout]   --> src/serve/tests/run_test.rs:43:5
[INFO] [stdout]    |
[INFO] [stdout] 43 |           #[basiliq_test(run_migrations, init_values)]
[INFO] [stdout]    |             ^^^^^^^^^^^^
[INFO] [stdout]    |
[INFO] [stdout]   ::: src/serve/tests/requests/update/obj/normal_obj.rs:54:1
[INFO] [stdout]    |
[INFO] [stdout] 54 | / crate::run_test_request!(
[INFO] [stdout] 55 | |     set_mandatory_to_null,
[INFO] [stdout] 56 | |     Method::PATCH,
[INFO] [stdout] 57 | |     format!("/public__peoples/{}", PEOPLES_IDS[0]),
[INFO] [stdout] ...  |
[INFO] [stdout] 67 | |     })
[INFO] [stdout] 68 | | );
[INFO] [stdout]    | |_- in this macro invocation
[INFO] [stdout]    |
[INFO] [stdout]    = note: import resolution is stuck, try simplifying macro imports
[INFO] [stdout]    = note: this error originates in the macro `crate::run_test_request` (in Nightly builds, run with -Z macro-backtrace for more info)
[INFO] [stdout] 
[INFO] [stdout] 
[INFO] [stdout] error: cannot determine resolution for the attribute macro `basiliq_test`
[INFO] [stdout]   --> src/serve/tests/run_test.rs:43:5
[INFO] [stdout]    |
[INFO] [stdout] 43 |           #[basiliq_test(run_migrations, init_values)]
[INFO] [stdout]    |             ^^^^^^^^^^^^
[INFO] [stdout]    |
[INFO] [stdout]   ::: src/serve/tests/requests/update/obj/normal_obj.rs:70:1
[INFO] [stdout]    |
[INFO] [stdout] 70 | / crate::run_test_request!(
[INFO] [stdout] 71 | |     add_relationship_single,
[INFO] [stdout] 72 | |     Method::PATCH,
[INFO] [stdout] 73 | |     format!("/public__peoples/{}", PEOPLES_IDS[0]),
[INFO] [stdout] ...  |
[INFO] [stdout] 91 | |     })
[INFO] [stdout] 92 | | );
[INFO] [stdout]    | |_- in this macro invocation
[INFO] [stdout]    |
[INFO] [stdout]    = note: import resolution is stuck, try simplifying macro imports
[INFO] [stdout]    = note: this error originates in the macro `crate::run_test_request` (in Nightly builds, run with -Z macro-backtrace for more info)
[INFO] [stdout] 
[INFO] [stdout] 
[INFO] [stdout] error: cannot determine resolution for the attribute macro `basiliq_test`
[INFO] [stdout]   --> src/serve/tests/run_test.rs:43:5
[INFO] [stdout]    |
[INFO] [stdout] 43 |           #[basiliq_test(run_migrations, init_values)]
[INFO] [stdout]    |             ^^^^^^^^^^^^
[INFO] [stdout]    |
[INFO] [stdout]   ::: src/serve/tests/requests/update/obj/path.rs:27:1
[INFO] [stdout]    |
[INFO] [stdout] 27 | / crate::run_test_request!(
[INFO] [stdout] 28 | |     type_related,
[INFO] [stdout] 29 | |     Method::PATCH,
[INFO] [stdout] 30 | |     format!(
[INFO] [stdout] ...  |
[INFO] [stdout] 35 | |     CREATE_BODY_ARTICLES.clone()
[INFO] [stdout] 36 | | );
[INFO] [stdout]    | |_- in this macro invocation
[INFO] [stdout]    |
[INFO] [stdout]    = note: import resolution is stuck, try simplifying macro imports
[INFO] [stdout]    = note: this error originates in the macro `crate::run_test_request` (in Nightly builds, run with -Z macro-backtrace for more info)
[INFO] [stdout] 
[INFO] [stdout] 
[INFO] [stdout] error: cannot determine resolution for the attribute macro `basiliq_test`
[INFO] [stdout]   --> src/serve/tests/run_test.rs:43:5
[INFO] [stdout]    |
[INFO] [stdout] 43 |           #[basiliq_test(run_migrations, init_values)]
[INFO] [stdout]    |             ^^^^^^^^^^^^
[INFO] [stdout]    |
[INFO] [stdout]   ::: src/serve/tests/requests/update/obj/path.rs:38:1
[INFO] [stdout]    |
[INFO] [stdout] 38 | / crate::run_test_request!(
[INFO] [stdout] 39 | |     type_id,
[INFO] [stdout] 40 | |     Method::PATCH,
[INFO] [stdout] 41 | |     format!("/public__peoples/{}", PEOPLES_IDS[0].to_string()),
[INFO] [stdout] 42 | |     400,
[INFO] [stdout] 43 | |     CREATE_BODY_PEOPLES.clone()
[INFO] [stdout] 44 | | );
[INFO] [stdout]    | |_- in this macro invocation
[INFO] [stdout]    |
[INFO] [stdout]    = note: import resolution is stuck, try simplifying macro imports
[INFO] [stdout]    = note: this error originates in the macro `crate::run_test_request` (in Nightly builds, run with -Z macro-backtrace for more info)
[INFO] [stdout] 
[INFO] [stdout] 
[INFO] [stdout] error: cannot determine resolution for the attribute macro `basiliq_test`
[INFO] [stdout]   --> src/serve/tests/run_test.rs:43:5
[INFO] [stdout]    |
[INFO] [stdout] 43 |           #[basiliq_test(run_migrations, init_values)]
[INFO] [stdout]    |             ^^^^^^^^^^^^
[INFO] [stdout]    |
[INFO] [stdout]   ::: src/serve/tests/requests/update/obj/path.rs:46:1
[INFO] [stdout]    |
[INFO] [stdout] 46 | / crate::run_test_request!(
[INFO] [stdout] 47 | |     type_relationships,
[INFO] [stdout] 48 | |     Method::PATCH,
[INFO] [stdout] 49 | |     format!(
[INFO] [stdout] ...  |
[INFO] [stdout] 54 | |     CREATE_BODY_ARTICLES.clone()
[INFO] [stdout] 55 | | );
[INFO] [stdout]    | |_- in this macro invocation
[INFO] [stdout]    |
[INFO] [stdout]    = note: import resolution is stuck, try simplifying macro imports
[INFO] [stdout]    = note: this error originates in the macro `crate::run_test_request` (in Nightly builds, run with -Z macro-backtrace for more info)
[INFO] [stdout] 
[INFO] [stdout] 
[INFO] [stdout] error: cannot determine resolution for the attribute macro `basiliq_test`
[INFO] [stdout]   --> src/serve/tests/run_test.rs:43:5
[INFO] [stdout]    |
[INFO] [stdout] 43 |           #[basiliq_test(run_migrations, init_values)]
[INFO] [stdout]    |             ^^^^^^^^^^^^
[INFO] [stdout]    |
[INFO] [stdout]   ::: src/serve/tests/requests/update/obj/sparse.rs:16:1
[INFO] [stdout]    |
[INFO] [stdout] 16 | / crate::run_test_request!(
[INFO] [stdout] 17 | |     no_fields,
[INFO] [stdout] 18 | |     Method::PATCH,
[INFO] [stdout] 19 | |     format!(
[INFO] [stdout] ...  |
[INFO] [stdout] 24 | |     UPDATE_BODY.clone()
[INFO] [stdout] 25 | | );
[INFO] [stdout]    | |_- in this macro invocation
[INFO] [stdout]    |
[INFO] [stdout]    = note: import resolution is stuck, try simplifying macro imports
[INFO] [stdout]    = note: this error originates in the macro `crate::run_test_request` (in Nightly builds, run with -Z macro-backtrace for more info)
[INFO] [stdout] 
[INFO] [stdout] 
[INFO] [stdout] error: cannot determine resolution for the attribute macro `basiliq_test`
[INFO] [stdout]   --> src/serve/tests/run_test.rs:43:5
[INFO] [stdout]    |
[INFO] [stdout] 43 |           #[basiliq_test(run_migrations, init_values)]
[INFO] [stdout]    |             ^^^^^^^^^^^^
[INFO] [stdout]    |
[INFO] [stdout]   ::: src/serve/tests/requests/update/obj/sparse.rs:27:1
[INFO] [stdout]    |
[INFO] [stdout] 27 | / crate::run_test_request!(
[INFO] [stdout] 28 | |     one_fields,
[INFO] [stdout] 29 | |     Method::PATCH,
[INFO] [stdout] 30 | |     format!(
[INFO] [stdout] ...  |
[INFO] [stdout] 35 | |     UPDATE_BODY.clone()
[INFO] [stdout] 36 | | );
[INFO] [stdout]    | |_- in this macro invocation
[INFO] [stdout]    |
[INFO] [stdout]    = note: import resolution is stuck, try simplifying macro imports
[INFO] [stdout]    = note: this error originates in the macro `crate::run_test_request` (in Nightly builds, run with -Z macro-backtrace for more info)
[INFO] [stdout] 
[INFO] [stdout] 
[INFO] [stdout] error: cannot determine resolution for the attribute macro `basiliq_test`
[INFO] [stdout]   --> src/serve/tests/run_test.rs:43:5
[INFO] [stdout]    |
[INFO] [stdout] 43 |           #[basiliq_test(run_migrations, init_values)]
[INFO] [stdout]    |             ^^^^^^^^^^^^
[INFO] [stdout]    |
[INFO] [stdout]   ::: src/serve/tests/requests/update/obj/sparse.rs:38:1
[INFO] [stdout]    |
[INFO] [stdout] 38 | / crate::run_test_request!(
[INFO] [stdout] 39 | |     multi_fields,
[INFO] [stdout] 40 | |     Method::PATCH,
[INFO] [stdout] 41 | |     format!(
[INFO] [stdout] ...  |
[INFO] [stdout] 46 | |     UPDATE_BODY.clone()
[INFO] [stdout] 47 | | );
[INFO] [stdout]    | |_- in this macro invocation
[INFO] [stdout]    |
[INFO] [stdout]    = note: import resolution is stuck, try simplifying macro imports
[INFO] [stdout]    = note: this error originates in the macro `crate::run_test_request` (in Nightly builds, run with -Z macro-backtrace for more info)
[INFO] [stdout] 
[INFO] [stdout] 
[INFO] [stdout] error: cannot determine resolution for the attribute macro `basiliq_test`
[INFO] [stdout]   --> src/serve/tests/run_test.rs:43:5
[INFO] [stdout]    |
[INFO] [stdout] 43 |           #[basiliq_test(run_migrations, init_values)]
[INFO] [stdout]    |             ^^^^^^^^^^^^
[INFO] [stdout]    |
[INFO] [stdout]   ::: src/serve/tests/requests/update/obj/sparse.rs:49:1
[INFO] [stdout]    |
[INFO] [stdout] 49 | / crate::run_test_request!(
[INFO] [stdout] 50 | |     unknown_fields,
[INFO] [stdout] 51 | |     Method::PATCH,
[INFO] [stdout] 52 | |     format!(
[INFO] [stdout] ...  |
[INFO] [stdout] 57 | |     UPDATE_BODY.clone()
[INFO] [stdout] 58 | | );
[INFO] [stdout]    | |_- in this macro invocation
[INFO] [stdout]    |
[INFO] [stdout]    = note: import resolution is stuck, try simplifying macro imports
[INFO] [stdout]    = note: this error originates in the macro `crate::run_test_request` (in Nightly builds, run with -Z macro-backtrace for more info)
[INFO] [stdout] 
[INFO] [stdout] 
[INFO] [stdout] error: cannot determine resolution for the attribute macro `basiliq_test`
[INFO] [stdout]   --> src/serve/tests/run_test.rs:43:5
[INFO] [stdout]    |
[INFO] [stdout] 43 |           #[basiliq_test(run_migrations, init_values)]
[INFO] [stdout]    |             ^^^^^^^^^^^^
[INFO] [stdout]    |
[INFO] [stdout]   ::: src/serve/tests/requests/update/obj/sparse.rs:60:1
[INFO] [stdout]    |
[INFO] [stdout] 60 | / crate::run_test_request!(
[INFO] [stdout] 61 | |     unknown_type,
[INFO] [stdout] 62 | |     Method::PATCH,
[INFO] [stdout] 63 | |     format!(
[INFO] [stdout] ...  |
[INFO] [stdout] 68 | |     UPDATE_BODY.clone()
[INFO] [stdout] 69 | | );
[INFO] [stdout]    | |_- in this macro invocation
[INFO] [stdout]    |
[INFO] [stdout]    = note: import resolution is stuck, try simplifying macro imports
[INFO] [stdout]    = note: this error originates in the macro `crate::run_test_request` (in Nightly builds, run with -Z macro-backtrace for more info)
[INFO] [stdout] 
[INFO] [stdout] 
[INFO] [stdout] error: cannot determine resolution for the attribute macro `basiliq_test`
[INFO] [stdout]   --> src/serve/tests/run_test.rs:43:5
[INFO] [stdout]    |
[INFO] [stdout] 43 |           #[basiliq_test(run_migrations, init_values)]
[INFO] [stdout]    |             ^^^^^^^^^^^^
[INFO] [stdout]    |
[INFO] [stdout]   ::: src/serve/tests/requests/update/rel/include.rs:13:1
[INFO] [stdout]    |
[INFO] [stdout] 13 | / crate::run_test_request!(
[INFO] [stdout] 14 | |     include_self,
[INFO] [stdout] 15 | |     Method::PATCH,
[INFO] [stdout] 16 | |     format!(
[INFO] [stdout] ...  |
[INFO] [stdout] 21 | |     UPDATE_BODY.clone()
[INFO] [stdout] 22 | | );
[INFO] [stdout]    | |_- in this macro invocation
[INFO] [stdout]    |
[INFO] [stdout]    = note: import resolution is stuck, try simplifying macro imports
[INFO] [stdout]    = note: this error originates in the macro `crate::run_test_request` (in Nightly builds, run with -Z macro-backtrace for more info)
[INFO] [stdout] 
[INFO] [stdout] 
[INFO] [stdout] error: cannot determine resolution for the attribute macro `basiliq_test`
[INFO] [stdout]   --> src/serve/tests/run_test.rs:43:5
[INFO] [stdout]    |
[INFO] [stdout] 43 |           #[basiliq_test(run_migrations, init_values)]
[INFO] [stdout]    |             ^^^^^^^^^^^^
[INFO] [stdout]    |
[INFO] [stdout]   ::: src/serve/tests/requests/update/rel/include.rs:24:1
[INFO] [stdout]    |
[INFO] [stdout] 24 | / crate::run_test_request!(
[INFO] [stdout] 25 | |     include_single_rel_sparsing_all,
[INFO] [stdout] 26 | |     Method::PATCH,
[INFO] [stdout] 27 | |     format!(
[INFO] [stdout] ...  |
[INFO] [stdout] 32 | |     UPDATE_BODY.clone()
[INFO] [stdout] 33 | | );
[INFO] [stdout]    | |_- in this macro invocation
[INFO] [stdout]    |
[INFO] [stdout]    = note: import resolution is stuck, try simplifying macro imports
[INFO] [stdout]    = note: this error originates in the macro `crate::run_test_request` (in Nightly builds, run with -Z macro-backtrace for more info)
[INFO] [stdout] 
[INFO] [stdout] 
[INFO] [stdout] error: cannot determine resolution for the attribute macro `basiliq_test`
[INFO] [stdout]   --> src/serve/tests/run_test.rs:43:5
[INFO] [stdout]    |
[INFO] [stdout] 43 |           #[basiliq_test(run_migrations, init_values)]
[INFO] [stdout]    |             ^^^^^^^^^^^^
[INFO] [stdout]    |
[INFO] [stdout]   ::: src/serve/tests/requests/update/rel/include.rs:35:1
[INFO] [stdout]    |
[INFO] [stdout] 35 | / crate::run_test_request!(
[INFO] [stdout] 36 | |     include_single_rel_sparsing_none,
[INFO] [stdout] 37 | |     Method::PATCH,
[INFO] [stdout] 38 | |     format!(
[INFO] [stdout] ...  |
[INFO] [stdout] 43 | |     UPDATE_BODY.clone()
[INFO] [stdout] 44 | | );
[INFO] [stdout]    | |_- in this macro invocation
[INFO] [stdout]    |
[INFO] [stdout]    = note: import resolution is stuck, try simplifying macro imports
[INFO] [stdout]    = note: this error originates in the macro `crate::run_test_request` (in Nightly builds, run with -Z macro-backtrace for more info)
[INFO] [stdout] 
[INFO] [stdout] 
[INFO] [stdout] error: cannot determine resolution for the attribute macro `basiliq_test`
[INFO] [stdout]   --> src/serve/tests/run_test.rs:43:5
[INFO] [stdout]    |
[INFO] [stdout] 43 |           #[basiliq_test(run_migrations, init_values)]
[INFO] [stdout]    |             ^^^^^^^^^^^^
[INFO] [stdout]    |
[INFO] [stdout]   ::: src/serve/tests/requests/update/rel/misc.rs:13:1
[INFO] [stdout]    |
[INFO] [stdout] 13 | / crate::run_test_request!(
[INFO] [stdout] 14 | |     sorting_local,
[INFO] [stdout] 15 | |     Method::PATCH,
[INFO] [stdout] 16 | |     format!(
[INFO] [stdout] ...  |
[INFO] [stdout] 21 | |     UPDATE_BODY.clone()
[INFO] [stdout] 22 | | );
[INFO] [stdout]    | |_- in this macro invocation
[INFO] [stdout]    |
[INFO] [stdout]    = note: import resolution is stuck, try simplifying macro imports
[INFO] [stdout]    = note: this error originates in the macro `crate::run_test_request` (in Nightly builds, run with -Z macro-backtrace for more info)
[INFO] [stdout] 
[INFO] [stdout] 
[INFO] [stdout] error: cannot determine resolution for the attribute macro `basiliq_test`
[INFO] [stdout]   --> src/serve/tests/run_test.rs:43:5
[INFO] [stdout]    |
[INFO] [stdout] 43 |           #[basiliq_test(run_migrations, init_values)]
[INFO] [stdout]    |             ^^^^^^^^^^^^
[INFO] [stdout]    |
[INFO] [stdout]   ::: src/serve/tests/requests/update/rel/normal_rel.rs:3:1
[INFO] [stdout]    |
[INFO] [stdout] 3  | / crate::run_test_request!(
[INFO] [stdout] 4  | |     obj_single_field,
[INFO] [stdout] 5  | |     Method::PATCH,
[INFO] [stdout] 6  | |     format!(
[INFO] [stdout] ...  |
[INFO] [stdout] 16 | |     })
[INFO] [stdout] 17 | | );
[INFO] [stdout]    | |_- in this macro invocation
[INFO] [stdout]    |
[INFO] [stdout]    = note: import resolution is stuck, try simplifying macro imports
[INFO] [stdout]    = note: this error originates in the macro `crate::run_test_request` (in Nightly builds, run with -Z macro-backtrace for more info)
[INFO] [stdout] 
[INFO] [stdout] 
[INFO] [stdout] error: cannot determine resolution for the attribute macro `basiliq_test`
[INFO] [stdout]   --> src/serve/tests/run_test.rs:43:5
[INFO] [stdout]    |
[INFO] [stdout] 43 |           #[basiliq_test(run_migrations, init_values)]
[INFO] [stdout]    |             ^^^^^^^^^^^^
[INFO] [stdout]    |
[INFO] [stdout]   ::: src/serve/tests/requests/update/rel/normal_rel.rs:19:1
[INFO] [stdout]    |
[INFO] [stdout] 19 | / crate::run_test_request!(
[INFO] [stdout] 20 | |     obj_force_null,
[INFO] [stdout] 21 | |     Method::PATCH,
[INFO] [stdout] 22 | |     format!(
[INFO] [stdout] ...  |
[INFO] [stdout] 27 | |     json!({ "data": Value::Null })
[INFO] [stdout] 28 | | );
[INFO] [stdout]    | |_- in this macro invocation
[INFO] [stdout]    |
[INFO] [stdout]    = note: import resolution is stuck, try simplifying macro imports
[INFO] [stdout]    = note: this error originates in the macro `crate::run_test_request` (in Nightly builds, run with -Z macro-backtrace for more info)
[INFO] [stdout] 
[INFO] [stdout] 
[INFO] [stdout] error: cannot determine resolution for the attribute macro `basiliq_test`
[INFO] [stdout]   --> src/serve/tests/run_test.rs:43:5
[INFO] [stdout]    |
[INFO] [stdout] 43 |           #[basiliq_test(run_migrations, init_values)]
[INFO] [stdout]    |             ^^^^^^^^^^^^
[INFO] [stdout]    |
[INFO] [stdout]   ::: src/serve/tests/requests/update/rel/normal_rel.rs:30:1
[INFO] [stdout]    |
[INFO] [stdout] 30 | / crate::run_test_request!(
[INFO] [stdout] 31 | |     obj_multi_rel_m2m,
[INFO] [stdout] 32 | |     Method::PATCH,
[INFO] [stdout] 33 | |     format!(
[INFO] [stdout] ...  |
[INFO] [stdout] 43 | |     })
[INFO] [stdout] 44 | | );
[INFO] [stdout]    | |_- in this macro invocation
[INFO] [stdout]    |
[INFO] [stdout]    = note: import resolution is stuck, try simplifying macro imports
[INFO] [stdout]    = note: this error originates in the macro `crate::run_test_request` (in Nightly builds, run with -Z macro-backtrace for more info)
[INFO] [stdout] 
[INFO] [stdout] 
[INFO] [stdout] error: cannot determine resolution for the attribute macro `basiliq_test`
[INFO] [stdout]   --> src/serve/tests/run_test.rs:43:5
[INFO] [stdout]    |
[INFO] [stdout] 43 |           #[basiliq_test(run_migrations, init_values)]
[INFO] [stdout]    |             ^^^^^^^^^^^^
[INFO] [stdout]    |
[INFO] [stdout]   ::: src/serve/tests/requests/update/rel/normal_rel.rs:46:1
[INFO] [stdout]    |
[INFO] [stdout] 46 | / crate::run_test_request!(
[INFO] [stdout] 47 | |     obj_multi_rel_o2m,
[INFO] [stdout] 48 | |     Method::PATCH,
[INFO] [stdout] 49 | |     format!(
[INFO] [stdout] ...  |
[INFO] [stdout] 59 | |     })
[INFO] [stdout] 60 | | );
[INFO] [stdout]    | |_- in this macro invocation
[INFO] [stdout]    |
[INFO] [stdout]    = note: import resolution is stuck, try simplifying macro imports
[INFO] [stdout]    = note: this error originates in the macro `crate::run_test_request` (in Nightly builds, run with -Z macro-backtrace for more info)
[INFO] [stdout] 
[INFO] [stdout] 
[INFO] [stdout] error: cannot determine resolution for the attribute macro `basiliq_test`
[INFO] [stdout]   --> src/serve/tests/run_test.rs:43:5
[INFO] [stdout]    |
[INFO] [stdout] 43 |           #[basiliq_test(run_migrations, init_values)]
[INFO] [stdout]    |             ^^^^^^^^^^^^
[INFO] [stdout]    |
[INFO] [stdout]   ::: src/serve/tests/requests/update/rel/path.rs:13:1
[INFO] [stdout]    |
[INFO] [stdout] 13 | / crate::run_test_request!(
[INFO] [stdout] 14 | |     type_,
[INFO] [stdout] 15 | |     Method::PATCH,
[INFO] [stdout] 16 | |     "/public__peoples/",
[INFO] [stdout] 17 | |     400,
[INFO] [stdout] 18 | |     UPDATE_BODY.clone()
[INFO] [stdout] 19 | | );
[INFO] [stdout]    | |_- in this macro invocation
[INFO] [stdout]    |
[INFO] [stdout]    = note: import resolution is stuck, try simplifying macro imports
[INFO] [stdout]    = note: this error originates in the macro `crate::run_test_request` (in Nightly builds, run with -Z macro-backtrace for more info)
[INFO] [stdout] 
[INFO] [stdout] 
[INFO] [stdout] error: cannot determine resolution for the attribute macro `basiliq_test`
[INFO] [stdout]   --> src/serve/tests/run_test.rs:43:5
[INFO] [stdout]    |
[INFO] [stdout] 43 |           #[basiliq_test(run_migrations, init_values)]
[INFO] [stdout]    |             ^^^^^^^^^^^^
[INFO] [stdout]    |
[INFO] [stdout]   ::: src/serve/tests/requests/update/rel/path.rs:21:1
[INFO] [stdout]    |
[INFO] [stdout] 21 | / crate::run_test_request!(
[INFO] [stdout] 22 | |     type_related,
[INFO] [stdout] 23 | |     Method::PATCH,
[INFO] [stdout] 24 | |     format!(
[INFO] [stdout] ...  |
[INFO] [stdout] 29 | |     UPDATE_BODY.clone()
[INFO] [stdout] 30 | | );
[INFO] [stdout]    | |_- in this macro invocation
[INFO] [stdout]    |
[INFO] [stdout]    = note: import resolution is stuck, try simplifying macro imports
[INFO] [stdout]    = note: this error originates in the macro `crate::run_test_request` (in Nightly builds, run with -Z macro-backtrace for more info)
[INFO] [stdout] 
[INFO] [stdout] 
[INFO] [stdout] error: cannot determine resolution for the attribute macro `basiliq_test`
[INFO] [stdout]   --> src/serve/tests/run_test.rs:43:5
[INFO] [stdout]    |
[INFO] [stdout] 43 |           #[basiliq_test(run_migrations, init_values)]
[INFO] [stdout]    |             ^^^^^^^^^^^^
[INFO] [stdout]    |
[INFO] [stdout]   ::: src/serve/tests/requests/update/rel/path.rs:32:1
[INFO] [stdout]    |
[INFO] [stdout] 32 | / crate::run_test_request!(
[INFO] [stdout] 33 | |     type_id,
[INFO] [stdout] 34 | |     Method::PATCH,
[INFO] [stdout] 35 | |     format!("/public__favorite_color/{}", PEOPLES_IDS[0].to_string()),
[INFO] [stdout] 36 | |     200,
[INFO] [stdout] 37 | |     UPDATE_BODY.clone()
[INFO] [stdout] 38 | | );
[INFO] [stdout]    | |_- in this macro invocation
[INFO] [stdout]    |
[INFO] [stdout]    = note: import resolution is stuck, try simplifying macro imports
[INFO] [stdout]    = note: this error originates in the macro `crate::run_test_request` (in Nightly builds, run with -Z macro-backtrace for more info)
[INFO] [stdout] 
[INFO] [stdout] 
[INFO] [stdout] error: cannot determine resolution for the attribute macro `basiliq_test`
[INFO] [stdout]   --> src/serve/tests/run_test.rs:43:5
[INFO] [stdout]    |
[INFO] [stdout] 43 |           #[basiliq_test(run_migrations, init_values)]
[INFO] [stdout]    |             ^^^^^^^^^^^^
[INFO] [stdout]    |
[INFO] [stdout]   ::: src/serve/tests/requests/update/rel/sort.rs:13:1
[INFO] [stdout]    |
[INFO] [stdout] 13 | / crate::run_test_request!(
[INFO] [stdout] 14 | |     sort_local_single,
[INFO] [stdout] 15 | |     Method::PATCH,
[INFO] [stdout] 16 | |     format!(
[INFO] [stdout] ...  |
[INFO] [stdout] 21 | |     UPDATE_BODY.clone()
[INFO] [stdout] 22 | | );
[INFO] [stdout]    | |_- in this macro invocation
[INFO] [stdout]    |
[INFO] [stdout]    = note: import resolution is stuck, try simplifying macro imports
[INFO] [stdout]    = note: this error originates in the macro `crate::run_test_request` (in Nightly builds, run with -Z macro-backtrace for more info)
[INFO] [stdout] 
[INFO] [stdout] 
[INFO] [stdout] error: cannot determine resolution for the attribute macro `basiliq_test`
[INFO] [stdout]   --> src/serve/tests/run_test.rs:43:5
[INFO] [stdout]    |
[INFO] [stdout] 43 |           #[basiliq_test(run_migrations, init_values)]
[INFO] [stdout]    |             ^^^^^^^^^^^^
[INFO] [stdout]    |
[INFO] [stdout]   ::: src/serve/tests/requests/update/rel/sparse.rs:13:1
[INFO] [stdout]    |
[INFO] [stdout] 13 | / crate::run_test_request!(
[INFO] [stdout] 14 | |     no_fields,
[INFO] [stdout] 15 | |     Method::PATCH,
[INFO] [stdout] 16 | |     format!(
[INFO] [stdout] ...  |
[INFO] [stdout] 21 | |     UPDATE_BODY.clone()
[INFO] [stdout] 22 | | );
[INFO] [stdout]    | |_- in this macro invocation
[INFO] [stdout]    |
[INFO] [stdout]    = note: import resolution is stuck, try simplifying macro imports
[INFO] [stdout]    = note: this error originates in the macro `crate::run_test_request` (in Nightly builds, run with -Z macro-backtrace for more info)
[INFO] [stdout] 
[INFO] [stdout] 
[INFO] [stdout] error: cannot determine resolution for the attribute macro `basiliq_test`
[INFO] [stdout]   --> src/serve/tests/run_test.rs:43:5
[INFO] [stdout]    |
[INFO] [stdout] 43 |           #[basiliq_test(run_migrations, init_values)]
[INFO] [stdout]    |             ^^^^^^^^^^^^
[INFO] [stdout]    |
[INFO] [stdout]   ::: src/serve/tests/requests/update/rel/sparse.rs:24:1
[INFO] [stdout]    |
[INFO] [stdout] 24 | / crate::run_test_request!(
[INFO] [stdout] 25 | |     one_fields,
[INFO] [stdout] 26 | |     Method::PATCH,
[INFO] [stdout] 27 | |     format!(
[INFO] [stdout] ...  |
[INFO] [stdout] 32 | |     UPDATE_BODY.clone()
[INFO] [stdout] 33 | | );
[INFO] [stdout]    | |_- in this macro invocation
[INFO] [stdout]    |
[INFO] [stdout]    = note: import resolution is stuck, try simplifying macro imports
[INFO] [stdout]    = note: this error originates in the macro `crate::run_test_request` (in Nightly builds, run with -Z macro-backtrace for more info)
[INFO] [stdout] 
[INFO] [stdout] 
[INFO] [stdout] error: cannot determine resolution for the attribute macro `basiliq_test`
[INFO] [stdout]   --> src/serve/tests/run_test.rs:43:5
[INFO] [stdout]    |
[INFO] [stdout] 43 |           #[basiliq_test(run_migrations, init_values)]
[INFO] [stdout]    |             ^^^^^^^^^^^^
[INFO] [stdout]    |
[INFO] [stdout]   ::: src/serve/tests/requests/update/rel/sparse.rs:35:1
[INFO] [stdout]    |
[INFO] [stdout] 35 | / crate::run_test_request!(
[INFO] [stdout] 36 | |     unknown_fields,
[INFO] [stdout] 37 | |     Method::PATCH,
[INFO] [stdout] 38 | |     format!(
[INFO] [stdout] ...  |
[INFO] [stdout] 43 | |     UPDATE_BODY.clone()
[INFO] [stdout] 44 | | );
[INFO] [stdout]    | |_- in this macro invocation
[INFO] [stdout]    |
[INFO] [stdout]    = note: import resolution is stuck, try simplifying macro imports
[INFO] [stdout]    = note: this error originates in the macro `crate::run_test_request` (in Nightly builds, run with -Z macro-backtrace for more info)
[INFO] [stdout] 
[INFO] [stdout] 
[INFO] [stdout] error: cannot determine resolution for the attribute macro `basiliq_test`
[INFO] [stdout]   --> src/serve/tests/run_test.rs:43:5
[INFO] [stdout]    |
[INFO] [stdout] 43 |           #[basiliq_test(run_migrations, init_values)]
[INFO] [stdout]    |             ^^^^^^^^^^^^
[INFO] [stdout]    |
[INFO] [stdout]   ::: src/serve/tests/requests/update/rel/sparse.rs:46:1
[INFO] [stdout]    |
[INFO] [stdout] 46 | / crate::run_test_request!(
[INFO] [stdout] 47 | |     unknown_type,
[INFO] [stdout] 48 | |     Method::PATCH,
[INFO] [stdout] 49 | |     format!(
[INFO] [stdout] ...  |
[INFO] [stdout] 54 | |     UPDATE_BODY.clone()
[INFO] [stdout] 55 | | );
[INFO] [stdout]    | |_- in this macro invocation
[INFO] [stdout]    |
[INFO] [stdout]    = note: import resolution is stuck, try simplifying macro imports
[INFO] [stdout]    = note: this error originates in the macro `crate::run_test_request` (in Nightly builds, run with -Z macro-backtrace for more info)
[INFO] [stdout] 
[INFO] [stdout] 
[INFO] [stdout] error[E0425]: cannot find value `PEOPLES_IDS` in this scope
[INFO] [stdout]   --> src/serve/tests/requests/create/paths.rs:33:9
[INFO] [stdout]    |
[INFO] [stdout] 33 |         PEOPLES_IDS[0].to_string()
[INFO] [stdout]    |         ^^^^^^^^^^^ not found in this scope
[INFO] [stdout] 
[INFO] [stdout] 
[INFO] [stdout] error[E0425]: cannot find value `PEOPLES_IDS` in this scope
[INFO] [stdout]   --> src/serve/tests/requests/create/paths.rs:42:36
[INFO] [stdout]    |
[INFO] [stdout] 42 |     format!("/public__peoples/{}", PEOPLES_IDS[0].to_string()),
[INFO] [stdout]    |                                    ^^^^^^^^^^^ not found in this scope
[INFO] [stdout] 
[INFO] [stdout] 
[INFO] [stdout] error[E0425]: cannot find value `PEOPLES_IDS` in this scope
[INFO] [stdout]   --> src/serve/tests/requests/create/paths.rs:52:9
[INFO] [stdout]    |
[INFO] [stdout] 52 |         PEOPLES_IDS[0].to_string()
[INFO] [stdout]    |         ^^^^^^^^^^^ not found in this scope
[INFO] [stdout] 
[INFO] [stdout] 
[INFO] [stdout] error[E0425]: cannot find value `PEOPLES_IDS` in this scope
[INFO] [stdout]  --> src/serve/tests/requests/delete/include.rs:8:9
[INFO] [stdout]   |
[INFO] [stdout] 8 |         PEOPLES_IDS[0]
[INFO] [stdout]   |         ^^^^^^^^^^^ not found in this scope
[INFO] [stdout] 
[INFO] [stdout] 
[INFO] [stdout] error[E0425]: cannot find value `PEOPLES_IDS` in this scope
[INFO] [stdout]   --> src/serve/tests/requests/delete/include.rs:18:9
[INFO] [stdout]    |
[INFO] [stdout] 18 |         PEOPLES_IDS[0]
[INFO] [stdout]    |         ^^^^^^^^^^^ not found in this scope
[INFO] [stdout] 
[INFO] [stdout] 
[INFO] [stdout] error[E0425]: cannot find value `PEOPLES_IDS` in this scope
[INFO] [stdout]   --> src/serve/tests/requests/delete/include.rs:28:9
[INFO] [stdout]    |
[INFO] [stdout] 28 |         PEOPLES_IDS[0]
[INFO] [stdout]    |         ^^^^^^^^^^^ not found in this scope
[INFO] [stdout] 
[INFO] [stdout] 
[INFO] [stdout] error[E0425]: cannot find value `PEOPLES_IDS` in this scope
[INFO] [stdout]  --> src/serve/tests/requests/delete/misc.rs:6:52
[INFO] [stdout]   |
[INFO] [stdout] 6 |     format!("/public__peoples/{}?sort=first-name", PEOPLES_IDS[0]),
[INFO] [stdout]   |                                                    ^^^^^^^^^^^ not found in this scope
[INFO] [stdout] 
[INFO] [stdout] 
[INFO] [stdout] error[E0425]: cannot find value `PEOPLES_IDS` in this scope
[INFO] [stdout]   --> src/serve/tests/requests/delete/misc.rs:15:9
[INFO] [stdout]    |
[INFO] [stdout] 15 |         PEOPLES_IDS[0]
[INFO] [stdout]    |         ^^^^^^^^^^^ not found in this scope
[INFO] [stdout] 
[INFO] [stdout] 
[INFO] [stdout] error[E0425]: cannot find value `PEOPLES_IDS` in this scope
[INFO] [stdout]   --> src/serve/tests/requests/delete/misc.rs:25:9
[INFO] [stdout]    |
[INFO] [stdout] 25 |         PEOPLES_IDS[0]
[INFO] [stdout]    |         ^^^^^^^^^^^ not found in this scope
[INFO] [stdout] 
[INFO] [stdout] 
[INFO] [stdout] error[E0425]: cannot find value `PEOPLES_IDS` in this scope
[INFO] [stdout]   --> src/serve/tests/requests/delete/misc.rs:35:9
[INFO] [stdout]    |
[INFO] [stdout] 35 |         PEOPLES_IDS[0]
[INFO] [stdout]    |         ^^^^^^^^^^^ not found in this scope
[INFO] [stdout] 
[INFO] [stdout] 
[INFO] [stdout] error[E0425]: cannot find value `PEOPLES_IDS` in this scope
[INFO] [stdout]   --> src/serve/tests/requests/delete/misc.rs:43:133
[INFO] [stdout]    |
[INFO] [stdout] 43 | ...favorite_color&fields[public__favorite_color]=", PEOPLES_IDS[0]),
[INFO] [stdout]    |                                                     ^^^^^^^^^^^ not found in this scope
[INFO] [stdout] 
[INFO] [stdout] 
[INFO] [stdout] error[E0425]: cannot find value `PEOPLES_IDS` in this scope
[INFO] [stdout]  --> src/serve/tests/requests/delete/normal.rs:6:36
[INFO] [stdout]   |
[INFO] [stdout] 6 |     format!("/public__peoples/{}", PEOPLES_IDS[0]),
[INFO] [stdout]   |                                    ^^^^^^^^^^^ not found in this scope
[INFO] [stdout] 
[INFO] [stdout] 
[INFO] [stdout] error[E0425]: cannot find value `PEOPLES_IDS` in this scope
[INFO] [stdout]   --> src/serve/tests/requests/delete/normal.rs:15:9
[INFO] [stdout]    |
[INFO] [stdout] 15 |         PEOPLES_IDS[0]
[INFO] [stdout]    |         ^^^^^^^^^^^ not found in this scope
[INFO] [stdout] 
[INFO] [stdout] 
[INFO] [stdout] error[E0425]: cannot find value `PEOPLES_IDS` in this scope
[INFO] [stdout]  --> src/serve/tests/requests/delete/paths.rs:6:53
[INFO] [stdout]   |
[INFO] [stdout] 6 |     format!("/public__peoples/{}/public__articles", PEOPLES_IDS[0]),
[INFO] [stdout]   |                                                     ^^^^^^^^^^^ not found in this scope
[INFO] [stdout] 
[INFO] [stdout] 
[INFO] [stdout] error[E0425]: cannot find value `PEOPLES_IDS` in this scope
[INFO] [stdout]  --> src/serve/tests/requests/delete/sparse.rs:8:9
[INFO] [stdout]   |
[INFO] [stdout] 8 |         PEOPLES_IDS[0]
[INFO] [stdout]   |         ^^^^^^^^^^^ not found in this scope
[INFO] [stdout] 
[INFO] [stdout] 
[INFO] [stdout] error[E0425]: cannot find value `PEOPLES_IDS` in this scope
[INFO] [stdout]   --> src/serve/tests/requests/delete/sparse.rs:18:9
[INFO] [stdout]    |
[INFO] [stdout] 18 |         PEOPLES_IDS[0]
[INFO] [stdout]    |         ^^^^^^^^^^^ not found in this scope
[INFO] [stdout] 
[INFO] [stdout] 
[INFO] [stdout] error[E0425]: cannot find value `PEOPLES_IDS` in this scope
[INFO] [stdout]   --> src/serve/tests/requests/delete/sparse.rs:28:9
[INFO] [stdout]    |
[INFO] [stdout] 28 |         PEOPLES_IDS[0]
[INFO] [stdout]    |         ^^^^^^^^^^^ not found in this scope
[INFO] [stdout] 
[INFO] [stdout] 
[INFO] [stdout] error[E0425]: cannot find value `PEOPLES_IDS` in this scope
[INFO] [stdout]   --> src/serve/tests/requests/delete/sparse.rs:38:9
[INFO] [stdout]    |
[INFO] [stdout] 38 |         PEOPLES_IDS[0]
[INFO] [stdout]    |         ^^^^^^^^^^^ not found in this scope
[INFO] [stdout] 
[INFO] [stdout] 
[INFO] [stdout] error[E0425]: cannot find value `PEOPLES_IDS` in this scope
[INFO] [stdout]   --> src/serve/tests/requests/delete/sparse.rs:48:9
[INFO] [stdout]    |
[INFO] [stdout] 48 |         PEOPLES_IDS[0]
[INFO] [stdout]    |         ^^^^^^^^^^^ not found in this scope
[INFO] [stdout] 
[INFO] [stdout] 
[INFO] [stdout] error[E0425]: cannot find value `PEOPLES_IDS` in this scope
[INFO] [stdout]  --> src/serve/tests/requests/select/obj/include.rs:8:9
[INFO] [stdout]   |
[INFO] [stdout] 8 |         PEOPLES_IDS[0]
[INFO] [stdout]   |         ^^^^^^^^^^^ not found in this scope
[INFO] [stdout] 
[INFO] [stdout] 
[INFO] [stdout] error[E0425]: cannot find value `PEOPLES_IDS` in this scope
[INFO] [stdout]   --> src/serve/tests/requests/select/obj/include.rs:17:9
[INFO] [stdout]    |
[INFO] [stdout] 17 |         PEOPLES_IDS[0]
[INFO] [stdout]    |         ^^^^^^^^^^^ not found in this scope
[INFO] [stdout] 
[INFO] [stdout] 
[INFO] [stdout] error[E0425]: cannot find value `PEOPLES_IDS` in this scope
[INFO] [stdout]   --> src/serve/tests/requests/select/obj/include.rs:26:9
[INFO] [stdout]    |
[INFO] [stdout] 26 |         PEOPLES_IDS[0]
[INFO] [stdout]    |         ^^^^^^^^^^^ not found in this scope
[INFO] [stdout] 
[INFO] [stdout] 
[INFO] [stdout] error[E0425]: cannot find value `PEOPLES_IDS` in this scope
[INFO] [stdout]   --> src/serve/tests/requests/select/obj/include.rs:36:9
[INFO] [stdout]    |
[INFO] [stdout] 36 |         PEOPLES_IDS[0]
[INFO] [stdout]    |         ^^^^^^^^^^^ not found in this scope
[INFO] [stdout] 
[INFO] [stdout] 
[INFO] [stdout] error[E0425]: cannot find value `PEOPLES_IDS` in this scope
[INFO] [stdout]   --> src/serve/tests/requests/select/obj/include.rs:45:9
[INFO] [stdout]    |
[INFO] [stdout] 45 |         PEOPLES_IDS[0]
[INFO] [stdout]    |         ^^^^^^^^^^^ not found in this scope
[INFO] [stdout] 
[INFO] [stdout] 
[INFO] [stdout] error[E0425]: cannot find value `PEOPLES_IDS` in this scope
[INFO] [stdout]  --> src/serve/tests/requests/select/obj/normal.rs:6:36
[INFO] [stdout]   |
[INFO] [stdout] 6 |     format!("/public__peoples/{}", PEOPLES_IDS[0]),
[INFO] [stdout]   |                                    ^^^^^^^^^^^ not found in this scope
[INFO] [stdout] 
[INFO] [stdout] 
[INFO] [stdout] error[E0425]: cannot find value `PEOPLES_IDS` in this scope
[INFO] [stdout]  --> src/serve/tests/requests/select/obj/sort.rs:6:52
[INFO] [stdout]   |
[INFO] [stdout] 6 |     format!("/public__peoples/{}?sort=first-name", PEOPLES_IDS[0]),
[INFO] [stdout]   |                                                    ^^^^^^^^^^^ not found in this scope
[INFO] [stdout] 
[INFO] [stdout] 
[INFO] [stdout] error[E0425]: cannot find value `PEOPLES_IDS` in this scope
[INFO] [stdout]   --> src/serve/tests/requests/select/obj/sort.rs:13:53
[INFO] [stdout]    |
[INFO] [stdout] 13 |     format!("/public__peoples/{}?sort=-first-name", PEOPLES_IDS[0]),
[INFO] [stdout]    |                                                     ^^^^^^^^^^^ not found in this scope
[INFO] [stdout] 
[INFO] [stdout] 
[INFO] [stdout] error[E0425]: cannot find value `PEOPLES_IDS` in this scope
[INFO] [stdout]   --> src/serve/tests/requests/select/obj/sort.rs:22:9
[INFO] [stdout]    |
[INFO] [stdout] 22 |         PEOPLES_IDS[0]
[INFO] [stdout]    |         ^^^^^^^^^^^ not found in this scope
[INFO] [stdout] 
[INFO] [stdout] 
[INFO] [stdout] error[E0425]: cannot find value `PEOPLES_IDS` in this scope
[INFO] [stdout]   --> src/serve/tests/requests/select/obj/sort.rs:32:9
[INFO] [stdout]    |
[INFO] [stdout] 32 |         PEOPLES_IDS[0]
[INFO] [stdout]    |         ^^^^^^^^^^^ not found in this scope
[INFO] [stdout] 
[INFO] [stdout] 
[INFO] [stdout] error[E0425]: cannot find value `PEOPLES_IDS` in this scope
[INFO] [stdout]  --> src/serve/tests/requests/select/obj/sparse.rs:8:9
[INFO] [stdout]   |
[INFO] [stdout] 8 |         PEOPLES_IDS[0]
[INFO] [stdout]   |         ^^^^^^^^^^^ not found in this scope
[INFO] [stdout] 
[INFO] [stdout] 
[INFO] [stdout] error[E0425]: cannot find value `PEOPLES_IDS` in this scope
[INFO] [stdout]   --> src/serve/tests/requests/select/obj/sparse.rs:18:9
[INFO] [stdout]    |
[INFO] [stdout] 18 |         PEOPLES_IDS[0]
[INFO] [stdout]    |         ^^^^^^^^^^^ not found in this scope
[INFO] [stdout] 
[INFO] [stdout] 
[INFO] [stdout] error[E0425]: cannot find value `PEOPLES_IDS` in this scope
[INFO] [stdout]   --> src/serve/tests/requests/select/obj/sparse.rs:28:9
[INFO] [stdout]    |
[INFO] [stdout] 28 |         PEOPLES_IDS[0]
[INFO] [stdout]    |         ^^^^^^^^^^^ not found in this scope
[INFO] [stdout] 
[INFO] [stdout] 
[INFO] [stdout] error[E0425]: cannot find value `PEOPLES_IDS` in this scope
[INFO] [stdout]   --> src/serve/tests/requests/select/obj/sparse.rs:38:9
[INFO] [stdout]    |
[INFO] [stdout] 38 |         PEOPLES_IDS[0]
[INFO] [stdout]    |         ^^^^^^^^^^^ not found in this scope
[INFO] [stdout] 
[INFO] [stdout] 
[INFO] [stdout] error[E0425]: cannot find value `PEOPLES_IDS` in this scope
[INFO] [stdout]   --> src/serve/tests/requests/select/obj/sparse.rs:48:9
[INFO] [stdout]    |
[INFO] [stdout] 48 |         PEOPLES_IDS[0]
[INFO] [stdout]    |         ^^^^^^^^^^^ not found in this scope
[INFO] [stdout] 
[INFO] [stdout] 
[INFO] [stdout] error[E0425]: cannot find value `PEOPLES_IDS` in this scope
[INFO] [stdout]   --> src/serve/tests/requests/select/obj/sparse.rs:58:9
[INFO] [stdout]    |
[INFO] [stdout] 58 |         PEOPLES_IDS[0]
[INFO] [stdout]    |         ^^^^^^^^^^^ not found in this scope
[INFO] [stdout] 
[INFO] [stdout] 
[INFO] [stdout] error[E0425]: cannot find value `PEOPLES_IDS` in this scope
[INFO] [stdout]   --> src/serve/tests/requests/select/obj/sparse.rs:66:112
[INFO] [stdout]    |
[INFO] [stdout] 66 |     format!("/public__peoples/{}?include=public__articles&fields[public__articles]=&fields[public__peoples]=", PEOPLES_IDS[0]),
[INFO] [stdout]    |                                                                                                                ^^^^^^^^^^^ not found in this scope
[INFO] [stdout] 
[INFO] [stdout] 
[INFO] [stdout] error[E0425]: cannot find value `ARTICLES_IDS` in this scope
[INFO] [stdout]  --> src/serve/tests/requests/select/related/include.rs:8:9
[INFO] [stdout]   |
[INFO] [stdout] 8 |         ARTICLES_IDS[0]
[INFO] [stdout]   |         ^^^^^^^^^^^^ not found in this scope
[INFO] [stdout] 
[INFO] [stdout] 
[INFO] [stdout] error[E0425]: cannot find value `PEOPLES_IDS` in this scope
[INFO] [stdout]   --> src/serve/tests/requests/select/related/include.rs:18:9
[INFO] [stdout]    |
[INFO] [stdout] 18 |         PEOPLES_IDS[0]
[INFO] [stdout]    |         ^^^^^^^^^^^ not found in this scope
[INFO] [stdout] 
[INFO] [stdout] 
[INFO] [stdout] error[E0425]: cannot find value `PEOPLES_IDS` in this scope
[INFO] [stdout]   --> src/serve/tests/requests/select/related/include.rs:28:9
[INFO] [stdout]    |
[INFO] [stdout] 28 |         PEOPLES_IDS[0]
[INFO] [stdout]    |         ^^^^^^^^^^^ not found in this scope
[INFO] [stdout] 
[INFO] [stdout] 
[INFO] [stdout] error[E0425]: cannot find value `PEOPLES_IDS` in this scope
[INFO] [stdout]   --> src/serve/tests/requests/select/related/include.rs:38:9
[INFO] [stdout]    |
[INFO] [stdout] 38 |         PEOPLES_IDS[0]
[INFO] [stdout]    |         ^^^^^^^^^^^ not found in this scope
[INFO] [stdout] 
[INFO] [stdout] 
[INFO] [stdout] error[E0425]: cannot find value `PEOPLES_IDS` in this scope
[INFO] [stdout]   --> src/serve/tests/requests/select/related/include.rs:47:9
[INFO] [stdout]    |
[INFO] [stdout] 47 |         PEOPLES_IDS[0]
[INFO] [stdout]    |         ^^^^^^^^^^^ not found in this scope
[INFO] [stdout] 
[INFO] [stdout] 
[INFO] [stdout] error[E0425]: cannot find value `PEOPLES_IDS` in this scope
[INFO] [stdout]  --> src/serve/tests/requests/select/related/normal.rs:6:53
[INFO] [stdout]   |
[INFO] [stdout] 6 |     format!("/public__peoples/{}/public__articles", PEOPLES_IDS[0]),
[INFO] [stdout]   |                                                     ^^^^^^^^^^^ not found in this scope
[INFO] [stdout] 
[INFO] [stdout] 
[INFO] [stdout] error[E0425]: cannot find value `PEOPLES_IDS` in this scope
[INFO] [stdout]   --> src/serve/tests/requests/select/related/normal.rs:12:59
[INFO] [stdout]    |
[INFO] [stdout] 12 |     format!("/public__peoples/{}/public__favorite_color", PEOPLES_IDS[0]),
[INFO] [stdout]    |                                                           ^^^^^^^^^^^ not found in this scope
[INFO] [stdout] 
[INFO] [stdout] 
[INFO] [stdout] error[E0425]: cannot find value `FAVORITE_COLOR_IDS` in this scope
[INFO] [stdout]   --> src/serve/tests/requests/select/related/normal.rs:20:9
[INFO] [stdout]    |
[INFO] [stdout] 20 |         FAVORITE_COLOR_IDS[0]
[INFO] [stdout]    |         ^^^^^^^^^^^^^^^^^^ not found in this scope
[INFO] [stdout] 
[INFO] [stdout] 
[INFO] [stdout] error[E0425]: cannot find value `PEOPLES_IDS` in this scope
[INFO] [stdout]  --> src/serve/tests/requests/select/related/sort.rs:8:9
[INFO] [stdout]   |
[INFO] [stdout] 8 |         PEOPLES_IDS[0]
[INFO] [stdout]   |         ^^^^^^^^^^^ not found in this scope
[INFO] [stdout] 
[INFO] [stdout] 
[INFO] [stdout] error[E0425]: cannot find value `PEOPLES_IDS` in this scope
[INFO] [stdout]   --> src/serve/tests/requests/select/related/sort.rs:18:9
[INFO] [stdout]    |
[INFO] [stdout] 18 |         PEOPLES_IDS[0]
[INFO] [stdout]    |         ^^^^^^^^^^^ not found in this scope
[INFO] [stdout] 
[INFO] [stdout] 
[INFO] [stdout] error[E0425]: cannot find value `ARTICLES_IDS` in this scope
[INFO] [stdout]   --> src/serve/tests/requests/select/related/sort.rs:28:9
[INFO] [stdout]    |
[INFO] [stdout] 28 |         ARTICLES_IDS[1]
[INFO] [stdout]    |         ^^^^^^^^^^^^ not found in this scope
[INFO] [stdout] 
[INFO] [stdout] 
[INFO] [stdout] error[E0425]: cannot find value `ARTICLES_IDS` in this scope
[INFO] [stdout]   --> src/serve/tests/requests/select/related/sort.rs:38:9
[INFO] [stdout]    |
[INFO] [stdout] 38 |         ARTICLES_IDS[0]
[INFO] [stdout]    |         ^^^^^^^^^^^^ not found in this scope
[INFO] [stdout] 
[INFO] [stdout] 
[INFO] [stdout] error[E0425]: cannot find value `PEOPLES_IDS` in this scope
[INFO] [stdout]  --> src/serve/tests/requests/select/related/sparse.rs:8:9
[INFO] [stdout]   |
[INFO] [stdout] 8 |         PEOPLES_IDS[0]
[INFO] [stdout]   |         ^^^^^^^^^^^ not found in this scope
[INFO] [stdout] 
[INFO] [stdout] 
[INFO] [stdout] error[E0425]: cannot find value `PEOPLES_IDS` in this scope
[INFO] [stdout]   --> src/serve/tests/requests/select/related/sparse.rs:18:9
[INFO] [stdout]    |
[INFO] [stdout] 18 |         PEOPLES_IDS[0]
[INFO] [stdout]    |         ^^^^^^^^^^^ not found in this scope
[INFO] [stdout] 
[INFO] [stdout] 
[INFO] [stdout] error[E0425]: cannot find value `PEOPLES_IDS` in this scope
[INFO] [stdout]   --> src/serve/tests/requests/select/related/sparse.rs:28:9
[INFO] [stdout]    |
[INFO] [stdout] 28 |         PEOPLES_IDS[0]
[INFO] [stdout]    |         ^^^^^^^^^^^ not found in this scope
[INFO] [stdout] 
[INFO] [stdout] 
[INFO] [stdout] error[E0425]: cannot find value `PEOPLES_IDS` in this scope
[INFO] [stdout]   --> src/serve/tests/requests/select/related/sparse.rs:38:9
[INFO] [stdout]    |
[INFO] [stdout] 38 |         PEOPLES_IDS[0]
[INFO] [stdout]    |         ^^^^^^^^^^^ not found in this scope
[INFO] [stdout] 
[INFO] [stdout] 
[INFO] [stdout] error[E0425]: cannot find value `PEOPLES_IDS` in this scope
[INFO] [stdout]   --> src/serve/tests/requests/select/related/sparse.rs:48:9
[INFO] [stdout]    |
[INFO] [stdout] 48 |         PEOPLES_IDS[0]
[INFO] [stdout]    |         ^^^^^^^^^^^ not found in this scope
[INFO] [stdout] 
[INFO] [stdout] 
[INFO] [stdout] error[E0425]: cannot find value `PEOPLES_IDS` in this scope
[INFO] [stdout]   --> src/serve/tests/requests/select/related/sparse.rs:58:9
[INFO] [stdout]    |
[INFO] [stdout] 58 |         PEOPLES_IDS[0]
[INFO] [stdout]    |         ^^^^^^^^^^^ not found in this scope
[INFO] [stdout] 
[INFO] [stdout] 
[INFO] [stdout] error[E0425]: cannot find value `PEOPLES_IDS` in this scope
[INFO] [stdout]   --> src/serve/tests/requests/select/related/sparse.rs:66:128
[INFO] [stdout]    |
[INFO] [stdout] 66 | ...ds[public__articles]=&fields[public__peoples]=", PEOPLES_IDS[0]),
[INFO] [stdout]    |                                                     ^^^^^^^^^^^ not found in this scope
[INFO] [stdout] 
[INFO] [stdout] 
[INFO] [stdout] error[E0425]: cannot find value `ARTICLES_IDS` in this scope
[INFO] [stdout]  --> src/serve/tests/requests/select/relationships/include.rs:8:9
[INFO] [stdout]   |
[INFO] [stdout] 8 |         ARTICLES_IDS[0]
[INFO] [stdout]   |         ^^^^^^^^^^^^ not found in this scope
[INFO] [stdout] 
[INFO] [stdout] 
[INFO] [stdout] error[E0425]: cannot find value `PEOPLES_IDS` in this scope
[INFO] [stdout]   --> src/serve/tests/requests/select/relationships/include.rs:18:9
[INFO] [stdout]    |
[INFO] [stdout] 18 |         PEOPLES_IDS[0]
[INFO] [stdout]    |         ^^^^^^^^^^^ not found in this scope
[INFO] [stdout] 
[INFO] [stdout] 
[INFO] [stdout] error[E0425]: cannot find value `PEOPLES_IDS` in this scope
[INFO] [stdout]   --> src/serve/tests/requests/select/relationships/include.rs:28:9
[INFO] [stdout]    |
[INFO] [stdout] 28 |         PEOPLES_IDS[0]
[INFO] [stdout]    |         ^^^^^^^^^^^ not found in this scope
[INFO] [stdout] 
[INFO] [stdout] 
[INFO] [stdout] error[E0425]: cannot find value `PEOPLES_IDS` in this scope
[INFO] [stdout]   --> src/serve/tests/requests/select/relationships/include.rs:38:9
[INFO] [stdout]    |
[INFO] [stdout] 38 |         PEOPLES_IDS[0]
[INFO] [stdout]    |         ^^^^^^^^^^^ not found in this scope
[INFO] [stdout] 
[INFO] [stdout] 
[INFO] [stdout] error[E0425]: cannot find value `PEOPLES_IDS` in this scope
[INFO] [stdout]   --> src/serve/tests/requests/select/relationships/include.rs:47:9
[INFO] [stdout]    |
[INFO] [stdout] 47 |         PEOPLES_IDS[0]
[INFO] [stdout]    |         ^^^^^^^^^^^ not found in this scope
[INFO] [stdout] 
[INFO] [stdout] 
[INFO] [stdout] error[E0425]: cannot find value `PEOPLES_IDS` in this scope
[INFO] [stdout]  --> src/serve/tests/requests/select/relationships/normal.rs:8:9
[INFO] [stdout]   |
[INFO] [stdout] 8 |         PEOPLES_IDS[0]
[INFO] [stdout]   |         ^^^^^^^^^^^ not found in this scope
[INFO] [stdout] 
[INFO] [stdout] 
[INFO] [stdout] error[E0425]: cannot find value `PEOPLES_IDS` in this scope
[INFO] [stdout]   --> src/serve/tests/requests/select/relationships/normal.rs:18:9
[INFO] [stdout]    |
[INFO] [stdout] 18 |         PEOPLES_IDS[0]
[INFO] [stdout]    |         ^^^^^^^^^^^ not found in this scope
[INFO] [stdout] 
[INFO] [stdout] 
[INFO] [stdout] error[E0425]: cannot find value `FAVORITE_COLOR_IDS` in this scope
[INFO] [stdout]   --> src/serve/tests/requests/select/relationships/normal.rs:28:9
[INFO] [stdout]    |
[INFO] [stdout] 28 |         FAVORITE_COLOR_IDS[0]
[INFO] [stdout]    |         ^^^^^^^^^^^^^^^^^^ not found in this scope
[INFO] [stdout] 
[INFO] [stdout] 
[INFO] [stdout] error[E0425]: cannot find value `PEOPLES_IDS` in this scope
[INFO] [stdout]  --> src/serve/tests/requests/select/relationships/sort.rs:8:9
[INFO] [stdout]   |
[INFO] [stdout] 8 |         PEOPLES_IDS[0]
[INFO] [stdout]   |         ^^^^^^^^^^^ not found in this scope
[INFO] [stdout] 
[INFO] [stdout] 
[INFO] [stdout] error[E0425]: cannot find value `PEOPLES_IDS` in this scope
[INFO] [stdout]   --> src/serve/tests/requests/select/relationships/sort.rs:18:9
[INFO] [stdout]    |
[INFO] [stdout] 18 |         PEOPLES_IDS[0]
[INFO] [stdout]    |         ^^^^^^^^^^^ not found in this scope
[INFO] [stdout] 
[INFO] [stdout] 
[INFO] [stdout] error[E0425]: cannot find value `ARTICLES_IDS` in this scope
[INFO] [stdout]   --> src/serve/tests/requests/select/relationships/sort.rs:28:9
[INFO] [stdout]    |
[INFO] [stdout] 28 |         ARTICLES_IDS[1]
[INFO] [stdout]    |         ^^^^^^^^^^^^ not found in this scope
[INFO] [stdout] 
[INFO] [stdout] 
[INFO] [stdout] error[E0425]: cannot find value `ARTICLES_IDS` in this scope
[INFO] [stdout]   --> src/serve/tests/requests/select/relationships/sort.rs:38:9
[INFO] [stdout]    |
[INFO] [stdout] 38 |         ARTICLES_IDS[0]
[INFO] [stdout]    |         ^^^^^^^^^^^^ not found in this scope
[INFO] [stdout] 
[INFO] [stdout] 
[INFO] [stdout] error[E0425]: cannot find value `PEOPLES_IDS` in this scope
[INFO] [stdout]  --> src/serve/tests/requests/select/relationships/sparse.rs:8:9
[INFO] [stdout]   |
[INFO] [stdout] 8 |         PEOPLES_IDS[0]
[INFO] [stdout]   |         ^^^^^^^^^^^ not found in this scope
[INFO] [stdout] 
[INFO] [stdout] 
[INFO] [stdout] error[E0425]: cannot find value `PEOPLES_IDS` in this scope
[INFO] [stdout]   --> src/serve/tests/requests/select/relationships/sparse.rs:18:9
[INFO] [stdout]    |
[INFO] [stdout] 18 |         PEOPLES_IDS[0]
[INFO] [stdout]    |         ^^^^^^^^^^^ not found in this scope
[INFO] [stdout] 
[INFO] [stdout] 
[INFO] [stdout] error[E0425]: cannot find value `PEOPLES_IDS` in this scope
[INFO] [stdout]   --> src/serve/tests/requests/select/relationships/sparse.rs:28:9
[INFO] [stdout]    |
[INFO] [stdout] 28 |         PEOPLES_IDS[0]
[INFO] [stdout]    |         ^^^^^^^^^^^ not found in this scope
[INFO] [stdout] 
[INFO] [stdout] 
[INFO] [stdout] error[E0425]: cannot find value `PEOPLES_IDS` in this scope
[INFO] [stdout]   --> src/serve/tests/requests/select/relationships/sparse.rs:38:9
[INFO] [stdout]    |
[INFO] [stdout] 38 |         PEOPLES_IDS[0]
[INFO] [stdout]    |         ^^^^^^^^^^^ not found in this scope
[INFO] [stdout] 
[INFO] [stdout] 
[INFO] [stdout] error[E0425]: cannot find value `PEOPLES_IDS` in this scope
[INFO] [stdout]   --> src/serve/tests/requests/select/relationships/sparse.rs:48:9
[INFO] [stdout]    |
[INFO] [stdout] 48 |         PEOPLES_IDS[0]
[INFO] [stdout]    |         ^^^^^^^^^^^ not found in this scope
[INFO] [stdout] 
[INFO] [stdout] 
[INFO] [stdout] error[E0425]: cannot find value `PEOPLES_IDS` in this scope
[INFO] [stdout]   --> src/serve/tests/requests/select/relationships/sparse.rs:58:9
[INFO] [stdout]    |
[INFO] [stdout] 58 |         PEOPLES_IDS[0]
[INFO] [stdout]    |         ^^^^^^^^^^^ not found in this scope
[INFO] [stdout] 
[INFO] [stdout] 
[INFO] [stdout] error[E0425]: cannot find value `PEOPLES_IDS` in this scope
[INFO] [stdout]   --> src/serve/tests/requests/select/relationships/sparse.rs:66:142
[INFO] [stdout]    |
[INFO] [stdout] 66 | ...ds[public__articles]=&fields[public__peoples]=", PEOPLES_IDS[0]),
[INFO] [stdout]    |                                                     ^^^^^^^^^^^ not found in this scope
[INFO] [stdout] 
[INFO] [stdout] 
[INFO] [stdout] error[E0425]: cannot find value `PEOPLES_IDS` in this scope
[INFO] [stdout]  --> src/serve/tests/requests/update/obj/include.rs:8:19
[INFO] [stdout]   |
[INFO] [stdout] 8 |             "id": PEOPLES_IDS[0],
[INFO] [stdout]   |                   ^^^^^^^^^^^ not found in this scope
[INFO] [stdout] 
[INFO] [stdout] 
[INFO] [stdout] error[E0425]: cannot find value `PEOPLES_IDS` in this scope
[INFO] [stdout]   --> src/serve/tests/requests/update/obj/include.rs:21:9
[INFO] [stdout]    |
[INFO] [stdout] 21 |         PEOPLES_IDS[0]
[INFO] [stdout]    |         ^^^^^^^^^^^ not found in this scope
[INFO] [stdout] 
[INFO] [stdout] 
[INFO] [stdout] error[E0425]: cannot find value `PEOPLES_IDS` in this scope
[INFO] [stdout]   --> src/serve/tests/requests/update/obj/include.rs:32:9
[INFO] [stdout]    |
[INFO] [stdout] 32 |         PEOPLES_IDS[0]
[INFO] [stdout]    |         ^^^^^^^^^^^ not found in this scope
[INFO] [stdout] 
[INFO] [stdout] 
[INFO] [stdout] error[E0425]: cannot find value `PEOPLES_IDS` in this scope
[INFO] [stdout]   --> src/serve/tests/requests/update/obj/include.rs:43:9
[INFO] [stdout]    |
[INFO] [stdout] 43 |         PEOPLES_IDS[0]
[INFO] [stdout]    |         ^^^^^^^^^^^ not found in this scope
[INFO] [stdout] 
[INFO] [stdout] 
[INFO] [stdout] error[E0425]: cannot find value `PEOPLES_IDS` in this scope
[INFO] [stdout]   --> src/serve/tests/requests/update/obj/include.rs:54:9
[INFO] [stdout]    |
[INFO] [stdout] 54 |         PEOPLES_IDS[0]
[INFO] [stdout]    |         ^^^^^^^^^^^ not found in this scope
[INFO] [stdout] 
[INFO] [stdout] 
[INFO] [stdout] error[E0425]: cannot find value `PEOPLES_IDS` in this scope
[INFO] [stdout]   --> src/serve/tests/requests/update/obj/include.rs:65:9
[INFO] [stdout]    |
[INFO] [stdout] 65 |         PEOPLES_IDS[0]
[INFO] [stdout]    |         ^^^^^^^^^^^ not found in this scope
[INFO] [stdout] 
[INFO] [stdout] 
[INFO] [stdout] error[E0425]: cannot find value `PEOPLES_IDS` in this scope
[INFO] [stdout]  --> src/serve/tests/requests/update/obj/misc.rs:8:23
[INFO] [stdout]   |
[INFO] [stdout] 8 |                 "id": PEOPLES_IDS[0],
[INFO] [stdout]   |                       ^^^^^^^^^^^ not found in this scope
[INFO] [stdout] 
[INFO] [stdout] 
[INFO] [stdout] error[E0425]: cannot find value `PEOPLES_IDS` in this scope
[INFO] [stdout]   --> src/serve/tests/requests/update/obj/misc.rs:19:52
[INFO] [stdout]    |
[INFO] [stdout] 19 |     format!("/public__peoples/{}?sort=first-name", PEOPLES_IDS[0]),
[INFO] [stdout]    |                                                    ^^^^^^^^^^^ not found in this scope
[INFO] [stdout] 
[INFO] [stdout] 
[INFO] [stdout] error[E0425]: cannot find value `PEOPLES_IDS` in this scope
[INFO] [stdout]   --> src/serve/tests/requests/update/obj/misc.rs:29:9
[INFO] [stdout]    |
[INFO] [stdout] 29 |         PEOPLES_IDS[0]
[INFO] [stdout]    |         ^^^^^^^^^^^ not found in this scope
[INFO] [stdout] 
[INFO] [stdout] 
[INFO] [stdout] error[E0425]: cannot find value `PEOPLES_IDS` in this scope
[INFO] [stdout]   --> src/serve/tests/requests/update/obj/misc.rs:40:9
[INFO] [stdout]    |
[INFO] [stdout] 40 |         PEOPLES_IDS[0]
[INFO] [stdout]    |         ^^^^^^^^^^^ not found in this scope
[INFO] [stdout] 
[INFO] [stdout] 
[INFO] [stdout] error[E0425]: cannot find value `PEOPLES_IDS` in this scope
[INFO] [stdout]   --> src/serve/tests/requests/update/obj/misc.rs:51:9
[INFO] [stdout]    |
[INFO] [stdout] 51 |         PEOPLES_IDS[0]
[INFO] [stdout]    |         ^^^^^^^^^^^ not found in this scope
[INFO] [stdout] 
[INFO] [stdout] 
[INFO] [stdout] error[E0425]: cannot find value `PEOPLES_IDS` in this scope
[INFO] [stdout]   --> src/serve/tests/requests/update/obj/misc.rs:60:133
[INFO] [stdout]    |
[INFO] [stdout] 60 | ...favorite_color&fields[public__favorite_color]=", PEOPLES_IDS[0]),
[INFO] [stdout]    |                                                     ^^^^^^^^^^^ not found in this scope
[INFO] [stdout] 
[INFO] [stdout] 
[INFO] [stdout] error[E0425]: cannot find value `PEOPLES_IDS` in this scope
[INFO] [stdout]   --> src/serve/tests/requests/update/obj/misc.rs:68:36
[INFO] [stdout]    |
[INFO] [stdout] 68 |     format!("/public__peoples/{}", PEOPLES_IDS[0]),
[INFO] [stdout]    |                                    ^^^^^^^^^^^ not found in this scope
[INFO] [stdout] 
[INFO] [stdout] 
[INFO] [stdout] error[E0425]: cannot find value `PEOPLES_IDS` in this scope
[INFO] [stdout]   --> src/serve/tests/requests/update/obj/misc.rs:73:19
[INFO] [stdout]    |
[INFO] [stdout] 73 |             "id": PEOPLES_IDS[0],
[INFO] [stdout]    |                   ^^^^^^^^^^^ not found in this scope
[INFO] [stdout] 
[INFO] [stdout] 
[INFO] [stdout] error[E0425]: cannot find value `ARTICLES_IDS` in this scope
[INFO] [stdout]   --> src/serve/tests/requests/update/obj/misc.rs:80:31
[INFO] [stdout]    |
[INFO] [stdout] 80 |                         "id": ARTICLES_IDS[2],
[INFO] [stdout]    |                               ^^^^^^^^^^^^ not found in this scope
[INFO] [stdout] 
[INFO] [stdout] 
[INFO] [stdout] error[E0425]: cannot find value `PEOPLES_IDS` in this scope
[INFO] [stdout]   --> src/serve/tests/requests/update/obj/misc.rs:92:36
[INFO] [stdout]    |
[INFO] [stdout] 92 |     format!("/public__peoples/{}", PEOPLES_IDS[0]),
[INFO] [stdout]    |                                    ^^^^^^^^^^^ not found in this scope
[INFO] [stdout] 
[INFO] [stdout] 
[INFO] [stdout] error[E0425]: cannot find value `PEOPLES_IDS` in this scope
[INFO] [stdout]   --> src/serve/tests/requests/update/obj/misc.rs:97:19
[INFO] [stdout]    |
[INFO] [stdout] 97 |             "id": PEOPLES_IDS[0],
[INFO] [stdout]    |                   ^^^^^^^^^^^ not found in this scope
[INFO] [stdout] 
[INFO] [stdout] 
[INFO] [stdout] error[E0425]: cannot find value `PEOPLES_IDS` in this scope
[INFO] [stdout]    --> src/serve/tests/requests/update/obj/misc.rs:104:48
[INFO] [stdout]     |
[INFO] [stdout] 104 |                         "id": format!("{},{}", PEOPLES_IDS[0], ARTICLES_IDS[0]),
[INFO] [stdout]     |                                                ^^^^^^^^^^^ not found in this scope
[INFO] [stdout] 
[INFO] [stdout] 
[INFO] [stdout] error[E0425]: cannot find value `ARTICLES_IDS` in this scope
[INFO] [stdout]    --> src/serve/tests/requests/update/obj/misc.rs:104:64
[INFO] [stdout]     |
[INFO] [stdout] 104 |                         "id": format!("{},{}", PEOPLES_IDS[0], ARTICLES_IDS[0]),
[INFO] [stdout]     |                                                                ^^^^^^^^^^^^ not found in this scope
[INFO] [stdout] 
[INFO] [stdout] 
[INFO] [stdout] error[E0425]: cannot find value `PEOPLES_IDS` in this scope
[INFO] [stdout]  --> src/serve/tests/requests/update/obj/normal_obj.rs:6:36
[INFO] [stdout]   |
[INFO] [stdout] 6 |     format!("/public__peoples/{}", PEOPLES_IDS[0]),
[INFO] [stdout]   |                                    ^^^^^^^^^^^ not found in this scope
[INFO] [stdout] 
[INFO] [stdout] 
[INFO] [stdout] error[E0425]: cannot find value `PEOPLES_IDS` in this scope
[INFO] [stdout]   --> src/serve/tests/requests/update/obj/normal_obj.rs:11:19
[INFO] [stdout]    |
[INFO] [stdout] 11 |             "id": PEOPLES_IDS[0],
[INFO] [stdout]    |                   ^^^^^^^^^^^ not found in this scope
[INFO] [stdout] 
[INFO] [stdout] 
[INFO] [stdout] error[E0425]: cannot find value `PEOPLES_IDS` in this scope
[INFO] [stdout]   --> src/serve/tests/requests/update/obj/normal_obj.rs:22:36
[INFO] [stdout]    |
[INFO] [stdout] 22 |     format!("/public__peoples/{}", PEOPLES_IDS[0]),
[INFO] [stdout]    |                                    ^^^^^^^^^^^ not found in this scope
[INFO] [stdout] 
[INFO] [stdout] 
[INFO] [stdout] error[E0425]: cannot find value `PEOPLES_IDS` in this scope
[INFO] [stdout]   --> src/serve/tests/requests/update/obj/normal_obj.rs:27:19
[INFO] [stdout]    |
[INFO] [stdout] 27 |             "id": PEOPLES_IDS[0],
[INFO] [stdout]    |                   ^^^^^^^^^^^ not found in this scope
[INFO] [stdout] 
[INFO] [stdout] 
[INFO] [stdout] error[E0425]: cannot find value `PEOPLES_IDS` in this scope
[INFO] [stdout]   --> src/serve/tests/requests/update/obj/normal_obj.rs:41:36
[INFO] [stdout]    |
[INFO] [stdout] 41 |     format!("/public__peoples/{}", PEOPLES_IDS[0]),
[INFO] [stdout]    |                                    ^^^^^^^^^^^ not found in this scope
[INFO] [stdout] 
[INFO] [stdout] 
[INFO] [stdout] error[E0425]: cannot find value `PEOPLES_IDS` in this scope
[INFO] [stdout]   --> src/serve/tests/requests/update/obj/normal_obj.rs:46:19
[INFO] [stdout]    |
[INFO] [stdout] 46 |             "id": PEOPLES_IDS[0],
[INFO] [stdout]    |                   ^^^^^^^^^^^ not found in this scope
[INFO] [stdout] 
[INFO] [stdout] 
[INFO] [stdout] error[E0425]: cannot find value `PEOPLES_IDS` in this scope
[INFO] [stdout]   --> src/serve/tests/requests/update/obj/normal_obj.rs:57:36
[INFO] [stdout]    |
[INFO] [stdout] 57 |     format!("/public__peoples/{}", PEOPLES_IDS[0]),
[INFO] [stdout]    |                                    ^^^^^^^^^^^ not found in this scope
[INFO] [stdout] 
[INFO] [stdout] 
[INFO] [stdout] error[E0425]: cannot find value `PEOPLES_IDS` in this scope
[INFO] [stdout]   --> src/serve/tests/requests/update/obj/normal_obj.rs:62:19
[INFO] [stdout]    |
[INFO] [stdout] 62 |             "id": PEOPLES_IDS[0],
[INFO] [stdout]    |                   ^^^^^^^^^^^ not found in this scope
[INFO] [stdout] 
[INFO] [stdout] 
[INFO] [stdout] error[E0425]: cannot find value `PEOPLES_IDS` in this scope
[INFO] [stdout]   --> src/serve/tests/requests/update/obj/normal_obj.rs:73:36
[INFO] [stdout]    |
[INFO] [stdout] 73 |     format!("/public__peoples/{}", PEOPLES_IDS[0]),
[INFO] [stdout]    |                                    ^^^^^^^^^^^ not found in this scope
[INFO] [stdout] 
[INFO] [stdout] 
[INFO] [stdout] error[E0425]: cannot find value `PEOPLES_IDS` in this scope
[INFO] [stdout]   --> src/serve/tests/requests/update/obj/normal_obj.rs:78:19
[INFO] [stdout]    |
[INFO] [stdout] 78 |             "id": PEOPLES_IDS[0],
[INFO] [stdout]    |                   ^^^^^^^^^^^ not found in this scope
[INFO] [stdout] 
[INFO] [stdout] 
[INFO] [stdout] error[E0425]: cannot find value `FAVORITE_COLOR_IDS` in this scope
[INFO] [stdout]   --> src/serve/tests/requests/update/obj/normal_obj.rs:85:31
[INFO] [stdout]    |
[INFO] [stdout] 85 |                         "id": FAVORITE_COLOR_IDS[2],
[INFO] [stdout]    |                               ^^^^^^^^^^^^^^^^^^ not found in this scope
[INFO] [stdout] 
[INFO] [stdout] 
[INFO] [stdout] error[E0425]: cannot find value `PEOPLES_IDS` in this scope
[INFO] [stdout]   --> src/serve/tests/requests/update/obj/path.rs:32:9
[INFO] [stdout]    |
[INFO] [stdout] 32 |         PEOPLES_IDS[0].to_string()
[INFO] [stdout]    |         ^^^^^^^^^^^ not found in this scope
[INFO] [stdout] 
[INFO] [stdout] 
[INFO] [stdout] error[E0425]: cannot find value `PEOPLES_IDS` in this scope
[INFO] [stdout]   --> src/serve/tests/requests/update/obj/path.rs:41:36
[INFO] [stdout]    |
[INFO] [stdout] 41 |     format!("/public__peoples/{}", PEOPLES_IDS[0].to_string()),
[INFO] [stdout]    |                                    ^^^^^^^^^^^ not found in this scope
[INFO] [stdout] 
[INFO] [stdout] 
[INFO] [stdout] error[E0425]: cannot find value `PEOPLES_IDS` in this scope
[INFO] [stdout]   --> src/serve/tests/requests/update/obj/path.rs:51:9
[INFO] [stdout]    |
[INFO] [stdout] 51 |         PEOPLES_IDS[0].to_string()
[INFO] [stdout]    |         ^^^^^^^^^^^ not found in this scope
[INFO] [stdout] 
[INFO] [stdout] 
[INFO] [stdout] error[E0425]: cannot find value `PEOPLES_IDS` in this scope
[INFO] [stdout]  --> src/serve/tests/requests/update/obj/sparse.rs:8:19
[INFO] [stdout]   |
[INFO] [stdout] 8 |             "id": PEOPLES_IDS[0],
[INFO] [stdout]   |                   ^^^^^^^^^^^ not found in this scope
[INFO] [stdout] 
[INFO] [stdout] 
[INFO] [stdout] error[E0425]: cannot find value `PEOPLES_IDS` in this scope
[INFO] [stdout]   --> src/serve/tests/requests/update/obj/sparse.rs:21:9
[INFO] [stdout]    |
[INFO] [stdout] 21 |         PEOPLES_IDS[0]
[INFO] [stdout]    |         ^^^^^^^^^^^ not found in this scope
[INFO] [stdout] 
[INFO] [stdout] 
[INFO] [stdout] error[E0425]: cannot find value `PEOPLES_IDS` in this scope
[INFO] [stdout]   --> src/serve/tests/requests/update/obj/sparse.rs:32:9
[INFO] [stdout]    |
[INFO] [stdout] 32 |         PEOPLES_IDS[0]
[INFO] [stdout]    |         ^^^^^^^^^^^ not found in this scope
[INFO] [stdout] 
[INFO] [stdout] 
[INFO] [stdout] error[E0425]: cannot find value `PEOPLES_IDS` in this scope
[INFO] [stdout]   --> src/serve/tests/requests/update/obj/sparse.rs:43:9
[INFO] [stdout]    |
[INFO] [stdout] 43 |         PEOPLES_IDS[0]
[INFO] [stdout]    |         ^^^^^^^^^^^ not found in this scope
[INFO] [stdout] 
[INFO] [stdout] 
[INFO] [stdout] error[E0425]: cannot find value `PEOPLES_IDS` in this scope
[INFO] [stdout]   --> src/serve/tests/requests/update/obj/sparse.rs:54:9
[INFO] [stdout]    |
[INFO] [stdout] 54 |         PEOPLES_IDS[0]
[INFO] [stdout]    |         ^^^^^^^^^^^ not found in this scope
[INFO] [stdout] 
[INFO] [stdout] 
[INFO] [stdout] error[E0425]: cannot find value `PEOPLES_IDS` in this scope
[INFO] [stdout]   --> src/serve/tests/requests/update/obj/sparse.rs:65:9
[INFO] [stdout]    |
[INFO] [stdout] 65 |         PEOPLES_IDS[0]
[INFO] [stdout]    |         ^^^^^^^^^^^ not found in this scope
[INFO] [stdout] 
[INFO] [stdout] 
[INFO] [stdout] error[E0425]: cannot find value `FAVORITE_COLOR_IDS` in this scope
[INFO] [stdout]  --> src/serve/tests/requests/update/rel/include.rs:8:19
[INFO] [stdout]   |
[INFO] [stdout] 8 |             "id": FAVORITE_COLOR_IDS[1]
[INFO] [stdout]   |                   ^^^^^^^^^^^^^^^^^^ not found in this scope
[INFO] [stdout] 
[INFO] [stdout] 
[INFO] [stdout] error[E0425]: cannot find value `PEOPLES_IDS` in this scope
[INFO] [stdout]   --> src/serve/tests/requests/update/rel/include.rs:18:9
[INFO] [stdout]    |
[INFO] [stdout] 18 |         PEOPLES_IDS[0]
[INFO] [stdout]    |         ^^^^^^^^^^^ not found in this scope
[INFO] [stdout] 
[INFO] [stdout] 
[INFO] [stdout] error[E0425]: cannot find value `PEOPLES_IDS` in this scope
[INFO] [stdout]   --> src/serve/tests/requests/update/rel/include.rs:29:9
[INFO] [stdout]    |
[INFO] [stdout] 29 |         PEOPLES_IDS[0]
[INFO] [stdout]    |         ^^^^^^^^^^^ not found in this scope
[INFO] [stdout] 
[INFO] [stdout] 
[INFO] [stdout] error[E0425]: cannot find value `PEOPLES_IDS` in this scope
[INFO] [stdout]   --> src/serve/tests/requests/update/rel/include.rs:40:9
[INFO] [stdout]    |
[INFO] [stdout] 40 |         PEOPLES_IDS[0]
[INFO] [stdout]    |         ^^^^^^^^^^^ not found in this scope
[INFO] [stdout] 
[INFO] [stdout] 
[INFO] [stdout] error[E0425]: cannot find value `FAVORITE_COLOR_IDS` in this scope
[INFO] [stdout]  --> src/serve/tests/requests/update/rel/misc.rs:8:19
[INFO] [stdout]   |
[INFO] [stdout] 8 |             "id": FAVORITE_COLOR_IDS[1]
[INFO] [stdout]   |                   ^^^^^^^^^^^^^^^^^^ not found in this scope
[INFO] [stdout] 
[INFO] [stdout] 
[INFO] [stdout] error[E0425]: cannot find value `PEOPLES_IDS` in this scope
[INFO] [stdout]   --> src/serve/tests/requests/update/rel/misc.rs:18:9
[INFO] [stdout]    |
[INFO] [stdout] 18 |         PEOPLES_IDS[0]
[INFO] [stdout]    |         ^^^^^^^^^^^ not found in this scope
[INFO] [stdout] 
[INFO] [stdout] 
[INFO] [stdout] error[E0425]: cannot find value `PEOPLES_IDS` in this scope
[INFO] [stdout]  --> src/serve/tests/requests/update/rel/normal_rel.rs:8:9
[INFO] [stdout]   |
[INFO] [stdout] 8 |         PEOPLES_IDS[0]
[INFO] [stdout]   |         ^^^^^^^^^^^ not found in this scope
[INFO] [stdout] 
[INFO] [stdout] 
[INFO] [stdout] error[E0425]: cannot find value `FAVORITE_COLOR_IDS` in this scope
[INFO] [stdout]   --> src/serve/tests/requests/update/rel/normal_rel.rs:14:19
[INFO] [stdout]    |
[INFO] [stdout] 14 |             "id": FAVORITE_COLOR_IDS[1]
[INFO] [stdout]    |                   ^^^^^^^^^^^^^^^^^^ not found in this scope
[INFO] [stdout] 
[INFO] [stdout] 
[INFO] [stdout] error[E0425]: cannot find value `PEOPLES_IDS` in this scope
[INFO] [stdout]   --> src/serve/tests/requests/update/rel/normal_rel.rs:24:9
[INFO] [stdout]    |
[INFO] [stdout] 24 |         PEOPLES_IDS[0]
[INFO] [stdout]    |         ^^^^^^^^^^^ not found in this scope
[INFO] [stdout] 
[INFO] [stdout] 
[INFO] [stdout] error[E0425]: cannot find value `PEOPLES_IDS` in this scope
[INFO] [stdout]   --> src/serve/tests/requests/update/rel/normal_rel.rs:35:9
[INFO] [stdout]    |
[INFO] [stdout] 35 |         PEOPLES_IDS[0]
[INFO] [stdout]    |         ^^^^^^^^^^^ not found in this scope
[INFO] [stdout] 
[INFO] [stdout] 
[INFO] [stdout] error[E0425]: cannot find value `ARTICLES_IDS` in this scope
[INFO] [stdout]   --> src/serve/tests/requests/update/rel/normal_rel.rs:41:19
[INFO] [stdout]    |
[INFO] [stdout] 41 |             "id": ARTICLES_IDS[1]
[INFO] [stdout]    |                   ^^^^^^^^^^^^ not found in this scope
[INFO] [stdout] 
[INFO] [stdout] 
[INFO] [stdout] error[E0425]: cannot find value `PEOPLES_IDS` in this scope
[INFO] [stdout]   --> src/serve/tests/requests/update/rel/normal_rel.rs:51:9
[INFO] [stdout]    |
[INFO] [stdout] 51 |         PEOPLES_IDS[0]
[INFO] [stdout]    |         ^^^^^^^^^^^ not found in this scope
[INFO] [stdout] 
[INFO] [stdout] 
[INFO] [stdout] error[E0425]: cannot find value `PEOPLES_IDS` in this scope
[INFO] [stdout]   --> src/serve/tests/requests/update/rel/normal_rel.rs:57:36
[INFO] [stdout]    |
[INFO] [stdout] 57 |             "id": format!("{},{}", PEOPLES_IDS[0], ARTICLES_IDS[0])
[INFO] [stdout]    |                                    ^^^^^^^^^^^ not found in this scope
[INFO] [stdout] 
[INFO] [stdout] 
[INFO] [stdout] error[E0425]: cannot find value `ARTICLES_IDS` in this scope
[INFO] [stdout]   --> src/serve/tests/requests/update/rel/normal_rel.rs:57:52
[INFO] [stdout]    |
[INFO] [stdout] 57 |             "id": format!("{},{}", PEOPLES_IDS[0], ARTICLES_IDS[0])
[INFO] [stdout]    |                                                    ^^^^^^^^^^^^ not found in this scope
[INFO] [stdout] 
[INFO] [stdout] 
[INFO] [stdout] error[E0425]: cannot find value `FAVORITE_COLOR_IDS` in this scope
[INFO] [stdout]  --> src/serve/tests/requests/update/rel/path.rs:8:19
[INFO] [stdout]   |
[INFO] [stdout] 8 |             "id": FAVORITE_COLOR_IDS[1]
[INFO] [stdout]   |                   ^^^^^^^^^^^^^^^^^^ not found in this scope
[INFO] [stdout] 
[INFO] [stdout] 
[INFO] [stdout] error[E0425]: cannot find value `PEOPLES_IDS` in this scope
[INFO] [stdout]   --> src/serve/tests/requests/update/rel/path.rs:26:9
[INFO] [stdout]    |
[INFO] [stdout] 26 |         PEOPLES_IDS[0].to_string()
[INFO] [stdout]    |         ^^^^^^^^^^^ not found in this scope
[INFO] [stdout] 
[INFO] [stdout] 
[INFO] [stdout] error[E0425]: cannot find value `PEOPLES_IDS` in this scope
[INFO] [stdout]   --> src/serve/tests/requests/update/rel/path.rs:35:43
[INFO] [stdout]    |
[INFO] [stdout] 35 |     format!("/public__favorite_color/{}", PEOPLES_IDS[0].to_string()),
[INFO] [stdout]    |                                           ^^^^^^^^^^^ not found in this scope
[INFO] [stdout] 
[INFO] [stdout] 
[INFO] [stdout] error[E0425]: cannot find value `FAVORITE_COLOR_IDS` in this scope
[INFO] [stdout]  --> src/serve/tests/requests/update/rel/sort.rs:8:19
[INFO] [stdout]   |
[INFO] [stdout] 8 |             "id": FAVORITE_COLOR_IDS[1]
[INFO] [stdout]   |                   ^^^^^^^^^^^^^^^^^^ not found in this scope
[INFO] [stdout] 
[INFO] [stdout] 
[INFO] [stdout] error[E0425]: cannot find value `PEOPLES_IDS` in this scope
[INFO] [stdout]   --> src/serve/tests/requests/update/rel/sort.rs:18:9
[INFO] [stdout]    |
[INFO] [stdout] 18 |         PEOPLES_IDS[0]
[INFO] [stdout]    |         ^^^^^^^^^^^ not found in this scope
[INFO] [stdout] 
[INFO] [stdout] 
[INFO] [stdout] error[E0425]: cannot find value `FAVORITE_COLOR_IDS` in this scope
[INFO] [stdout]  --> src/serve/tests/requests/update/rel/sparse.rs:8:19
[INFO] [stdout]   |
[INFO] [stdout] 8 |             "id": FAVORITE_COLOR_IDS[1]
[INFO] [stdout]   |                   ^^^^^^^^^^^^^^^^^^ not found in this scope
[INFO] [stdout] 
[INFO] [stdout] 
[INFO] [stdout] error[E0425]: cannot find value `PEOPLES_IDS` in this scope
[INFO] [stdout]   --> src/serve/tests/requests/update/rel/sparse.rs:18:9
[INFO] [stdout]    |
[INFO] [stdout] 18 |         PEOPLES_IDS[0]
[INFO] [stdout]    |         ^^^^^^^^^^^ not found in this scope
[INFO] [stdout] 
[INFO] [stdout] 
[INFO] [stdout] error[E0425]: cannot find value `PEOPLES_IDS` in this scope
[INFO] [stdout]   --> src/serve/tests/requests/update/rel/sparse.rs:29:9
[INFO] [stdout]    |
[INFO] [stdout] 29 |         PEOPLES_IDS[0]
[INFO] [stdout]    |         ^^^^^^^^^^^ not found in this scope
[INFO] [stdout] 
[INFO] [stdout] 
[INFO] [stdout] error[E0425]: cannot find value `PEOPLES_IDS` in this scope
[INFO] [stdout]   --> src/serve/tests/requests/update/rel/sparse.rs:40:9
[INFO] [stdout]    |
[INFO] [stdout] 40 |         PEOPLES_IDS[0]
[INFO] [stdout]    |         ^^^^^^^^^^^ not found in this scope
[INFO] [stdout] 
[INFO] [stdout] 
[INFO] [stdout] error[E0425]: cannot find value `PEOPLES_IDS` in this scope
[INFO] [stdout]   --> src/serve/tests/requests/update/rel/sparse.rs:51:9
[INFO] [stdout]    |
[INFO] [stdout] 51 |         PEOPLES_IDS[0]
[INFO] [stdout]    |         ^^^^^^^^^^^ not found in this scope
[INFO] [stdout] 
[INFO] [stdout] 
[INFO] [stdout] warning: field `config` is never read
[INFO] [stdout]   --> src/basiliq_store/store/mod.rs:47:16
[INFO] [stdout]    |
[INFO] [stdout] 44 | pub struct BasiliqStore {
[INFO] [stdout]    |            ------------ field in this struct
[INFO] [stdout] ...
[INFO] [stdout] 47 |     pub(crate) config: BasiliqStoreConfig,
[INFO] [stdout]    |                ^^^^^^
[INFO] [stdout]    |
[INFO] [stdout]    = note: `BasiliqStore` has derived impls for the traits `Clone` and `Debug`, but these are intentionally ignored during dead code analysis
[INFO] [stdout]    = note: `#[warn(dead_code)]` on by default
[INFO] [stdout] 
[INFO] [stdout] 
[INFO] [stdout] warning: 1 warning emitted
[INFO] [stdout] 
[INFO] [stdout] 
[INFO] [stdout] error: aborting due to 334 previous errors
[INFO] [stdout] 
[INFO] [stdout] 
[INFO] [stdout] Some errors have detailed explanations: E0425, E0432.
[INFO] [stdout] 
[INFO] [stdout] For more information about an error, try `rustc --explain E0425`.
[INFO] [stdout] 
[INFO] [stderr] error: could not compile `basiliq` (bin "basiliq" test) due to 335 previous errors
[INFO] running `Command { std: "docker" "inspect" "76800c9db4cb33ab8e4f4138eedcab582b60936464548b2054c2b3c36d009549", kill_on_drop: false }`
[INFO] running `Command { std: "docker" "rm" "-f" "76800c9db4cb33ab8e4f4138eedcab582b60936464548b2054c2b3c36d009549", kill_on_drop: false }`
[INFO] [stdout] 76800c9db4cb33ab8e4f4138eedcab582b60936464548b2054c2b3c36d009549
